10-28 15:11:03.221  2542  2559 I TestRunner: started: generate(com.ustadmobile.app_android_baselineprofile.BaselineProfileGenerator)
10-28 15:11:03.245  2542  2561 V UiAutomation: Init UiAutomation@7a7a2e3[id=1, flags=0]
10-28 15:11:03.247  2542  2559 I UiAutomationShellCmd: Requesting permission: pm grant com.ustadmobile.app_android_baselineprofile android.permission.READ_EXTERNAL_STORAGE
10-28 15:11:03.247  2542  2559 W UiAutomation: UiAutomation.grantRuntimePermission() is more robust and should be used instead of 'pm grant'
10-28 15:11:03.275  1493  1584 I MediaProvider: Invalidating LocalCallingIdentity cache for package com.ustadmobile.app_android_baselineprofile. Reason: op android:read_external_storage
10-28 15:11:03.277  2542  2559 I UiAutomationShellCmd: Requesting permission: pm grant com.ustadmobile.app_android_baselineprofile android.permission.WRITE_EXTERNAL_STORAGE
10-28 15:11:03.277  2542  2559 W UiAutomation: UiAutomation.grantRuntimePermission() is more robust and should be used instead of 'pm grant'
10-28 15:11:03.299  1493  1584 I MediaProvider: Invalidating LocalCallingIdentity cache for package com.ustadmobile.app_android_baselineprofile. Reason: op android:read_external_storage
10-28 15:11:03.352  2542  2559 D Benchmark: additionalTestOutputDir=/sdcard/Android/media/com.ustadmobile.app_android_baselineprofile/additional_test_output
10-28 15:11:03.376  2542  2559 I UiDevice: Creating a new instance, old instance exists: false
10-28 15:11:03.377  2542  2559 D UiDevice: Setting accessibility service flags: 65618
10-28 15:11:03.383  2542  2559 D UiDevice: Turning on screen.
10-28 15:11:03.503  2542  2559 D Benchmark: Usable output directory: /storage/emulated/0/Android/media/com.ustadmobile.app_android_baselineprofile
10-28 15:11:03.503  2542  2559 D Benchmark: Output Directory: /sdcard/Android/media/com.ustadmobile.app_android_baselineprofile/additional_test_output
10-28 15:11:03.572  1493  1680 W MediaProvider: isAppCloneUserPair for user 0: false
10-28 15:11:03.574  1493  1680 V MediaProvider: Inserted id:1000000019 less than next row id backup:1000001000.
10-28 15:11:03.599  1493  1676 W MediaProvider: isAppCloneUserPair for user 0: false
10-28 15:11:03.600  1493  1676 V MediaProvider: Inserted id:1000000020 less than next row id backup:1000001000.
10-28 15:11:03.716  1493  1676 I MediaProvider: Deleted 1 0 0 0 0 0 0 items on external_primary due to com.ustadmobile.app_android_baselineprofile
10-28 15:11:03.860  1493  1876 D CompatibilityChangeReporter: Compat change id reported: 183155436; UID 10119; state: ENABLED
10-28 15:11:03.862  1493  1876 I MediaProvider: Invalidating LocalCallingIdentity cache for package com.ustadmobile.app_android_baselineprofile. Reason: owned_database_row_deleted:/storage/emulated/0/Android/media/com.ustadmobile.app_android_baselineprofile/temporaryScript997903759831941716.tmp
10-28 15:11:03.866  1493  1876 I MediaProvider: Deleted 1 0 0 0 0 0 0 items on external_primary due to com.android.shell
10-28 15:11:03.867  2542  2559 D Benchmark: Killing process org.kaisipan.mobile
10-28 15:11:03.867  2542  2559 D UiDevice: Executing shell command: killall org.kaisipan.mobile
10-28 15:11:03.888  2542  2559 D Benchmark: Resetting compiled state for org.kaisipan.mobile for stable profiles.
10-28 15:11:03.888  2542  2559 D Benchmark: Resetting org.kaisipan.mobile
10-28 15:11:03.888  2542  2559 D Benchmark: Re-compiling org.kaisipan.mobile
10-28 15:11:03.892  1493  1876 W MediaProvider: isAppCloneUserPair for user 0: false
10-28 15:11:03.892  1493  1876 V MediaProvider: Inserted id:1000000021 less than next row id backup:1000001000.
10-28 15:11:03.931   584  1871 I PackageDexOptimizer: Running dexopt (dexoptNeeded=-3) on: /data/app/~~EFLmwlxs6fLx-EpFxvJ9lg==/org.kaisipan.mobile-TVisp_8JWhaVjfznyxZtdQ==/base.apk pkg=org.kaisipan.mobile isa=x86_64 dexoptFlags=boot_complete,profile_guided,force,enable_hidden_api_checks targetFilter=speed-profile oatDir=/data/app/~~EFLmwlxs6fLx-EpFxvJ9lg==/org.kaisipan.mobile-TVisp_8JWhaVjfznyxZtdQ==/oat classLoaderContext=PCL[]{PCL[/system_ext/framework/androidx.window.extensions.jar]#PCL[/system_ext/framework/androidx.window.sidecar.jar]}
10-28 15:11:03.932   489   515 V installd: DexInv: --- BEGIN '/data/app/~~EFLmwlxs6fLx-EpFxvJ9lg==/org.kaisipan.mobile-TVisp_8JWhaVjfznyxZtdQ==/base.apk' ---
10-28 15:11:03.932   489   515 V installd: Running /apex/com.android.art/bin/dex2oat64 in=base.apk out=/data/app/~~EFLmwlxs6fLx-EpFxvJ9lg==/org.kaisipan.mobile-TVisp_8JWhaVjfznyxZtdQ==/oat/x86_64/base.odex
10-28 15:11:03.946  2614  2614 W dex2oat64: Unexpected CPU variant for x86: x86_64.
10-28 15:11:03.946  2614  2614 W dex2oat64: Known variants: atom, sandybridge, silvermont, kabylake, default
10-28 15:11:03.948  2614  2614 W dex2oat64: Mismatch between dex2oat instruction set features to use (ISA: X86_64 Feature string: -ssse3,-sse4.1,-sse4.2,-avx,-avx2,-popcnt) and those from CPP defines (ISA: X86_64 Feature string: ssse3,sse4.1,sse4.2,-avx,-avx2,popcnt) for the command line:
10-28 15:11:03.948  2614  2614 W dex2oat64: /apex/com.android.art/bin/dex2oat64 --zip-fd=8 --zip-location=base.apk --oat-fd=9 --oat-location=/data/app/~~EFLmwlxs6fLx-EpFxvJ9lg==/org.kaisipan.mobile-TVisp_8JWhaVjfznyxZtdQ==/oat/x86_64/base.odex --input-vdex-fd=11 --output-vdex-fd=10 --app-image-fd=14 --image-format=lz4 --profile-file-fd=13 --swap-fd=12 --classpath-dir=/data/app/~~EFLmwlxs6fLx-EpFxvJ9lg==/org.kaisipan.mobile-TVisp_8JWhaVjfznyxZtdQ== --class-loader-context=PCL[]{PCL[/system_ext/framework/androidx.window.extensions.jar]#PCL[/system_ext/framework/androidx.window.sidecar.jar]} --instruction-set=x86_64 --instruction-set-features=default --instruction-set-variant=x86_64 --compiler-filter=speed-profile --compilation-reason=cmdline --max-image-block-size=524288 --resolve-startup-const-strings=true --generate-mini-debug-info --runtime-arg -Xtarget-sdk-version:34 --runtime-arg -Xhidden-api-policy:enabled --runtime-arg -Xms64m --runtime-arg -Xmx512m
10-28 15:11:03.948  2614  2614 I dex2oat64: /apex/com.android.art/bin/dex2oat64 --input-vdex-fd=11 --output-vdex-fd=10 --profile-file-fd=13 --classpath-dir=/data/app/~~EFLmwlxs6fLx-EpFxvJ9lg==/org.kaisipan.mobile-TVisp_8JWhaVjfznyxZtdQ== --class-loader-context=PCL[]{PCL[/system_ext/framework/androidx.window.extensions.jar]#PCL[/system_ext/framework/androidx.window.sidecar.jar]} --compiler-filter=speed-profile --compilation-reason=cmdline --max-image-block-size=524288 --resolve-startup-const-strings=true --generate-mini-debug-info
10-28 15:11:08.860  2542  2616 D ProfileInstaller: Installing profile for com.ustadmobile.app_android_baselineprofile
10-28 15:11:12.814  2614  2614 I dex2oat64: Explicit concurrent copying GC freed 206443(33MB) AllocSpace objects, 0(0B) LOS objects, 99% free, 6872B/1542KB, paused 28us,6us total 5.432ms
10-28 15:11:12.974  2614  2614 I dex2oat64: dex2oat took 9.029s (6.826s cpu) (threads: 4) arena alloc=0B (0B) java alloc=6872B (6872B) native alloc=3862KB (3955264B) free=153MB (160752720B)
10-28 15:11:13.023   489   515 V installd: DexInv: --- END '/data/app/~~EFLmwlxs6fLx-EpFxvJ9lg==/org.kaisipan.mobile-TVisp_8JWhaVjfznyxZtdQ==/base.apk' (success) ---
10-28 15:11:13.208  2542  2559 D Benchmark: Profile Installer - Skip File Operation: WRITE_SKIP_FILE
10-28 15:11:13.338   372   372 D Zygote  : Forked child process 2633
10-28 15:11:13.362  2633  2633 W kaisipan.mobile: Unexpected CPU variant for x86: x86_64.
10-28 15:11:13.362  2633  2633 W kaisipan.mobile: Known variants: atom, sandybridge, silvermont, kabylake, default
10-28 15:11:13.389   465   488 I adbd    : jdwp connection from 2633
10-28 15:11:13.419  2633  2633 D CompatibilityChangeReporter: Compat change id reported: 171979766; UID 10126; state: ENABLED
10-28 15:11:13.454  2633  2633 V GraphicsEnvironment: ANGLE Developer option for 'org.kaisipan.mobile' set to: 'default'
10-28 15:11:13.455  2633  2633 V GraphicsEnvironment: ANGLE GameManagerService for org.kaisipan.mobile: false
10-28 15:11:13.455  2633  2633 V GraphicsEnvironment: Neither updatable production driver nor prerelease driver is supported.
10-28 15:11:13.456  2633  2633 D NetworkSecurityConfig: No Network Security Config specified, using platform default
10-28 15:11:13.456  2633  2633 D NetworkSecurityConfig: No Network Security Config specified, using platform default
10-28 15:11:13.483  2633  2633 I ACRA    : ACRA is enabled for org.kaisipan.mobile, initializing...
10-28 15:11:13.590  2633  2633 D WM-WrkMgrInitializer: Initializing WorkManager with default configuration.
10-28 15:11:13.592  2633  2633 W kaisipan.mobile: Accessing hidden field Ljava/util/Collections$SynchronizedCollection;->mutex:Ljava/lang/Object; (max-target-o, reflection, denied)
10-28 15:11:13.592  2633  2633 W kaisipan.mobile: Accessing hidden method Ljava/util/Collections$SynchronizedSet;-><init>(Ljava/util/Set;Ljava/lang/Object;)V (max-target-o, reflection, denied)
10-28 15:11:13.592  2633  2633 W kaisipan.mobile: Accessing hidden method Ljava/util/Collections$SynchronizedCollection;-><init>(Ljava/util/Collection;Ljava/lang/Object;)V (max-target-o, reflection, denied)
10-28 15:11:13.595  2633  2633 D WM-PackageManagerHelper: androidx.work.impl.background.systemjob.SystemJobService enabled
10-28 15:11:13.595  2633  2633 D WM-Schedulers: Created SystemJobScheduler and enabled SystemJobService
10-28 15:11:13.629  2633  2633 D ProfileInstaller: RESULT_INSTALL_SKIP_FILE_SUCCESS
10-28 15:11:13.634  2542  2559 D Benchmark: Killing process org.kaisipan.mobile
10-28 15:11:13.634  2542  2559 D Benchmark: Killing process org.kaisipan.mobile
10-28 15:11:13.634  2542  2559 D UiDevice: Executing shell command: killall org.kaisipan.mobile
10-28 15:11:13.649  2633  2652 D TrafficStats: tagSocket(72) with statsTag=0xffffffff, statsUid=-1
10-28 15:11:13.661  2542  2559 D UiDevice: Pressing home button.
10-28 15:11:13.703  2633  2651 D CompatibilityChangeReporter: Compat change id reported: 160794467; UID 10126; state: ENABLED
10-28 15:11:13.779   862   862 V ShadeControllerImpl: NotificationShadeWindow: com.android.systemui.shade.NotificationShadeWindowView{86d7116 I.E...... ......ID 0,0-320,640} canPanelBeCollapsed(): false
10-28 15:11:13.786  1339  1339 D TaplTarget: Launcher.onNewIntent: Intent { act=android.intent.action.MAIN cat=[android.intent.category.HOME] flg=0x10000100 cmp=com.android.launcher3/.uioverrides.QuickstepLauncher (has extras) }
10-28 15:11:13.797   862   862 V ShadeControllerImpl: NotificationShadeWindow: com.android.systemui.shade.NotificationShadeWindowView{86d7116 I.E...... ......ID 0,0-320,640} canPanelBeCollapsed(): false
10-28 15:11:14.598  1036  1036 V MediaPlayerList: mPackageChangedBroadcastReceiver: action: android.intent.action.PACKAGE_CHANGED
10-28 15:11:14.598  1036  1036 D MediaPlayerList: Name of package changed: org.kaisipan.mobile
10-28 15:11:14.602   584   676 I RoleService: Granting default roles...
10-28 15:11:14.615   584   684 I InputReader: Reconfiguring input devices, changes=KEYBOARD_LAYOUTS |
10-28 15:11:14.615   870  2472 W Role    : Cannot get ApplicationInfo for default holder: com.google.android.contacts
10-28 15:11:14.627   870   899 I PermissionControllerServiceImpl: Updating user sensitive for uid 10126
10-28 15:11:14.629  1069  1069 D CarrierSvcBindHelper: onPackageModified: org.kaisipan.mobile
10-28 15:11:14.629  1069  1069 D CarrierSvcBindHelper: No carrier app for: 0
10-28 15:11:14.641  1069  1069 D ImsResolver: maybeAddedImsService, packageName: org.kaisipan.mobile
10-28 15:11:14.677  1339  1562 D EGL_emulation: app_time_stats: avg=7069.37ms min=119.10ms max=14019.63ms count=2
10-28 15:11:14.763  2542  2559 W InteractionController: Timed out waiting 1000ms for command and events.
10-28 15:11:14.832  1493  1680 W MediaProvider: isAppCloneUserPair for user 0: false
10-28 15:11:14.833  1493  1680 V MediaProvider: Inserted id:1000000022 less than next row id backup:1000001000.
10-28 15:11:14.986  2542  2559 D Benchmark: Starting activity with command: am start  -W "intent:#Intent;action=android.intent.action.MAIN;category=android.intent.category.LAUNCHER;launchFlags=0x10008000;package=org.kaisipan.mobile;component=org.kaisipan.mobile/com.ustadmobile.port.android.view.AppActivity;end"
10-28 15:11:14.989  1493  1676 W MediaProvider: isAppCloneUserPair for user 0: false
10-28 15:11:14.990  1493  1676 V MediaProvider: Inserted id:1000000023 less than next row id backup:1000001000.
10-28 15:11:15.057   862   919 D SplashScreenView: Build android.window.SplashScreenView{e73d309 V.E...... ......ID 0,0-0,0}
10-28 15:11:15.057   862   919 D SplashScreenView: Icon: view: android.widget.ImageView{393c90e V.ED..... ......I. 0,0-0,0 #10204dc android:id/splashscreen_icon_view} drawable: com.android.wm.shell.startingsurface.SplashscreenIconDrawableFactory$ImmobileIconDrawable@c030f2f size: 192
10-28 15:11:15.057   862   919 D SplashScreenView: Branding: view: android.view.View{947f93c G.ED..... ......I. 0,0-0,0 #10204db android:id/splashscreen_branding_view} drawable: null size w: 0 h: 0
10-28 15:11:15.087   424   424 I BpBinder: onLastStrongRef automatically unlinking death recipients: <uncached descriptor>
10-28 15:11:15.087  2633  2691 D libEGL  : loaded /vendor/lib64/egl/libEGL_emulation.so
10-28 15:11:15.090  2633  2691 D libEGL  : loaded /vendor/lib64/egl/libGLESv1_CM_emulation.so
10-28 15:11:15.093  2633  2691 D libEGL  : loaded /vendor/lib64/egl/libGLESv2_emulation.so
10-28 15:11:15.100  2633  2694 W AppLocalesStorageHelper: Reading app Locales : Locales record file not found: androidx.appcompat.app.AppCompatDelegate.application_locales_record_file
10-28 15:11:15.160  2633  2633 W CustomTabsClient: Unable to find any Custom Tabs packages, you may need to add a <queries> element to your manifest. See the docs for CustomTabsClient#getPackageName.
10-28 15:11:15.164  2633  2633 W AppActivity$bindCustomTabsService: CustomTabs: Service NOT supported
10-28 15:11:15.181   862  1304 W Parcel  : Expecting binder but got null!
10-28 15:11:15.282  2633  2633 W OnBackInvokedCallback: OnBackInvokedCallback is not enabled for the application.
10-28 15:11:15.282  2633  2633 W OnBackInvokedCallback: Set 'android:enableOnBackInvokedCallback="true"' in the application manifest.
10-28 15:11:15.330   584   947 D ConnectivityService: requestNetwork for uid/pid:10126/2633 activeRequest: null callbackRequest: 44 [NetworkRequest [ REQUEST id=45, [ Capabilities: INTERNET&NOT_RESTRICTED&TRUSTED&NOT_VCN_MANAGED Uid: 10126 RequestorUid: 10126 RequestorPkg: org.kaisipan.mobile UnderlyingNetworks: Null] ]] callback flags: 0 order: 2147483647
10-28 15:11:15.332   584   808 D ConnectivityService: NetReassign [45 : null → 100]
10-28 15:11:15.333   584   801 D WifiNetworkFactory: got request NetworkRequest [ REQUEST id=45, [ Capabilities: INTERNET&NOT_RESTRICTED&TRUSTED&NOT_VCN_MANAGED Uid: 10126 RequestorUid: 10126 RequestorPkg: org.kaisipan.mobile UnderlyingNetworks: Null] ]
10-28 15:11:15.333   584   801 D UntrustedWifiNetworkFactory: got request NetworkRequest [ REQUEST id=45, [ Capabilities: INTERNET&NOT_RESTRICTED&TRUSTED&NOT_VCN_MANAGED Uid: 10126 RequestorUid: 10126 RequestorPkg: org.kaisipan.mobile UnderlyingNetworks: Null] ]
10-28 15:11:15.333   584   801 D OemPaidWifiNetworkFactory: got request NetworkRequest [ REQUEST id=45, [ Capabilities: INTERNET&NOT_RESTRICTED&TRUSTED&NOT_VCN_MANAGED Uid: 10126 RequestorUid: 10126 RequestorPkg: org.kaisipan.mobile UnderlyingNetworks: Null] ]
10-28 15:11:15.333   584   801 D MultiInternetWifiNetworkFactory: got request NetworkRequest [ REQUEST id=45, [ Capabilities: INTERNET&NOT_RESTRICTED&TRUSTED&NOT_VCN_MANAGED Uid: 10126 RequestorUid: 10126 RequestorPkg: org.kaisipan.mobile UnderlyingNetworks: Null] ]
10-28 15:11:15.379  2633  2633 I MigrateIssue: Creating database name=oer_kaisipan_org_v2_
10-28 15:11:15.410  2633  2633 I MigrateIssue: Database built: name=oer_kaisipan_org_v2_
10-28 15:11:15.474   424   563 W ServiceManager: Permission failure: android.permission.ACCESS_SURFACE_FLINGER from uid=10126 pid=2633
10-28 15:11:15.474   424   563 D PermissionCache: checking android.permission.ACCESS_SURFACE_FLINGER for uid=10126 => denied (306 us)
10-28 15:11:15.474   424   462 W ServiceManager: Permission failure: android.permission.ACCESS_SURFACE_FLINGER from uid=10126 pid=0
10-28 15:11:15.474   424   462 D PermissionCache: checking android.permission.ACCESS_SURFACE_FLINGER for uid=10126 => denied (1015 us)
10-28 15:11:15.474   424   563 W ServiceManager: Permission failure: android.permission.ROTATE_SURFACE_FLINGER from uid=10126 pid=2633
10-28 15:11:15.474   424   563 D PermissionCache: checking android.permission.ROTATE_SURFACE_FLINGER for uid=10126 => denied (72 us)
10-28 15:11:15.474   424   563 W ServiceManager: Permission failure: android.permission.INTERNAL_SYSTEM_WINDOW from uid=10126 pid=2633
10-28 15:11:15.474   424   563 D PermissionCache: checking android.permission.INTERNAL_SYSTEM_WINDOW for uid=10126 => denied (83 us)
10-28 15:11:15.475   424   462 W ServiceManager: Permission failure: android.permission.ROTATE_SURFACE_FLINGER from uid=10126 pid=0
10-28 15:11:15.475   424   462 D PermissionCache: checking android.permission.ROTATE_SURFACE_FLINGER for uid=10126 => denied (1016 us)
10-28 15:11:15.497  2633  2690 D HostConnection: HostComposition ext ANDROID_EMU_CHECKSUM_HELPER_v1 ANDROID_EMU_native_sync_v2 ANDROID_EMU_dma_v1 ANDROID_EMU_direct_mem ANDROID_EMU_host_composition_v1 ANDROID_EMU_host_composition_v2 ANDROID_EMU_vulkan ANDROID_EMU_deferred_vulkan_commands ANDROID_EMU_vulkan_null_optional_strings ANDROID_EMU_vulkan_create_resources_with_requirements ANDROID_EMU_YUV_Cache ANDROID_EMU_vulkan_ignored_handles ANDROID_EMU_has_shared_slots_host_memory_allocator ANDROID_EMU_vulkan_free_memory_sync ANDROID_EMU_vulkan_shader_float16_int8 ANDROID_EMU_vulkan_async_queue_submit ANDROID_EMU_vulkan_queue_submit_with_commands ANDROID_EMU_vulkan_batched_descriptor_set_update ANDROID_EMU_sync_buffer_data ANDROID_EMU_vulkan_async_qsri ANDROID_EMU_read_color_buffer_dma ANDROID_EMU_hwc_multi_configs GL_OES_EGL_image_external_essl3 GL_OES_vertex_array_object GL_KHR_texture_compression_astc_ldr ANDROID_EMU_host_side_tracing ANDROID_EMU_gles_max_version_3_0
10-28 15:11:15.510  2633  2690 W OpenGLRenderer: Failed to initialize 101010-2 format, error = EGL_SUCCESS
10-28 15:11:15.510   424   463 W TransactionTracing: Could not find layer handle 0x706935034bb0
10-28 15:11:15.510   424   463 W TransactionTracing: Could not find layer handle 0x706935038390
10-28 15:11:15.512  2633  2690 D EGL_emulation: eglCreateContext: 0x736868fa7790: maj 3 min 0 rcv 3
10-28 15:11:15.515   862  1304 D EGL_emulation: app_time_stats: avg=15481.65ms min=15481.65ms max=15481.65ms count=1
10-28 15:11:15.530  2633  2690 D EGL_emulation: eglMakeCurrent: 0x736868fa7790: ver 3 0 (tinfo 0x736a89d70080) (first time)
10-28 15:11:15.550   213   213 I hwservicemanager: getTransport: Cannot find entry android.hardware.graphics.mapper@4.0::IMapper/default in either framework or device VINTF manifest.
10-28 15:11:15.551  2633  2690 I Gralloc4: mapper 4.x is not supported
10-28 15:11:15.720   213   213 I hwservicemanager: getTransport: Cannot find entry android.hardware.graphics.allocator@4.0::IAllocator/default in either framework or device VINTF manifest.
10-28 15:11:15.723   212   212 I servicemanager: Could not find android.hardware.graphics.allocator.IAllocator/default in the VINTF manifest.
10-28 15:11:15.723  2633  2690 W Gralloc4: allocator 4.x is not supported
10-28 15:11:15.762  2633  2690 D HostConnection: HostComposition ext ANDROID_EMU_CHECKSUM_HELPER_v1 ANDROID_EMU_native_sync_v2 ANDROID_EMU_dma_v1 ANDROID_EMU_direct_mem ANDROID_EMU_host_composition_v1 ANDROID_EMU_host_composition_v2 ANDROID_EMU_vulkan ANDROID_EMU_deferred_vulkan_commands ANDROID_EMU_vulkan_null_optional_strings ANDROID_EMU_vulkan_create_resources_with_requirements ANDROID_EMU_YUV_Cache ANDROID_EMU_vulkan_ignored_handles ANDROID_EMU_has_shared_slots_host_memory_allocator ANDROID_EMU_vulkan_free_memory_sync ANDROID_EMU_vulkan_shader_float16_int8 ANDROID_EMU_vulkan_async_queue_submit ANDROID_EMU_vulkan_queue_submit_with_commands ANDROID_EMU_vulkan_batched_descriptor_set_update ANDROID_EMU_sync_buffer_data ANDROID_EMU_vulkan_async_qsri ANDROID_EMU_read_color_buffer_dma ANDROID_EMU_hwc_multi_configs GL_OES_EGL_image_external_essl3 GL_OES_vertex_array_object GL_KHR_texture_compression_astc_ldr ANDROID_EMU_host_side_tracing ANDROID_EMU_gles_max_version_3_0
10-28 15:11:15.923  2633  2690 W Parcel  : Expecting binder but got null!
10-28 15:11:15.924  2633  2648 I OpenGLRenderer: Davey! duration=728ms; Flags=1, FrameTimelineVsyncId=2529, IntendedVsync=282050351749, Vsync=282050351749, InputEventId=0, HandleInputStart=282052077299, AnimationStart=282052078229, PerformTraversalsStart=282052078379, DrawStart=282628369989, FrameDeadline=282067018415, FrameInterval=282052073219, FrameStartTime=16666666, SyncQueued=282637042271, SyncStart=282640466672, IssueDrawCommandsStart=282642138242, SwapBuffers=282642956243, FrameCompleted=282782052261, DequeueBufferDuration=3230, QueueBufferDuration=256780, GpuCompleted=282781999821, SwapBuffersCompleted=282782052261, DisplayPresentTime=13597866462301, CommandSubmissionCompleted=282642956243,
10-28 15:11:15.944   584   604 I ActivityTaskManager: Displayed org.kaisipan.mobile/com.ustadmobile.port.android.view.AppActivity: +909ms
10-28 15:11:15.952  2633  2633 I Choreographer: Skipped 44 frames!  The application may be doing too much work on its main thread.
10-28 15:11:15.957  2633  2633 W kaisipan.mobile: Method boolean androidx.compose.runtime.snapshots.SnapshotStateList.conditionalUpdate(boolean, kotlin.jvm.functions.Function1) failed lock verification and will run slower.
10-28 15:11:15.957  2633  2633 W kaisipan.mobile: Common causes for lock verification issues are non-optimized dex code
10-28 15:11:15.957  2633  2633 W kaisipan.mobile: and incorrect proguard optimizations.
10-28 15:11:15.957  2633  2633 W kaisipan.mobile: Method boolean androidx.compose.runtime.snapshots.SnapshotStateList.conditionalUpdate$default(androidx.compose.runtime.snapshots.SnapshotStateList, boolean, kotlin.jvm.functions.Function1, int, java.lang.Object) failed lock verification and will run slower.
10-28 15:11:15.957  2633  2633 W kaisipan.mobile: Method java.lang.Object androidx.compose.runtime.snapshots.SnapshotStateList.mutate(kotlin.jvm.functions.Function1) failed lock verification and will run slower.
10-28 15:11:15.957  2633  2633 W kaisipan.mobile: Method void androidx.compose.runtime.snapshots.SnapshotStateList.update(boolean, kotlin.jvm.functions.Function1) failed lock verification and will run slower.
10-28 15:11:15.957  2633  2633 W kaisipan.mobile: Method void androidx.compose.runtime.snapshots.SnapshotStateList.update$default(androidx.compose.runtime.snapshots.SnapshotStateList, boolean, kotlin.jvm.functions.Function1, int, java.lang.Object) failed lock verification and will run slower.
10-28 15:11:15.971  2633  2633 D UstadViewModelFunKt$ustadViewModel$viewModel$invoke: ustadViewModel(): create viewmodel for: com.ustadmobile.core.viewmodel.redirect.RedirectViewModel
10-28 15:11:15.972  2633  2633 I System.out: com.ustadmobile.core.db.UmAppDatabase_DoorWrapper@229d481
10-28 15:11:15.975  2542  2559 D Benchmark: Result: Starting: Intent { act=android.intent.action.MAIN cat=[android.intent.category.LAUNCHER] flg=0x10008000 pkg=org.kaisipan.mobile cmp=org.kaisipan.mobile/com.ustadmobile.port.android.view.AppActivity }
10-28 15:11:15.975  2542  2559 D Benchmark: Status: ok
10-28 15:11:15.975  2542  2559 D Benchmark: LaunchState: WARM
10-28 15:11:15.975  2542  2559 D Benchmark: Activity: org.kaisipan.mobile/com.ustadmobile.port.android.view.AppActivity
10-28 15:11:15.975  2542  2559 D Benchmark: TotalTime: 909
10-28 15:11:15.975  2542  2559 D Benchmark: WaitTime: 911
10-28 15:11:15.975  2542  2559 D Benchmark: Complete
10-28 15:11:15.989  2633  2648 I OpenGLRenderer: Davey! duration=778ms; Flags=0, FrameTimelineVsyncId=2551, IntendedVsync=282067018415, Vsync=282800351719, InputEventId=0, HandleInputStart=282815990131, AnimationStart=282815990751, PerformTraversalsStart=282842014938, DrawStart=282842082978, FrameDeadline=282800351719, FrameInterval=282815916681, FrameStartTime=16666666, SyncQueued=282843781958, SyncStart=282843833698, IssueDrawCommandsStart=282843865378, SwapBuffers=282843987099, FrameCompleted=282845913599, DequeueBufferDuration=4320, QueueBufferDuration=779170, GpuCompleted=282845835779, SwapBuffersCompleted=282845913599, DisplayPresentTime=14723147894111, CommandSubmissionCompleted=282843987099,
10-28 15:11:15.995  2633  2633 D UstadNavControllerPreCompose$onCollectNavCommand: NavCommandEffect: Navigate: Go to Onboarding
10-28 15:11:16.003   424   463 W TransactionTracing: Could not find layer handle 0x706935039470
10-28 15:11:16.009  2633  2633 D UstadViewModelFunKt$ustadViewModel$viewModel$invoke: ustadViewModel(): create viewmodel for: com.ustadmobile.core.viewmodel.OnBoardingViewModel
10-28 15:11:16.016  1493  1876 W MediaProvider: isAppCloneUserPair for user 0: false
10-28 15:11:16.017  1493  1876 V MediaProvider: Inserted id:1000000024 less than next row id backup:1000001000.
10-28 15:11:16.073  2633  2633 D CompatibilityChangeReporter: Compat change id reported: 171228096; UID 10126; state: ENABLED
10-28 15:11:16.169   584   676 I RoleService: Granting default roles...
10-28 15:11:16.178  1036  1036 V MediaPlayerList: mPackageChangedBroadcastReceiver: action: android.intent.action.PACKAGE_CHANGED
10-28 15:11:16.179  1036  1036 D MediaPlayerList: Name of package changed: org.kaisipan.mobile
10-28 15:11:16.182   584   684 I InputReader: Reconfiguring input devices, changes=KEYBOARD_LAYOUTS |
10-28 15:11:16.183   870   899 I PermissionControllerServiceImpl: Updating user sensitive for uid 10126
10-28 15:11:16.188  2633  2633 W OnBackInvokedCallback: OnBackInvokedCallback is not enabled for the application.
10-28 15:11:16.188  2633  2633 W OnBackInvokedCallback: Set 'android:enableOnBackInvokedCallback="true"' in the application manifest.
10-28 15:11:16.199   870  2472 W Role    : Cannot get ApplicationInfo for default holder: com.google.android.contacts
10-28 15:11:16.200  1069  1069 D CarrierSvcBindHelper: onPackageModified: org.kaisipan.mobile
10-28 15:11:16.201  1069  1069 D CarrierSvcBindHelper: No carrier app for: 0
10-28 15:11:16.213  1069  1069 D ImsResolver: maybeAddedImsService, packageName: org.kaisipan.mobile
10-28 15:11:16.227  2542  2559 I System.out: 0 Flags,FrameTimelineVsyncId,IntendedVsync,Vsync,InputEventId,HandleInputStart,AnimationStart,PerformTraversalsStart,DrawStart,FrameDeadline,FrameInterval,FrameStartTime,SyncQueued,SyncStart,IssueDrawCommandsStart,SwapBuffers,FrameCompleted,DequeueBufferDuration,QueueBufferDuration,GpuCompleted,SwapBuffersCompleted,DisplayPresentTime,CommandSubmissionCompleted,
10-28 15:11:16.227  2542  2559 I System.out: 1 1,2529,282050351749,282050351749,0,282052077299,282052078229,282052078379,282628369989,282067018415,282052073219,16666666,282637042271,282640466672,282642138242,282642956243,282782052261,3230,256780,282781999821,282782052261,13597866462301,282642956243,
10-28 15:11:16.227  2542  2559 I System.out: 2 0,2551,282067018415,282800351719,0,282815990131,282815990751,282842014938,282842082978,282800351719,282815916681,16666666,282843781958,282843833698,282843865378,282843987099,282845913599,4320,779170,282845835779,282845913599,14723147894111,282843987099,
10-28 15:11:16.227  2542  2559 I System.out: 3 0,2814,282850351717,282850351717,0,282862954894,282862955364,282964073752,282964111242,282867018383,282862952374,16666666,283016729486,283016788807,283016854147,283016952117,283018687857,3380,163030,283018340187,283018687857,16209206578855,283016952117,
10-28 15:11:16.227  2542  2559 I System.out: 4 0,2836,282867018383,283017018377,0,283022728378,283022729048,283043722894,283043752694,282883685049,283022725358,16666666,283047145495,283050185066,283050239826,283050328416,17910013628416,2520,229340,18451179507911,283051019766,18670222840016,283050328416,
10-28 15:11:16.231  2542  2559 D UiDevice: Waiting 10000ms for SearchCondition[hasObject=BySelector [TEXT='\QGet Started\E']].
10-28 15:11:16.236  2542  2559 D UiDevice: Searching for node with selector: BySelector [TEXT='\QGet Started\E'].
10-28 15:11:16.350   584  2417 W InputManager-JNI: Input channel object '27228bf Splash Screen org.kaisipan.mobile (client)' was disposed without first being removed with the input manager!
10-28 15:11:16.424   862   918 W FrameTracker: Missed App frame:UNKNOWN: 24, 2763, 0, CUJ=J<SPLASHSCREEN_EXIT_ANIM>
10-28 15:11:16.424   862   918 W FrameTracker: Missed SF frame:UNKNOWN: 24, 2763, 0, CUJ=J<SPLASHSCREEN_EXIT_ANIM>
10-28 15:11:16.424   862   918 W FrameTracker: Missing HWUI jank callback for vsyncId: 2763, CUJ=J<SPLASHSCREEN_EXIT_ANIM>
10-28 15:11:16.424   862   918 W FrameTracker: Missed SF frame:UNKNOWN: 80, 2785, 0, CUJ=J<SPLASHSCREEN_EXIT_ANIM>
10-28 15:11:16.424   862   918 W FrameTracker: Missing HWUI jank callback for vsyncId: 2785, CUJ=J<SPLASHSCREEN_EXIT_ANIM>
10-28 15:11:16.424   862   918 W FrameTracker: Missed SF frame:UNKNOWN: 80, 2807, 36727573, CUJ=J<SPLASHSCREEN_EXIT_ANIM>
10-28 15:11:16.424   862   918 W FrameTracker: Missed SF frame:UNKNOWN: 80, 2829, 36707752, CUJ=J<SPLASHSCREEN_EXIT_ANIM>
10-28 15:11:16.424   862   918 W FrameTracker: Missed SF frame:UNKNOWN: 80, 2858, 36788251, CUJ=J<SPLASHSCREEN_EXIT_ANIM>
10-28 15:11:16.424   862   918 W FrameTracker: Missed SF frame:UNKNOWN: 80, 2873, 36692709, CUJ=J<SPLASHSCREEN_EXIT_ANIM>
10-28 15:11:16.424   862   918 W FrameTracker: Missed App frame:UNKNOWN: 88, 2888, 206444865, CUJ=J<SPLASHSCREEN_EXIT_ANIM>
10-28 15:11:16.424   862   918 W FrameTracker: Missed SF frame:UNKNOWN: 88, 2888, 206444865, CUJ=J<SPLASHSCREEN_EXIT_ANIM>
10-28 15:11:16.424   862   918 W FrameTracker: Missed SF frame:UNKNOWN: 80, 2903, 0, CUJ=J<SPLASHSCREEN_EXIT_ANIM>
10-28 15:11:16.424   862   918 W FrameTracker: Missing HWUI jank callback for vsyncId: 2903, CUJ=J<SPLASHSCREEN_EXIT_ANIM>
10-28 15:11:16.424   862   918 W FrameTracker: Missed SF frame:UNKNOWN: 66, 2918, 0, CUJ=J<SPLASHSCREEN_EXIT_ANIM>
10-28 15:11:16.424   862   918 W FrameTracker: Missing HWUI jank callback for vsyncId: 2918, CUJ=J<SPLASHSCREEN_EXIT_ANIM>
10-28 15:11:16.424   862   918 W FrameTracker: Missed SF frame:UNKNOWN: 80, 2957, 41677002, CUJ=J<SPLASHSCREEN_EXIT_ANIM>
10-28 15:11:16.426   862   907 V PerfettoTrigger: Not triggering com.android.telemetry.interaction-jank-monitor-39 - not enough time since last trigger
10-28 15:11:16.443   424   463 W TransactionTracing: Could not find layer handle 0x706935034a30
10-28 15:11:16.524   424   463 W TransactionTracing: Could not find layer handle 0x706935038150
10-28 15:11:16.524   424   463 W TransactionTracing: Could not find layer handle 0x7069350383f0
10-28 15:11:16.524   424   463 W TransactionTracing: Could not find layer handle 0x706935036710
10-28 15:11:16.524   424   463 W TransactionTracing: Could not find layer handle 0x706935036710
10-28 15:11:16.524   424   463 W TransactionTracing: Could not find layer handle 0x7069350383f0
10-28 15:11:16.528   862  1304 D EGL_emulation: app_time_stats: avg=90.58ms min=12.75ms max=252.16ms count=11
10-28 15:11:17.123  2633  2690 D EGL_emulation: app_time_stats: avg=301.36ms min=32.41ms max=936.47ms count=4
10-28 15:11:17.142  2633  2633 I Choreographer: Skipped 53 frames!  The application may be doing too much work on its main thread.
10-28 15:11:17.158  2633  2647 I OpenGLRenderer: Davey! duration=953ms; Flags=0, FrameTimelineVsyncId=2926, IntendedVsync=283033685043, Vsync=283050351709, InputEventId=0, HandleInputStart=283052988287, AnimationStart=283052988917, PerformTraversalsStart=283055913187, DrawStart=283055941867, FrameDeadline=283083685041, FrameInterval=283052985177, FrameStartTime=16666666, SyncQueued=283066717460, SyncStart=283066754630, IssueDrawCommandsStart=283066859760, SwapBuffers=283752748481, FrameCompleted=283987635356, DequeueBufferDuration=8670, QueueBufferDuration=9282852, GpuCompleted=283987449906, SwapBuffersCompleted=283987635356, DisplayPresentTime=24854975747713, CommandSubmissionCompleted=283752748481,
10-28 15:11:17.234  2633  2730 I OpenGLRenderer: Davey! duration=962ms; Flags=0, FrameTimelineVsyncId=2949, IntendedVsync=283117018373, Vsync=284000351671, InputEventId=0, HandleInputStart=284006172881, AnimationStart=284006173281, PerformTraversalsStart=284030811668, DrawStart=284030852768, FrameDeadline=284050351669, FrameInterval=284006118271, FrameStartTime=16666666, SyncQueued=284048104473, SyncStart=284048192033, IssueDrawCommandsStart=284048332163, SwapBuffers=284048933613, FrameCompleted=284079440082, DequeueBufferDuration=3100, QueueBufferDuration=140290, GpuCompleted=284079440082, SwapBuffersCompleted=284050020443, DisplayPresentTime=34213709487896, CommandSubmissionCompleted=284048933613,
10-28 15:11:18.262  2542  2559 D UiDevice: Retrieving node with selector: BySelector [TEXT='\QGet Started\E'].
10-28 15:11:18.327  2542  2559 W baselineprofile: Accessing hidden method Landroid/view/MotionEvent;->setDisplayId(I)V (blocked,test-api, reflection, allowed)
10-28 15:11:18.337  2542  2559 D UiObject2: Clicking on (160, 592).
10-28 15:11:18.337  2542  2559 W UiObject2: Clicking on non-clickable object: android.view.accessibility.AccessibilityNodeInfo@9460; boundsInParent: Rect(0, 0 - 0, 0); boundsInScreen: Rect(122, 582 - 198, 602); packageName: org.kaisipan.mobile; className: android.widget.TextView; text: Get Started; error: null; maxTextLength: -1; stateDescription: null; contentDescription: null; tooltipText: null; viewIdResName: null; uniqueId: null; checkable: false; checked: false; focusable: false; focused: false; selected: false; clickable: false; longClickable: false; contextClickable: false; enabled: true; password: false; scrollable: false; importantForAccessibility: true; visible: true; actions: [AccessibilityAction: ACTION_NEXT_AT_MOVEMENT_GRANULARITY - null, AccessibilityAction: ACTION_PREVIOUS_AT_MOVEMENT_GRANULARITY - null, AccessibilityAction: ACTION_ACCESSIBILITY_FOCUS - null, AccessibilityAction: ACTION_SET_SELECTION - null]; isTextSelectable: false
10-28 15:11:18.376  2633  2633 D UstadNavControllerPreCompose$onCollectNavCommand: NavCommandEffect: Navigate: Go to
10-28 15:11:18.395  2542  2559 W GestureController: Gestures took longer than expected (58ms >> 16ms), device might be in a busy state.
10-28 15:11:18.403  2633  2633 D UstadViewModelFunKt$ustadViewModel$viewModel$invoke: ustadViewModel(): create viewmodel for: com.ustadmobile.core.viewmodel.redirect.RedirectViewModel
10-28 15:11:18.406  2633  2633 I System.out: com.ustadmobile.core.db.UmAppDatabase_DoorWrapper@229d481
10-28 15:11:18.433  2633  2633 D UstadNavControllerPreCompose$onCollectNavCommand: NavCommandEffect: Navigate: Go to Login
10-28 15:11:18.454  2633  2633 D UstadViewModelFunKt$ustadViewModel$viewModel$invoke: ustadViewModel(): create viewmodel for: com.ustadmobile.core.viewmodel.login.LoginViewModel
10-28 15:11:18.553  2633  2633 W System.err: SLF4J: Failed to load class "org.slf4j.impl.StaticLoggerBinder".
10-28 15:11:18.553  2633  2633 W System.err: SLF4J: Defaulting to no-operation (NOP) logger implementation
10-28 15:11:18.553  2633  2633 W System.err: SLF4J: See http://www.slf4j.org/codes.html#StaticLoggerBinder for further details.
10-28 15:11:18.618  2633  2744 V UstadCache: OKHttp-CacheInterceptor:  intercept: GET https://oer.kaisipan.org/v2/Site/verify
10-28 15:11:18.619  2633  2744 I UstadCache: UstadCache(): Retrieve https://oer.kaisipan.org/v2/Site/verify
10-28 15:11:18.717  2633  2744 D UstadCache: UstadCache(): MISS https://oer.kaisipan.org/v2/Site/verify
10-28 15:11:18.769  2633  2744 D TrafficStats: tagSocket(123) with statsTag=0xffffffff, statsUid=-1
10-28 15:11:18.823  2633  2690 D EGL_emulation: app_time_stats: avg=420.61ms min=17.84ms max=1585.91ms count=4
10-28 15:11:18.945  2633  2744 D UstadCache: OKHttp-CacheInterceptor:  newCacheAndStoreResponse: GET https://oer.kaisipan.org/v2/Site/verify 200 ()
10-28 15:11:18.968  2633  2744 D UstadCache: OKHttp-CacheInterceptor:  MISS https://oer.kaisipan.org/v2/Site/verify 200  (contentType=application/json; charset=UTF-8, content-encoding=null content-length=177)
10-28 15:11:18.988  2633  2754 D UstadCache: UstadCache(): storerequest 1 entries
10-28 15:11:18.991  2633  2754 V UstadCache: UstadCache(): copied request data for https://oer.kaisipan.org/v2/Site/verify to /data/user/0/org.kaisipan.mobile/files/httpfiles/tmpwork/1.tmp (integrity=sha256-+Gj5X+R/uXuHkt8sVDRb99IojGPQMF8H9XLmkpGzlgU=)
10-28 15:11:18.991  2633  2754 V UstadCache: UstadCache(): cacheEntries created 1 entries
10-28 15:11:18.994  2633  2754 D UstadCache: UstadCache(): deleting 0 tmp files
10-28 15:11:18.994  2633  2754 D UstadCache: UstadCache(): db transaction completed
10-28 15:11:19.306  2633  2756 D ProfileInstaller: Skipping profile installation for org.kaisipan.mobile
10-28 15:11:21.440  1318  2069 I Dialer  : OmtpVvmCarrierCfgHlpr - OmtpEvent:CONFIG_STATUS_SMS_TIME_OUT
10-28 15:11:21.441  1318  1318 I Dialer  : RetryPolicy - discarding deferred status: configuration_state=4
10-28 15:11:21.441  1318  1318 I Dialer  : VvmTaskExecutor - no more tasks, stopping service if no task are added in 5000 millis
10-28 15:11:21.443  1318  1318 I Dialer  : VvmTaskReceiver - task received
10-28 15:11:21.443  1318  1318 I Dialer  : VvmTaskReceiver - TaskExecutor already running
10-28 15:11:21.443  1318  1318 I Dialer  : Task.createTask - create task:com.android.voicemail.impl.ActivationTask
10-28 15:11:21.444  1318  1318 I Dialer  : RetryPolicy - retry #4 for com.android.voicemail.impl.ActivationTask@63052d0 queued, executing in 5000
10-28 15:11:21.444  1318  1318 I Dialer  : VvmTaskExecutor - com.android.voicemail.impl.ActivationTask@63052d0 added
10-28 15:11:21.444  1318  1318 I Dialer  : VvmTaskExecutor - minimal wait time:5000
10-28 15:11:21.444  1318  1318 I Dialer  : VvmTaskExecutor - sleep for 5000 millis
10-28 15:11:23.397  2542  2559 D Benchmark: Profile Installer - Save Profile
10-28 15:11:23.440  2633  2633 I Process : Sending signal. PID: 2633 SIG: 10
10-28 15:11:23.440  2633  2633 D ProfileInstaller:
10-28 15:11:23.441  2633  2638 I kaisipan.mobile: Thread[3,tid=2638,WaitingInMainSignalCatcherLoop,Thread*=0x736948fad6f0,peer=0x12c40320,"Signal Catcher"]: reacting to signal 10
10-28 15:11:23.441  2633  2638 I kaisipan.mobile:
10-28 15:11:23.441  2633  2638 I kaisipan.mobile: SIGUSR1 forcing GC (no HPROF) and profile save
10-28 15:11:23.535  2633  2638 I kaisipan.mobile: Explicit concurrent copying GC freed 261535(11MB) AllocSpace objects, 38(2556KB) LOS objects, 49% free, 7547KB/14MB, paused 111us,60us total 94.004ms
10-28 15:11:23.538  2633  2644 W System  : A resource failed to call close.
10-28 15:11:23.944  2542  2559 D Benchmark: Killing process org.kaisipan.mobile
10-28 15:11:23.945  2542  2559 D UiDevice: Executing shell command: killall org.kaisipan.mobile
10-28 15:11:23.973  1493  1680 W MediaProvider: isAppCloneUserPair for user 0: false
10-28 15:11:23.976  1493  1680 V MediaProvider: Inserted id:1000000025 less than next row id backup:1000001000.
10-28 15:11:24.031   584  2417 I PackageDexOptimizer: Running dexopt (dexoptNeeded=-3) on: /data/app/~~EFLmwlxs6fLx-EpFxvJ9lg==/org.kaisipan.mobile-TVisp_8JWhaVjfznyxZtdQ==/base.apk pkg=org.kaisipan.mobile isa=x86_64 dexoptFlags=boot_complete,profile_guided,force,enable_hidden_api_checks targetFilter=speed-profile oatDir=/data/app/~~EFLmwlxs6fLx-EpFxvJ9lg==/org.kaisipan.mobile-TVisp_8JWhaVjfznyxZtdQ==/oat classLoaderContext=PCL[]{PCL[/system_ext/framework/androidx.window.extensions.jar]#PCL[/system_ext/framework/androidx.window.sidecar.jar]}
10-28 15:11:24.033   489   515 V installd: DexInv: --- BEGIN '/data/app/~~EFLmwlxs6fLx-EpFxvJ9lg==/org.kaisipan.mobile-TVisp_8JWhaVjfznyxZtdQ==/base.apk' ---
10-28 15:11:24.033   489   515 V installd: Running /apex/com.android.art/bin/dex2oat64 in=base.apk out=/data/app/~~EFLmwlxs6fLx-EpFxvJ9lg==/org.kaisipan.mobile-TVisp_8JWhaVjfznyxZtdQ==/oat/x86_64/base.odex
10-28 15:11:24.058  2775  2775 W dex2oat64: Unexpected CPU variant for x86: x86_64.
10-28 15:11:24.058  2775  2775 W dex2oat64: Known variants: atom, sandybridge, silvermont, kabylake, default
10-28 15:11:24.059  2775  2775 W dex2oat64: Mismatch between dex2oat instruction set features to use (ISA: X86_64 Feature string: -ssse3,-sse4.1,-sse4.2,-avx,-avx2,-popcnt) and those from CPP defines (ISA: X86_64 Feature string: ssse3,sse4.1,sse4.2,-avx,-avx2,popcnt) for the command line:
10-28 15:11:24.059  2775  2775 W dex2oat64: /apex/com.android.art/bin/dex2oat64 --zip-fd=8 --zip-location=base.apk --oat-fd=9 --oat-location=/data/app/~~EFLmwlxs6fLx-EpFxvJ9lg==/org.kaisipan.mobile-TVisp_8JWhaVjfznyxZtdQ==/oat/x86_64/base.odex --input-vdex-fd=11 --output-vdex-fd=10 --app-image-fd=14 --image-format=lz4 --profile-file-fd=13 --swap-fd=12 --classpath-dir=/data/app/~~EFLmwlxs6fLx-EpFxvJ9lg==/org.kaisipan.mobile-TVisp_8JWhaVjfznyxZtdQ== --class-loader-context=PCL[]{PCL[/system_ext/framework/androidx.window.extensions.jar]#PCL[/system_ext/framework/androidx.window.sidecar.jar]} --instruction-set=x86_64 --instruction-set-features=default --instruction-set-variant=x86_64 --compiler-filter=speed-profile --compilation-reason=cmdline --max-image-block-size=524288 --resolve-startup-const-strings=true --generate-mini-debug-info --runtime-arg -Xtarget-sdk-version:34 --runtime-arg -Xhidden-api-policy:enabled --runtime-arg -Xms64m --runtime-arg -Xmx512m
10-28 15:11:24.064  2775  2775 I dex2oat64: /apex/com.android.art/bin/dex2oat64 --input-vdex-fd=11 --output-vdex-fd=10 --profile-file-fd=13 --classpath-dir=/data/app/~~EFLmwlxs6fLx-EpFxvJ9lg==/org.kaisipan.mobile-TVisp_8JWhaVjfznyxZtdQ== --class-loader-context=PCL[]{PCL[/system_ext/framework/androidx.window.extensions.jar]#PCL[/system_ext/framework/androidx.window.sidecar.jar]} --compiler-filter=speed-profile --compilation-reason=cmdline --max-image-block-size=524288 --resolve-startup-const-strings=true --generate-mini-debug-info
10-28 15:11:26.447  1318  2069 I Dialer  : VvmTaskExecutor - executing task com.android.voicemail.impl.ActivationTask@63052d0
10-28 15:11:26.448  1318  2069 I Dialer  : PreOMigrationHandler - ComponentInfo{com.android.phone/com.android.services.telephony.TelephonyConnectionService}, 1, UserHandle{0} already migrated
10-28 15:11:26.462  1625  2366 I VoicemailNotifier: receivers for android.intent.action.PROVIDER_CHANGED :[]
10-28 15:11:26.463  1318  2069 I Dialer  : VvmActivationTask - VVM content provider configured - vvm_type_cvvm
10-28 15:11:26.463  1318  2069 I Dialer  : OmtpVvmCarrierCfgHlpr - OmtpEvent:CONFIG_ACTIVATING
10-28 15:11:26.465  1625  2366 I VoicemailNotifier: receivers for android.intent.action.PROVIDER_CHANGED :[]
10-28 15:11:26.469  1069  1229 D SmsNumberUtils: enter filterDestAddr. destAddr="[BajqU4K5_YhSYbs-7QUn0dOwcmI]"
10-28 15:11:26.470  1069  1229 D SmsNumberUtils: destAddr is not formatted.
10-28 15:11:26.470  1069  1229 D SmsNumberUtils: leave filterDestAddr, new destAddr="[BajqU4K5_YhSYbs-7QUn0dOwcmI]"
10-28 15:11:29.020  2775  2775 W dex2oat64: Accessing hidden method Landroid/window/BackEvent;->getProgress()F (blocked, linking, denied)
10-28 15:11:29.021  2775  2775 W dex2oat64: Accessing hidden method Landroid/window/BackEvent;->getSwipeEdge()I (blocked, linking, denied)
10-28 15:11:29.021  2775  2775 W dex2oat64: Accessing hidden method Landroid/window/BackEvent;->getTouchX()F (blocked, linking, denied)
10-28 15:11:29.021  2775  2775 W dex2oat64: Accessing hidden method Landroid/window/BackEvent;->getTouchY()F (blocked, linking, denied)
10-28 15:11:29.406  2775  2775 W dex2oat64: Method java.lang.Object androidx.compose.runtime.snapshots.SnapshotStateMap.mutate(kotlin.jvm.functions.Function1) failed lock verification and will run slower.
10-28 15:11:29.406  2775  2775 W dex2oat64: Common causes for lock verification issues are non-optimized dex code
10-28 15:11:29.406  2775  2775 W dex2oat64: and incorrect proguard optimizations.
10-28 15:11:29.406  2775  2775 W dex2oat64: Method void androidx.compose.runtime.snapshots.SnapshotStateMap.update(kotlin.jvm.functions.Function1) failed lock verification and will run slower.
10-28 15:11:29.416  2775  2775 W dex2oat64: Method boolean androidx.compose.runtime.snapshots.SnapshotStateMap.removeIf$runtime_release(kotlin.jvm.functions.Function1) failed lock verification and will run slower.
10-28 15:11:29.434  2775  2778 W dex2oat64: Method boolean androidx.compose.runtime.snapshots.SnapshotStateList.conditionalUpdate(boolean, kotlin.jvm.functions.Function1) failed lock verification and will run slower.
10-28 15:11:29.435  2775  2778 W dex2oat64: Method boolean androidx.compose.runtime.snapshots.SnapshotStateList.conditionalUpdate$default(androidx.compose.runtime.snapshots.SnapshotStateList, boolean, kotlin.jvm.functions.Function1, int, java.lang.Object) failed lock verification and will run slower.
10-28 15:11:29.435  2775  2778 W dex2oat64: Method java.lang.Object androidx.compose.runtime.snapshots.SnapshotStateList.mutate(kotlin.jvm.functions.Function1) failed lock verification and will run slower.
10-28 15:11:29.436  2775  2778 W dex2oat64: Method void androidx.compose.runtime.snapshots.SnapshotStateList.update(boolean, kotlin.jvm.functions.Function1) failed lock verification and will run slower.
10-28 15:11:29.436  2775  2778 W dex2oat64: Method void androidx.compose.runtime.snapshots.SnapshotStateList.update$default(androidx.compose.runtime.snapshots.SnapshotStateList, boolean, kotlin.jvm.functions.Function1, int, java.lang.Object) failed lock verification and will run slower.
10-28 15:11:30.984  2775  2775 I dex2oat64: Explicit concurrent copying GC freed 197117(31MB) AllocSpace objects, 0(0B) LOS objects, 49% free, 2154KB/4309KB, paused 22us,4us total 8.276ms
10-28 15:11:31.367  2775  2775 I dex2oat64: dex2oat took 7.310s (11.705s cpu) (threads: 4) arena alloc=9693KB (9926432B) java alloc=2154KB (2206680B) native alloc=22MB (23438816B) free=145MB (152728576B)
10-28 15:11:31.426   489   515 V installd: DexInv: --- END '/data/app/~~EFLmwlxs6fLx-EpFxvJ9lg==/org.kaisipan.mobile-TVisp_8JWhaVjfznyxZtdQ==/base.apk' (success) ---
10-28 15:11:31.457  1493  2742 W MediaProvider: isAppCloneUserPair for user 0: false
10-28 15:11:31.458  1493  2742 V MediaProvider: Inserted id:1000000026 less than next row id backup:1000001000.
10-28 15:11:31.869  2795  2795 W profman : profman took 375.167ms
10-28 15:11:31.892  1493  1876 W MediaProvider: isAppCloneUserPair for user 0: false
10-28 15:11:31.893  1493  1876 V MediaProvider: Inserted id:1000000027 less than next row id backup:1000001000.
10-28 15:11:32.019  1493  1676 I MediaProvider: Deleted 0 0 0 0 0 0 0 items on external_primary due to com.ustadmobile.app_android_baselineprofile
10-28 15:11:32.476   862  1304 D EGL_emulation: app_time_stats: avg=1761.85ms min=2.45ms max=15762.32ms count=9
10-28 15:11:32.665  2542  2559 D Benchmark: Killing package org.kaisipan.mobile
10-28 15:11:32.665  2542  2559 D Benchmark: Killing process org.kaisipan.mobile
10-28 15:11:32.665  2542  2559 D UiDevice: Executing shell command: killall org.kaisipan.mobile
10-28 15:11:32.681  2542  2559 D Benchmark: Compile iteration (2) for org.kaisipan.mobile
10-28 15:11:32.955  2542  2559 D UiDevice: Pressing home button.
10-28 15:11:32.989   862   862 V ShadeControllerImpl: NotificationShadeWindow: com.android.systemui.shade.NotificationShadeWindowView{86d7116 I.E...... ......ID 0,0-320,640} canPanelBeCollapsed(): false
10-28 15:11:33.002  1339  1339 D TaplTarget: Launcher.onNewIntent: Intent { act=android.intent.action.MAIN cat=[android.intent.category.HOME] flg=0x10400100 cmp=com.android.launcher3/.uioverrides.QuickstepLauncher (has extras) }
10-28 15:11:33.011   862   862 V ShadeControllerImpl: NotificationShadeWindow: com.android.systemui.shade.NotificationShadeWindowView{86d7116 I.E...... ......ID 0,0-320,640} canPanelBeCollapsed(): false
10-28 15:11:33.020   424   424 I BpBinder: onLastStrongRef automatically unlinking death recipients: <uncached descriptor>
10-28 15:11:33.043   424   463 W TransactionTracing: Could not find layer handle 0x706935037af0
10-28 15:11:33.049   424   461 D PermissionCache: checking android.permission.READ_FRAME_BUFFER for uid=1000 => granted (693 us)
10-28 15:11:33.064  1493  1876 W MediaProvider: isAppCloneUserPair for user 0: false
10-28 15:11:33.065  1493  1876 V MediaProvider: Inserted id:1000000028 less than next row id backup:1000001000.
10-28 15:11:33.071   213   213 I hwservicemanager: getTransport: Cannot find entry android.hardware.graphics.mapper@4.0::IMapper/default in either framework or device VINTF manifest.
10-28 15:11:33.072   584   856 I Gralloc4: mapper 4.x is not supported
10-28 15:11:33.160   584   856 D HostConnection: HostComposition ext ANDROID_EMU_CHECKSUM_HELPER_v1 ANDROID_EMU_native_sync_v2 ANDROID_EMU_dma_v1 ANDROID_EMU_direct_mem ANDROID_EMU_host_composition_v1 ANDROID_EMU_host_composition_v2 ANDROID_EMU_vulkan ANDROID_EMU_deferred_vulkan_commands ANDROID_EMU_vulkan_null_optional_strings ANDROID_EMU_vulkan_create_resources_with_requirements ANDROID_EMU_YUV_Cache ANDROID_EMU_vulkan_ignored_handles ANDROID_EMU_has_shared_slots_host_memory_allocator ANDROID_EMU_vulkan_free_memory_sync ANDROID_EMU_vulkan_shader_float16_int8 ANDROID_EMU_vulkan_async_queue_submit ANDROID_EMU_vulkan_queue_submit_with_commands ANDROID_EMU_vulkan_batched_descriptor_set_update ANDROID_EMU_sync_buffer_data ANDROID_EMU_vulkan_async_qsri ANDROID_EMU_read_color_buffer_dma ANDROID_EMU_hwc_multi_configs GL_OES_EGL_image_external_essl3 GL_OES_vertex_array_object GL_KHR_texture_compression_astc_ldr ANDROID_EMU_host_side_tracing ANDROID_EMU_gles_max_version_3_0
