10-28 15:14:50.620   424   463 W TransactionTracing: Could not find layer handle 0x706935033dd0
10-28 15:14:50.620   424   463 W TransactionTracing: Could not find layer handle 0x70693503b690
10-28 15:14:50.637   424   463 W TransactionTracing: Could not find layer handle 0x70693503deb0
10-28 15:14:50.637   424   463 W TransactionTracing: Could not find layer handle 0x70693503ab50
10-28 15:14:50.637   424   463 W TransactionTracing: Could not find layer handle 0x706935037cd0
10-28 15:14:50.637   424   463 W TransactionTracing: Could not find layer handle 0x706935033b90
10-28 15:14:50.637   424   463 W TransactionTracing: Could not find layer handle 0x70693503f2f0
10-28 15:14:50.639  1339  1339 W FrameTracker: Missed SF frame:PREDICTION_ERROR, 13238, 4783401, CUJ=J<LAUNCHER_APP_CLOSE_TO_HOME>
10-28 15:14:50.639  1339  1339 W FrameTracker: Missed SF frame:PREDICTION_ERROR, 13282, 4096668, CUJ=J<LAUNCHER_APP_CLOSE_TO_HOME>
10-28 15:14:50.639  1339  1339 W FrameTracker: Missed SF frame:PREDICTION_ERROR, 13354, 5599835, CUJ=J<LAUNCHER_APP_CLOSE_TO_HOME>
10-28 15:14:50.639  1339  1339 W FrameTracker: Missed SF frame:PREDICTION_ERROR, 13383, 4582654, CUJ=J<LAUNCHER_APP_CLOSE_TO_HOME>
10-28 15:14:50.639  1339  1339 W FrameTracker: Missed SF frame:PREDICTION_ERROR, 13433, 5021123, CUJ=J<LAUNCHER_APP_CLOSE_TO_HOME>
10-28 15:14:50.639  1339  1339 W FrameTracker: Missed SF frame:PREDICTION_ERROR, 13476, 3967371, CUJ=J<LAUNCHER_APP_CLOSE_TO_HOME>
10-28 15:14:50.639  1339  1339 W FrameTracker: Missed SF frame:PREDICTION_ERROR, 13505, 4036959, CUJ=J<LAUNCHER_APP_CLOSE_TO_HOME>
10-28 15:14:50.639  1339  1339 W FrameTracker: Missed SF frame:PREDICTION_ERROR, 13548, 5095818, CUJ=J<LAUNCHER_APP_CLOSE_TO_HOME>
10-28 15:14:50.639  1339  1339 W FrameTracker: Missed SF frame:PREDICTION_ERROR, 13584, 4137447, CUJ=J<LAUNCHER_APP_CLOSE_TO_HOME>
10-28 15:14:50.639  1339  1339 W FrameTracker: Missed SF frame:PREDICTION_ERROR, 13692, 4648413, CUJ=J<LAUNCHER_APP_CLOSE_TO_HOME>
10-28 15:14:50.639  1339  1339 W FrameTracker: Missed SF frame:PREDICTION_ERROR, 13800, 5450399, CUJ=J<LAUNCHER_APP_CLOSE_TO_HOME>
10-28 15:14:50.639  1339  1339 W FrameTracker: Missed SF frame:PREDICTION_ERROR, 13858, 5118736, CUJ=J<LAUNCHER_APP_CLOSE_TO_HOME>
10-28 15:14:50.639  1339  1698 V PerfettoTrigger: Not triggering com.android.telemetry.interaction-jank-monitor-9 - not enough time since last trigger
10-28 15:14:50.653   424   463 W TransactionTracing: Could not find layer handle 0x70693503b3f0
10-28 15:14:50.654   424   463 W TransactionTracing: Could not find layer handle 0x70693503aa90
10-28 15:14:50.673   584  1007 W InputManager-JNI: Input channel object '2639106 Splash Screen org.kaisipan.mobile (client)' was disposed without first being removed with the input manager!
10-28 15:14:50.723   862   918 W FrameTracker: Missed SF frame:PREDICTION_ERROR, 13469, 9284852, CUJ=J<SPLASHSCREEN_EXIT_ANIM>
10-28 15:14:50.723   862   918 W FrameTracker: Missing HWUI jank callback for vsyncId: 13541, CUJ=J<SPLASHSCREEN_EXIT_ANIM>
10-28 15:14:50.723   862   918 W FrameTracker: Missed SF frame:PREDICTION_ERROR, 13685, 5143623, CUJ=J<SPLASHSCREEN_EXIT_ANIM>
10-28 15:14:50.723   862   918 W FrameTracker: Missed SF frame:PREDICTION_ERROR, 13822, 4325717, CUJ=J<SPLASHSCREEN_EXIT_ANIM>
10-28 15:14:50.723   862   918 W FrameTracker: Missed SF frame:PREDICTION_ERROR, 13851, 0, CUJ=J<SPLASHSCREEN_EXIT_ANIM>
10-28 15:14:50.723   862   918 W FrameTracker: Missing HWUI jank callback for vsyncId: 13851, CUJ=J<SPLASHSCREEN_EXIT_ANIM>
10-28 15:14:50.723   862   918 W FrameTracker: Missed SF frame:PREDICTION_ERROR, 13878, 3459654, CUJ=J<SPLASHSCREEN_EXIT_ANIM>
10-28 15:14:50.723   862   907 V PerfettoTrigger: Not triggering com.android.telemetry.interaction-jank-monitor-39 - not enough time since last trigger
10-28 15:14:50.854   424   463 W TransactionTracing: Could not find layer handle 0x706935038ff0
10-28 15:14:50.854   424   463 W TransactionTracing: Could not find layer handle 0x70693503f110
10-28 15:14:50.854   424   463 W TransactionTracing: Could not find layer handle 0x70693503abb0
10-28 15:14:50.854   424   463 W TransactionTracing: Could not find layer handle 0x70693503abb0
10-28 15:14:50.854   424   463 W TransactionTracing: Could not find layer handle 0x70693503f110
10-28 15:14:50.976  2542  2559 D UiDevice: Searching for node with selector: BySelector [TEXT='\QGet Started\E'].
10-28 15:14:51.570  2542  2559 D UiDevice: Searching for node with selector: BySelector [TEXT='\QGet Started\E'].
10-28 15:14:51.673  2542  2559 D UiDevice: Searching for node with selector: BySelector [TEXT='\QGet Started\E'].
10-28 15:14:51.775  2542  2559 D UiDevice: Searching for node with selector: BySelector [TEXT='\QGet Started\E'].
10-28 15:14:51.878  2542  2559 D UiDevice: Searching for node with selector: BySelector [TEXT='\QGet Started\E'].
10-28 15:14:51.981  2542  2559 D UiDevice: Searching for node with selector: BySelector [TEXT='\QGet Started\E'].
10-28 15:14:52.084  2542  2559 D UiDevice: Searching for node with selector: BySelector [TEXT='\QGet Started\E'].
10-28 15:14:52.187  2542  2559 D UiDevice: Searching for node with selector: BySelector [TEXT='\QGet Started\E'].
10-28 15:14:52.289  2542  2559 D UiDevice: Searching for node with selector: BySelector [TEXT='\QGet Started\E'].
10-28 15:14:52.392  2542  2559 D UiDevice: Searching for node with selector: BySelector [TEXT='\QGet Started\E'].
10-28 15:14:52.494  2542  2559 D UiDevice: Searching for node with selector: BySelector [TEXT='\QGet Started\E'].
10-28 15:14:52.597  2542  2559 D UiDevice: Searching for node with selector: BySelector [TEXT='\QGet Started\E'].
10-28 15:14:52.700  2542  2559 D UiDevice: Searching for node with selector: BySelector [TEXT='\QGet Started\E'].
10-28 15:14:52.803  2542  2559 D UiDevice: Searching for node with selector: BySelector [TEXT='\QGet Started\E'].
10-28 15:14:52.905  2542  2559 D UiDevice: Searching for node with selector: BySelector [TEXT='\QGet Started\E'].
10-28 15:14:53.008  2542  2559 D UiDevice: Searching for node with selector: BySelector [TEXT='\QGet Started\E'].
10-28 15:14:53.111  2542  2559 D UiDevice: Searching for node with selector: BySelector [TEXT='\QGet Started\E'].
10-28 15:14:53.214  2542  2559 D UiDevice: Searching for node with selector: BySelector [TEXT='\QGet Started\E'].
10-28 15:14:53.316  2542  2559 D UiDevice: Searching for node with selector: BySelector [TEXT='\QGet Started\E'].
10-28 15:14:53.419  2542  2559 D UiDevice: Searching for node with selector: BySelector [TEXT='\QGet Started\E'].
10-28 15:14:53.522  2542  2559 D UiDevice: Searching for node with selector: BySelector [TEXT='\QGet Started\E'].
10-28 15:14:53.625  2542  2559 D UiDevice: Searching for node with selector: BySelector [TEXT='\QGet Started\E'].
10-28 15:14:53.728  2542  2559 D UiDevice: Searching for node with selector: BySelector [TEXT='\QGet Started\E'].
10-28 15:14:53.831  2542  2559 D UiDevice: Searching for node with selector: BySelector [TEXT='\QGet Started\E'].
10-28 15:14:53.934  2542  2559 D UiDevice: Searching for node with selector: BySelector [TEXT='\QGet Started\E'].
10-28 15:14:54.037  2542  2559 D UiDevice: Searching for node with selector: BySelector [TEXT='\QGet Started\E'].
10-28 15:14:54.140  2542  2559 D UiDevice: Searching for node with selector: BySelector [TEXT='\QGet Started\E'].
10-28 15:14:54.242  2542  2559 D UiDevice: Searching for node with selector: BySelector [TEXT='\QGet Started\E'].
10-28 15:14:54.345  2542  2559 D UiDevice: Searching for node with selector: BySelector [TEXT='\QGet Started\E'].
10-28 15:14:54.448  2542  2559 D UiDevice: Searching for node with selector: BySelector [TEXT='\QGet Started\E'].
10-28 15:14:54.551  2542  2559 D UiDevice: Searching for node with selector: BySelector [TEXT='\QGet Started\E'].
10-28 15:14:54.654  2542  2559 D UiDevice: Searching for node with selector: BySelector [TEXT='\QGet Started\E'].
10-28 15:14:54.757  2542  2559 D UiDevice: Searching for node with selector: BySelector [TEXT='\QGet Started\E'].
10-28 15:14:54.859  2542  2559 D UiDevice: Searching for node with selector: BySelector [TEXT='\QGet Started\E'].
10-28 15:14:54.962  2542  2559 D UiDevice: Searching for node with selector: BySelector [TEXT='\QGet Started\E'].
10-28 15:14:55.064  2542  2559 D UiDevice: Searching for node with selector: BySelector [TEXT='\QGet Started\E'].
10-28 15:14:55.167  2542  2559 D UiDevice: Searching for node with selector: BySelector [TEXT='\QGet Started\E'].
10-28 15:14:55.269  2542  2559 D UiDevice: Searching for node with selector: BySelector [TEXT='\QGet Started\E'].
10-28 15:14:55.372  2542  2559 D UiDevice: Searching for node with selector: BySelector [TEXT='\QGet Started\E'].
10-28 15:14:55.475  2542  2559 D UiDevice: Searching for node with selector: BySelector [TEXT='\QGet Started\E'].
10-28 15:14:55.578  2542  2559 D UiDevice: Searching for node with selector: BySelector [TEXT='\QGet Started\E'].
10-28 15:14:55.680  2542  2559 D UiDevice: Searching for node with selector: BySelector [TEXT='\QGet Started\E'].
10-28 15:14:55.783  2542  2559 D UiDevice: Searching for node with selector: BySelector [TEXT='\QGet Started\E'].
10-28 15:14:55.885  2542  2559 D UiDevice: Searching for node with selector: BySelector [TEXT='\QGet Started\E'].
10-28 15:14:55.988  2542  2559 D UiDevice: Searching for node with selector: BySelector [TEXT='\QGet Started\E'].
10-28 15:14:56.091  2542  2559 D UiDevice: Searching for node with selector: BySelector [TEXT='\QGet Started\E'].
10-28 15:14:56.193  2542  2559 D UiDevice: Searching for node with selector: BySelector [TEXT='\QGet Started\E'].
10-28 15:14:56.296  2542  2559 D UiDevice: Searching for node with selector: BySelector [TEXT='\QGet Started\E'].
10-28 15:14:56.399  2542  2559 D UiDevice: Searching for node with selector: BySelector [TEXT='\QGet Started\E'].
10-28 15:14:56.502  2542  2559 D UiDevice: Searching for node with selector: BySelector [TEXT='\QGet Started\E'].
10-28 15:14:56.604  2542  2559 D UiDevice: Searching for node with selector: BySelector [TEXT='\QGet Started\E'].
10-28 15:14:56.707  2542  2559 D UiDevice: Searching for node with selector: BySelector [TEXT='\QGet Started\E'].
10-28 15:14:56.809  2542  2559 D UiDevice: Searching for node with selector: BySelector [TEXT='\QGet Started\E'].
10-28 15:14:56.912  2542  2559 D UiDevice: Searching for node with selector: BySelector [TEXT='\QGet Started\E'].
10-28 15:14:57.015  2542  2559 D UiDevice: Searching for node with selector: BySelector [TEXT='\QGet Started\E'].
10-28 15:14:57.117  2542  2559 D UiDevice: Searching for node with selector: BySelector [TEXT='\QGet Started\E'].
10-28 15:14:57.220  2542  2559 D UiDevice: Searching for node with selector: BySelector [TEXT='\QGet Started\E'].
10-28 15:14:57.323  2542  2559 D UiDevice: Searching for node with selector: BySelector [TEXT='\QGet Started\E'].
10-28 15:14:57.426  2542  2559 D UiDevice: Searching for node with selector: BySelector [TEXT='\QGet Started\E'].
10-28 15:14:57.529  2542  2559 D UiDevice: Searching for node with selector: BySelector [TEXT='\QGet Started\E'].
10-28 15:14:57.631  2542  2559 D UiDevice: Searching for node with selector: BySelector [TEXT='\QGet Started\E'].
10-28 15:14:57.734  2542  2559 D UiDevice: Searching for node with selector: BySelector [TEXT='\QGet Started\E'].
10-28 15:14:57.837  2542  2559 D UiDevice: Searching for node with selector: BySelector [TEXT='\QGet Started\E'].
10-28 15:14:57.939  2542  2559 D UiDevice: Searching for node with selector: BySelector [TEXT='\QGet Started\E'].
10-28 15:14:58.042  2542  2559 D UiDevice: Searching for node with selector: BySelector [TEXT='\QGet Started\E'].
10-28 15:14:58.144  2542  2559 D UiDevice: Searching for node with selector: BySelector [TEXT='\QGet Started\E'].
10-28 15:14:58.247  2542  2559 D UiDevice: Searching for node with selector: BySelector [TEXT='\QGet Started\E'].
10-28 15:14:58.349  2542  2559 D UiDevice: Searching for node with selector: BySelector [TEXT='\QGet Started\E'].
10-28 15:14:58.452  2542  2559 D UiDevice: Searching for node with selector: BySelector [TEXT='\QGet Started\E'].
10-28 15:14:58.554  2542  2559 D UiDevice: Searching for node with selector: BySelector [TEXT='\QGet Started\E'].
10-28 15:14:58.657  2542  2559 D UiDevice: Searching for node with selector: BySelector [TEXT='\QGet Started\E'].
10-28 15:14:58.760  2542  2559 D UiDevice: Searching for node with selector: BySelector [TEXT='\QGet Started\E'].
10-28 15:14:58.863  2542  2559 D UiDevice: Searching for node with selector: BySelector [TEXT='\QGet Started\E'].
10-28 15:14:58.965  2542  2559 D UiDevice: Searching for node with selector: BySelector [TEXT='\QGet Started\E'].
10-28 15:14:59.068  2542  2559 D UiDevice: Searching for node with selector: BySelector [TEXT='\QGet Started\E'].
10-28 15:14:59.171  2542  2559 D UiDevice: Searching for node with selector: BySelector [TEXT='\QGet Started\E'].
10-28 15:14:59.273  2542  2559 D UiDevice: Searching for node with selector: BySelector [TEXT='\QGet Started\E'].
10-28 15:14:59.376  2542  2559 D UiDevice: Searching for node with selector: BySelector [TEXT='\QGet Started\E'].
10-28 15:14:59.479  2542  2559 D UiDevice: Searching for node with selector: BySelector [TEXT='\QGet Started\E'].
10-28 15:14:59.582  2542  2559 D UiDevice: Searching for node with selector: BySelector [TEXT='\QGet Started\E'].
10-28 15:14:59.684  2542  2559 D UiDevice: Searching for node with selector: BySelector [TEXT='\QGet Started\E'].
10-28 15:14:59.787  2542  2559 D UiDevice: Searching for node with selector: BySelector [TEXT='\QGet Started\E'].
10-28 15:14:59.890  2542  2559 D UiDevice: Searching for node with selector: BySelector [TEXT='\QGet Started\E'].
10-28 15:14:59.992  2542  2559 D UiDevice: Searching for node with selector: BySelector [TEXT='\QGet Started\E'].
10-28 15:15:00.008   862  1304 D EGL_emulation: app_time_stats: avg=348.10ms min=12.93ms max=9018.23ms count=28
10-28 15:15:00.095  2542  2559 D UiDevice: Searching for node with selector: BySelector [TEXT='\QGet Started\E'].
10-28 15:15:01.606  2542  2559 D UiDevice: Retrieving node with selector: BySelector [TEXT='\QGet Started\E'].
10-28 15:15:01.610  2542  2559 D UiDevice: Node not found with selector: BySelector [TEXT='\QGet Started\E'].
10-28 15:15:01.994   394   394 E android.hardware.power.stats@1.0-service-mock: Failed to getEnergyData
10-28 15:15:02.094   584   856 D WifiNl80211Manager: Scan result ready event
10-28 15:15:02.094   584   856 D WifiNative: Scan result ready event
10-28 15:15:06.611  2542  2559 D Benchmark: Profile Installer - Save Profile
10-28 15:15:06.646  2633  2633 I Process : Sending signal. PID: 2633 SIG: 10
10-28 15:15:06.646  2633  2633 D ProfileInstaller:
10-28 15:15:06.647  2633  2638 I kaisipan.mobile: Thread[3,tid=2638,WaitingInMainSignalCatcherLoop,Thread*=0x736948fad6f0,peer=0x13781e40,"Signal Catcher"]: reacting to signal 10
10-28 15:15:06.647  2633  2638 I kaisipan.mobile:
10-28 15:15:06.647  2633  2638 I kaisipan.mobile: SIGUSR1 forcing GC (no HPROF) and profile save
10-28 15:15:06.716  2633  2638 I kaisipan.mobile: Explicit concurrent copying GC freed 184269(7067KB) AllocSpace objects, 11(292KB) LOS objects, 49% free, 7931KB/15MB, paused 81us,90us total 69.226ms
10-28 15:15:06.724  2633  2644 W System  : A resource failed to call close.
10-28 15:15:07.151  2542  2559 D Benchmark: Killing process org.kaisipan.mobile
10-28 15:15:07.151  2542  2559 D UiDevice: Executing shell command: killall org.kaisipan.mobile
10-28 15:15:07.179  1493  1876 W MediaProvider: isAppCloneUserPair for user 0: false
10-28 15:15:07.181  1493  1876 V MediaProvider: Inserted id:1000000079 less than next row id backup:1000001000.
10-28 15:15:07.234   584   942 I PackageDexOptimizer: Running dexopt (dexoptNeeded=-3) on: /data/app/~~EFLmwlxs6fLx-EpFxvJ9lg==/org.kaisipan.mobile-TVisp_8JWhaVjfznyxZtdQ==/base.apk pkg=org.kaisipan.mobile isa=x86_64 dexoptFlags=boot_complete,profile_guided,force,enable_hidden_api_checks targetFilter=speed-profile oatDir=/data/app/~~EFLmwlxs6fLx-EpFxvJ9lg==/org.kaisipan.mobile-TVisp_8JWhaVjfznyxZtdQ==/oat classLoaderContext=PCL[]{PCL[/system_ext/framework/androidx.window.extensions.jar]#PCL[/system_ext/framework/androidx.window.sidecar.jar]}
10-28 15:15:07.236   489   515 V installd: DexInv: --- BEGIN '/data/app/~~EFLmwlxs6fLx-EpFxvJ9lg==/org.kaisipan.mobile-TVisp_8JWhaVjfznyxZtdQ==/base.apk' ---
10-28 15:15:07.236   489   515 V installd: Running /apex/com.android.art/bin/dex2oat64 in=base.apk out=/data/app/~~EFLmwlxs6fLx-EpFxvJ9lg==/org.kaisipan.mobile-TVisp_8JWhaVjfznyxZtdQ==/oat/x86_64/base.odex
10-28 15:15:07.250  3800  3800 W dex2oat64: Unexpected CPU variant for x86: x86_64.
10-28 15:15:07.250  3800  3800 W dex2oat64: Known variants: atom, sandybridge, silvermont, kabylake, default
10-28 15:15:07.252  3800  3800 W dex2oat64: Mismatch between dex2oat instruction set features to use (ISA: X86_64 Feature string: -ssse3,-sse4.1,-sse4.2,-avx,-avx2,-popcnt) and those from CPP defines (ISA: X86_64 Feature string: ssse3,sse4.1,sse4.2,-avx,-avx2,popcnt) for the command line:
10-28 15:15:07.252  3800  3800 W dex2oat64: /apex/com.android.art/bin/dex2oat64 --zip-fd=8 --zip-location=base.apk --oat-fd=9 --oat-location=/data/app/~~EFLmwlxs6fLx-EpFxvJ9lg==/org.kaisipan.mobile-TVisp_8JWhaVjfznyxZtdQ==/oat/x86_64/base.odex --input-vdex-fd=11 --output-vdex-fd=10 --app-image-fd=14 --image-format=lz4 --profile-file-fd=13 --swap-fd=12 --classpath-dir=/data/app/~~EFLmwlxs6fLx-EpFxvJ9lg==/org.kaisipan.mobile-TVisp_8JWhaVjfznyxZtdQ== --class-loader-context=PCL[]{PCL[/system_ext/framework/androidx.window.extensions.jar]#PCL[/system_ext/framework/androidx.window.sidecar.jar]} --instruction-set=x86_64 --instruction-set-features=default --instruction-set-variant=x86_64 --compiler-filter=speed-profile --compilation-reason=cmdline --max-image-block-size=524288 --resolve-startup-const-strings=true --generate-mini-debug-info --runtime-arg -Xtarget-sdk-version:34 --runtime-arg -Xhidden-api-policy:enabled --runtime-arg -Xms64m --runtime-arg -Xmx512m
10-28 15:15:07.258  3800  3800 I dex2oat64: /apex/com.android.art/bin/dex2oat64 --input-vdex-fd=11 --output-vdex-fd=10 --profile-file-fd=13 --classpath-dir=/data/app/~~EFLmwlxs6fLx-EpFxvJ9lg==/org.kaisipan.mobile-TVisp_8JWhaVjfznyxZtdQ== --class-loader-context=PCL[]{PCL[/system_ext/framework/androidx.window.extensions.jar]#PCL[/system_ext/framework/androidx.window.sidecar.jar]} --compiler-filter=speed-profile --compilation-reason=cmdline --max-image-block-size=524288 --resolve-startup-const-strings=true --generate-mini-debug-info
10-28 15:15:11.255  3800  3804 W dex2oat64: Accessing hidden method Landroid/window/BackEvent;->getProgress()F (blocked, linking, denied)
10-28 15:15:11.255  3800  3804 W dex2oat64: Accessing hidden method Landroid/window/BackEvent;->getSwipeEdge()I (blocked, linking, denied)
10-28 15:15:11.255  3800  3804 W dex2oat64: Accessing hidden method Landroid/window/BackEvent;->getTouchX()F (blocked, linking, denied)
10-28 15:15:11.255  3800  3804 W dex2oat64: Accessing hidden method Landroid/window/BackEvent;->getTouchY()F (blocked, linking, denied)
10-28 15:15:11.487  3800  3803 W dex2oat64: Method java.lang.Object androidx.compose.runtime.snapshots.SnapshotStateMap.mutate(kotlin.jvm.functions.Function1) failed lock verification and will run slower.
10-28 15:15:11.487  3800  3803 W dex2oat64: Common causes for lock verification issues are non-optimized dex code
10-28 15:15:11.487  3800  3803 W dex2oat64: and incorrect proguard optimizations.
10-28 15:15:11.487  3800  3803 W dex2oat64: Method void androidx.compose.runtime.snapshots.SnapshotStateMap.update(kotlin.jvm.functions.Function1) failed lock verification and will run slower.
10-28 15:15:11.487  3800  3803 W dex2oat64: Method boolean androidx.compose.runtime.snapshots.SnapshotStateMap.removeIf$runtime_release(kotlin.jvm.functions.Function1) failed lock verification and will run slower.
10-28 15:15:11.505  3800  3803 W dex2oat64: Method boolean androidx.compose.runtime.snapshots.SnapshotStateList.conditionalUpdate(boolean, kotlin.jvm.functions.Function1) failed lock verification and will run slower.
10-28 15:15:11.506  3800  3803 W dex2oat64: Method boolean androidx.compose.runtime.snapshots.SnapshotStateList.conditionalUpdate$default(androidx.compose.runtime.snapshots.SnapshotStateList, boolean, kotlin.jvm.functions.Function1, int, java.lang.Object) failed lock verification and will run slower.
10-28 15:15:11.506  3800  3803 W dex2oat64: Method java.lang.Object androidx.compose.runtime.snapshots.SnapshotStateList.mutate(kotlin.jvm.functions.Function1) failed lock verification and will run slower.
10-28 15:15:11.506  3800  3803 W dex2oat64: Method void androidx.compose.runtime.snapshots.SnapshotStateList.update(boolean, kotlin.jvm.functions.Function1) failed lock verification and will run slower.
10-28 15:15:11.506  3800  3803 W dex2oat64: Method void androidx.compose.runtime.snapshots.SnapshotStateList.update$default(androidx.compose.runtime.snapshots.SnapshotStateList, boolean, kotlin.jvm.functions.Function1, int, java.lang.Object) failed lock verification and will run slower.
10-28 15:15:12.456   862  1304 D EGL_emulation: app_time_stats: avg=12448.41ms min=12448.41ms max=12448.41ms count=1
10-28 15:15:12.774  3800  3800 I dex2oat64: Explicit concurrent copying GC freed 197130(31MB) AllocSpace objects, 0(0B) LOS objects, 49% free, 2154KB/4309KB, paused 15us,3us total 7.364ms
10-28 15:15:13.087  3800  3800 I dex2oat64: dex2oat took 5.838s (9.235s cpu) (threads: 4) arena alloc=10229KB (10474848B) java alloc=2154KB (2206680B) native alloc=22MB (23398400B) free=145MB (152767520B)
10-28 15:15:13.114   489   515 V installd: DexInv: --- END '/data/app/~~EFLmwlxs6fLx-EpFxvJ9lg==/org.kaisipan.mobile-TVisp_8JWhaVjfznyxZtdQ==/base.apk' (success) ---
10-28 15:15:13.160  1493  1680 W MediaProvider: isAppCloneUserPair for user 0: false
10-28 15:15:13.161  1493  1680 V MediaProvider: Inserted id:1000000080 less than next row id backup:1000001000.
10-28 15:15:13.539  3820  3820 W profman : profman took 344.430ms
10-28 15:15:13.559  1493  2742 W MediaProvider: isAppCloneUserPair for user 0: false
10-28 15:15:13.559  1493  2742 V MediaProvider: Inserted id:1000000081 less than next row id backup:1000001000.
10-28 15:15:13.929  1493  3492 I MediaProvider: Deleted 0 0 0 0 0 0 0 items on external_primary due to com.ustadmobile.app_android_baselineprofile
10-28 15:15:14.728  2542  2559 D Benchmark: Unstable profiles during iteration 10
10-28 15:15:14.728  2542  2559 D Benchmark: Killing package org.kaisipan.mobile
10-28 15:15:14.728  2542  2559 D Benchmark: Killing process org.kaisipan.mobile
10-28 15:15:14.728  2542  2559 D UiDevice: Executing shell command: killall org.kaisipan.mobile
10-28 15:15:14.741  2542  2559 D Benchmark: Compile iteration (11) for org.kaisipan.mobile
10-28 15:15:14.741  2542  2559 D UiDevice: Pressing home button.
10-28 15:15:14.760   862   862 V ShadeControllerImpl: NotificationShadeWindow: com.android.systemui.shade.NotificationShadeWindowView{86d7116 I.E...... ......ID 0,0-320,640} canPanelBeCollapsed(): false
10-28 15:15:14.765  1339  1339 D TaplTarget: Launcher.onNewIntent: Intent { act=android.intent.action.MAIN cat=[android.intent.category.HOME] flg=0x10400100 cmp=com.android.launcher3/.uioverrides.QuickstepLauncher (has extras) }
10-28 15:15:14.767   862   862 V ShadeControllerImpl: NotificationShadeWindow: com.android.systemui.shade.NotificationShadeWindowView{86d7116 I.E...... ......ID 0,0-320,640} canPanelBeCollapsed(): false
10-28 15:15:14.786   424   424 I BpBinder: onLastStrongRef automatically unlinking death recipients: <uncached descriptor>
10-28 15:15:14.805   424   463 W TransactionTracing: Could not find layer handle 0x706935037a30
10-28 15:15:14.809   862  1304 D EGL_emulation: app_time_stats: avg=2352.70ms min=2352.70ms max=2352.70ms count=1
10-28 15:15:14.810  1493  1876 W MediaProvider: isAppCloneUserPair for user 0: false
10-28 15:15:14.811  1493  1876 V MediaProvider: Inserted id:1000000082 less than next row id backup:1000001000.
10-28 15:15:14.836   424   463 W TransactionTracing: Could not find layer handle 0x706935038db0
10-28 15:15:14.860  2542  2559 I System.out: 0 Flags,FrameTimelineVsyncId,IntendedVsync,Vsync,InputEventId,HandleInputStart,AnimationStart,PerformTraversalsStart,DrawStart,FrameDeadline,FrameInterval,FrameStartTime,SyncQueued,SyncStart,IssueDrawCommandsStart,SwapBuffers,FrameCompleted,DequeueBufferDuration,QueueBufferDuration,GpuCompleted,SwapBuffersCompleted,DisplayPresentTime,CommandSubmissionCompleted,
10-28 15:15:14.860  2542  2559 I System.out: 1 1,13289,497200343143,497217009809,0,497217995575,497217995825,497218092765,497239592071,497217009809,497217994025,16666666,497240215671,497240396671,497240503311,497240693081,497249360423,2320,101870,497249360423,497241208011,-2,497240693081,
10-28 15:15:14.860  2542  2559 I System.out: 2 0,13361,497233676475,497233676475,0,497244354122,497244354452,497248347053,497248368193,497267009807,497244352352,16666666,497248782323,497248816823,497248852273,497248969843,497250496424,2910,100410,497250496424,497249404853,497254662365,497248969843,
10-28 15:15:14.860  2542  2559 I System.out: 3 0,13397,497250343141,497250343141,0,497255059565,497255059875,497279507982,497279532552,497283676473,497255057475,16666666,497290379875,497290569025,497290654815,497290750485,497291378135,2850,171980,497291340655,497291378135,497302411298,497290750485,
10-28 15:15:14.860  2542  2559 I System.out: 4 0,13440,497267009807,497283676473,0,497292808635,497292808975,497304851309,497304873479,497317009805,497292807055,16666666,497312949281,497313004671,497313042811,497313415251,497317098082,1620,75150,497317098082,497314001901,497320352443,497313415251,
10-28 15:15:14.860  2542  2559 I System.out: 5 0,13513,497300343139,497300343139,0,497314563741,497314564021,497315831622,497315848432,497350343137,497314562631,16666666,497316735242,497316753002,497316784882,497317454242,497326986435,2651111,64870,497326986435,497320563663,497335520157,497317454242,
10-28 15:15:14.860  2542  2559 I System.out: 6 0,13555,497317009805,497317009805,0,497321867553,497321868043,497324293864,497324317784,497367009803,497321865523,16666666,497325596054,497325619184,497325699314,497326590665,497335730507,8701222,52870,497333784867,497335730507,497352705262,497326590665,
10-28 15:15:14.860  2542  2559 I System.out: 7 0,13591,497333676471,497333676471,0,497338494398,497338494968,497341346399,497341374149,497383676469,497338491238,16666666,497343433299,497343478159,497343536049,497344335920,497352995472,7914732,89340,497345034940,497352995472,497369296687,497344335920,
10-28 15:15:14.860  2542  2559 I System.out: 8 0,13627,497350343137,497350343137,0,497350573161,497350573491,497355981853,497356012253,497400343135,497350571791,16666666,497357664603,497357967363,497358022593,497359130854,497370056517,10263803,83960,497367161576,497370056517,497387381082,497359130854,
10-28 15:15:14.860  2542  2559 I System.out: 9 0,13663,497367009803,497367009803,0,497367181236,497367181496,497368688486,497368703576,497417009801,497367180276,16666666,497370408587,497370448487,497370523217,497372167397,497388469172,14888054,79760,497373547038,497388469172,497404026806,497372167397,
10-28 15:15:14.860  2542  2559 I System.out: 10 0,13699,497383676469,497383676469,0,497384778321,497384778741,497387400152,497387422042,497433676467,497384776121,16666666,497389193982,497389339182,497389388822,497390326722,497404740416,13177993,145260,497400464605,497404740416,497422302581,497390326722,
10-28 15:15:14.860  2542  2559 I System.out: 11 0,13735,497400343135,497400343135,0,497401275235,497401275525,497412704389,497412727729,497450343133,497401273485,16666666,497415533769,497415587739,497415641199,497416362520,497422510911,5512301,79010,497417181560,497422510911,497438639396,497416362520,
10-28 15:15:14.860  2542  2559 I System.out: 12 0,13771,497417009801,497417009801,0,497417957890,497417958030,497419847141,497419865311,497467009799,497417956700,16666666,497420962331,497422534961,497422579291,497423329202,497438974096,14751744,116670,497433784954,497438974096,497453907510,497423329202,
10-28 15:15:14.860  2542  2559 I System.out: 13 0,13807,497433676467,497433676467,0,497434128155,497434128335,497436459975,497436486905,497483676465,497434126225,16666666,497438088946,497438997356,497439041856,497439721286,497454024960,13276534,89190,497450511569,497454024960,497469242394,497439721286,
10-28 15:15:14.860  2542  2559 I System.out: 14 0,13836,497450343133,497450343133,0,497450888359,497450888609,497455135040,497455166580,497500343131,497450887139,16666666,497456991271,497457029161,497457073231,497457745041,497469738234,11102233,79570,497467108804,497469738234,497486663599,497457745041,
10-28 15:15:14.861  2542  2559 I System.out: 15 0,13865,497467009799,497467009799,0,497467324204,497467324294,497470652325,497470680715,497517009797,497467323604,16666666,497473211725,497473264645,497473330565,497474328266,497486990839,11712583,130890,497483831968,497486990839,497502219653,497474328266,
10-28 15:15:14.861  2542  2559 I System.out: 16 0,13901,497483676465,497483676465,0,497484311418,497484311668,497487186439,497487213539,497533676463,497484310718,16666666,497488736290,497488858510,497488918140,497489763030,497502381933,11811763,107680,497500478863,497502381933,497519769308,497489763030,
10-28 15:15:14.861  2542  2559 I System.out: 17 0,13930,497500343131,497500343131,0,497500513793,497500514203,497502889594,497502918894,497550343129,497500512483,16666666,497504624934,497504730074,497504825104,497506163775,497520652539,13224494,155020,497517199218,497520652539,497536127753,497506163775,
10-28 15:15:14.861  2542  2559 I System.out: 18 0,13959,497517009797,497517009797,0,497517350488,497517350698,497519605878,497519636518,497567009795,497517348868,16666666,497521141099,497521370389,497521426049,497522447519,497536303443,12760054,196870,497533833862,497536303443,497552663787,497522447519,
10-28 15:15:14.861  2542  2559 I System.out: 19 0,13981,497533676463,497533676463,0,497533918052,497533918232,497536844143,497536871703,497583676461,497533915492,16666666,497538598844,497538645854,497538708284,497539562154,497553238408,12622834,209690,497540561554,497553238408,497569167652,497539562154,
10-28 15:15:14.861  2542  2559 I System.out: 20 0,14013,497550343129,497550343129,0,497550943927,497550944157,497552860328,497552886038,497600343127,497550943157,16666666,497554440828,497554502268,497554554598,497555264238,497569221942,12920134,199670,497556254598,497569221942,497585666077,497555264238,
10-28 15:15:14.861  2542  2559 I System.out: 21 0,14032,497567009795,497567009795,0,497567486452,497567486692,497570358842,497570386862,497617009793,497567483972,16666666,497571980683,497572019633,497572069113,497572818413,497586003467,12139024,109780,497583787906,497586003467,497602188801,497572818413,
10-28 15:15:14.861  2542  2559 I System.out: 22 0,14060,497583676461,497583676461,0,497583901656,497583901846,497585302027,497585329277,497633676459,497583899716,16666666,497586426017,497586475977,497586522007,497586782097,497602498161,14223364,159730,497600447651,497602498161,497618116476,497586782097,
10-28 15:15:14.861  2542  2559 I System.out: 23 0,14073,497600343127,497600343127,0,497600526481,497600527091,497601138401,497601160491,497650343125,497600524591,16666666,497602190171,497602529241,497602590401,497602858041,497618367486,14370754,174930,497603925972,497618367486,497634563250,497602858041,
10-28 15:15:14.861  2542  2559 I System.out: 24 0,14085,497617009793,497617009793,0,497617248445,497617248735,497619304246,497619327656,497667009791,497617246325,16666666,497620610296,497620672056,497620733186,497621282347,497635961561,13778904,186760,497622128787,497635961561,497652632195,497621282347,
10-28 15:15:14.861  2542  2559 I System.out: 25 0,14106,497633676459,497633676459,0,497633834700,497633834980,497635392120,497635408380,497683676457,497633833450,16666666,497636386961,497636427751,497636470561,497636915941,497652834935,14941234,183830,497650530485,497652834935,497668968050,497636915941,
10-28 15:15:14.861  2542  2559 I System.out: 26 0,14118,497650343125,497650343125,0,497650601525,497650601955,497651752735,497651782645,497700343123,497650598575,16666666,497653196285,497653232765,497653269515,497653659796,497669133140,14631154,113660,497667124379,497669133140,497685136754,497653659796,
10-28 15:15:14.861  2542  2559 I System.out: 27 0,14129,497667009791,497667009791,0,497667235529,497667236049,497668025430,497668048170,497717009789,497667233829,16666666,497669084770,497669203160,497669248500,497669612660,497685385284,14995824,111500,497683829144,497685385284,497702382689,497669612660,
10-28 15:15:14.861  2542  2559 I System.out: 28 0,14144,497683676457,497683676457,0,497683876994,497683877334,497684250314,497684270684,497733676455,497683875584,16666666,497684310724,497685416964,497685475944,497686008545,497702652679,15720884,247930,497686876935,497702652679,288234774265332736,497686008545,
10-28 15:15:14.861  2542  2559 I System.out: 29 0,14166,497700343123,497700343123,0,497700598059,497700598579,497701188579,497701208859,497750343121,497700595309,16666666,497702722259,497702756719,497702800149,497703177969,497719995594,16068945,100170,497717198753,497719995594,288234774265332736,497703177969,
10-28 15:15:14.861  2542  2559 I System.out: 30 0,14188,497717009789,497717009789,0,497717183533,497717183883,497720155044,497720184904,497767009787,497717181413,16666666,497722348215,497722379515,497722422365,497722752325,497735373148,11645913,81720,497733810928,497735373148,288234774265332736,497722752325,
10-28 15:15:14.861  2542  2559 I System.out: 31 0,14217,497733676455,497733676455,0,497733858708,497733859198,497734863858,497735468818,497783676453,497733857688,16666666,497735565178,497735591888,497735636328,497736021168,497751941573,14773054,147290,497750499152,497751941573,288234774265332736,497736021168,
10-28 15:15:14.862  2542  2559 D Benchmark: Starting activity with command: am start  -W "intent:#Intent;action=android.intent.action.MAIN;category=android.intent.category.LAUNCHER;launchFlags=0x10008000;package=org.kaisipan.mobile;component=org.kaisipan.mobile/com.ustadmobile.port.android.view.AppActivity;end"
10-28 15:15:14.864  1493  2742 W MediaProvider: isAppCloneUserPair for user 0: false
10-28 15:15:14.865  1493  2742 V MediaProvider: Inserted id:1000000083 less than next row id backup:1000001000.
10-28 15:15:14.899   862   919 D SplashScreenView: Build android.window.SplashScreenView{e9d5e2f V.E...... ......ID 0,0-0,0}
10-28 15:15:14.899   862   919 D SplashScreenView: Icon: view: null drawable: null size: 0
10-28 15:15:14.899   862   919 D SplashScreenView: Branding: view: android.view.View{30d9c3c G.ED..... ......I. 0,0-0,0 #10204db android:id/splashscreen_branding_view} drawable: null size w: 0 h: 0
10-28 15:15:14.904  2633  2633 D AppActivity$onDestroy: AppActivity#onDestroy
10-28 15:15:14.906   584   947 W InputManager-JNI: Input channel object '5860351 org.kaisipan.mobile/com.ustadmobile.port.android.view.AppActivity (client)' was disposed without first being removed with the input manager!
10-28 15:15:14.914   862  1304 W Parcel  : Expecting binder but got null!
10-28 15:15:14.920  2633  2633 W CustomTabsClient: Unable to find any Custom Tabs packages, you may need to add a <queries> element to your manifest. See the docs for CustomTabsClient#getPackageName.
10-28 15:15:14.921  2633  2633 W AppActivity$bindCustomTabsService: CustomTabs: Service NOT supported
10-28 15:15:14.925  2633  2633 D AutofillManager: Fill dialog is enabled:false, hints=[]
10-28 15:15:14.930  2633  2633 W OnBackInvokedCallback: OnBackInvokedCallback is not enabled for the application.
10-28 15:15:14.930  2633  2633 W OnBackInvokedCallback: Set 'android:enableOnBackInvokedCallback="true"' in the application manifest.
10-28 15:15:14.933   584  1007 D ConnectivityService: requestNetwork for uid/pid:10126/2633 activeRequest: null callbackRequest: 64 [NetworkRequest [ REQUEST id=65, [ Capabilities: INTERNET&NOT_RESTRICTED&TRUSTED&NOT_VCN_MANAGED Uid: 10126 RequestorUid: 10126 RequestorPkg: org.kaisipan.mobile UnderlyingNetworks: Null] ]] callback flags: 0 order: 2147483647
10-28 15:15:14.934   584   808 D ConnectivityService: NetReassign [65 : null → 100]
10-28 15:15:14.935   584   801 D WifiNetworkFactory: got request NetworkRequest [ REQUEST id=65, [ Capabilities: INTERNET&NOT_RESTRICTED&TRUSTED&NOT_VCN_MANAGED Uid: 10126 RequestorUid: 10126 RequestorPkg: org.kaisipan.mobile UnderlyingNetworks: Null] ]
10-28 15:15:14.935   584   801 D UntrustedWifiNetworkFactory: got request NetworkRequest [ REQUEST id=65, [ Capabilities: INTERNET&NOT_RESTRICTED&TRUSTED&NOT_VCN_MANAGED Uid: 10126 RequestorUid: 10126 RequestorPkg: org.kaisipan.mobile UnderlyingNetworks: Null] ]
10-28 15:15:14.935   584   801 D OemPaidWifiNetworkFactory: got request NetworkRequest [ REQUEST id=65, [ Capabilities: INTERNET&NOT_RESTRICTED&TRUSTED&NOT_VCN_MANAGED Uid: 10126 RequestorUid: 10126 RequestorPkg: org.kaisipan.mobile UnderlyingNetworks: Null] ]
10-28 15:15:14.935   584   801 D MultiInternetWifiNetworkFactory: got request NetworkRequest [ REQUEST id=65, [ Capabilities: INTERNET&NOT_RESTRICTED&TRUSTED&NOT_VCN_MANAGED Uid: 10126 RequestorUid: 10126 RequestorPkg: org.kaisipan.mobile UnderlyingNetworks: Null] ]
10-28 15:15:14.943  2633  2690 W Parcel  : Expecting binder but got null!
10-28 15:15:14.945   584   604 I ActivityTaskManager: Displayed org.kaisipan.mobile/com.ustadmobile.port.android.view.AppActivity: +48ms
10-28 15:15:14.948  2633  2633 D UstadViewModelFunKt$ustadViewModel$viewModel$invoke: ustadViewModel(): create viewmodel for: com.ustadmobile.core.viewmodel.redirect.RedirectViewModel
10-28 15:15:14.948  2633  2633 I System.out: com.ustadmobile.core.db.UmAppDatabase_DoorWrapper@229d481
10-28 15:15:14.951  2633  2633 D UstadNavControllerPreCompose$onCollectNavCommand: NavCommandEffect: Navigate: Go to Login
10-28 15:15:14.955   424   463 W TransactionTracing: Could not find layer handle 0x706935033770
10-28 15:15:14.958  2633  2633 D UstadViewModelFunKt$ustadViewModel$viewModel$invoke: ustadViewModel(): create viewmodel for: com.ustadmobile.core.viewmodel.login.LoginViewModel
10-28 15:15:14.961  2633  2744 V UstadCache: OKHttp-CacheInterceptor:  intercept: GET https://oer.kaisipan.org/v2/Site/verify
10-28 15:15:14.961  2633  2744 I UstadCache: UstadCache(): Retrieve https://oer.kaisipan.org/v2/Site/verify
10-28 15:15:14.961  2633  2744 D UstadCache: UstadCache(): FOUND https://oer.kaisipan.org/v2/Site/verify
10-28 15:15:14.964  2633  2744 D TrafficStats: tagSocket(99) with statsTag=0xffffffff, statsUid=-1
10-28 15:15:14.967  2542  2559 D Benchmark: Result: Starting: Intent { act=android.intent.action.MAIN cat=[android.intent.category.LAUNCHER] flg=0x10008000 pkg=org.kaisipan.mobile cmp=org.kaisipan.mobile/com.ustadmobile.port.android.view.AppActivity }
10-28 15:15:14.967  2542  2559 D Benchmark: Status: ok
10-28 15:15:14.967  2542  2559 D Benchmark: LaunchState: WARM
10-28 15:15:14.967  2542  2559 D Benchmark: Activity: org.kaisipan.mobile/com.ustadmobile.port.android.view.AppActivity
10-28 15:15:14.967  2542  2559 D Benchmark: TotalTime: 48
10-28 15:15:14.967  2542  2559 D Benchmark: WaitTime: 49
10-28 15:15:14.967  2542  2559 D Benchmark: Complete
10-28 15:15:14.988  1493  1680 W MediaProvider: isAppCloneUserPair for user 0: false
10-28 15:15:14.988  1493  1680 V MediaProvider: Inserted id:1000000084 less than next row id backup:1000001000.
10-28 15:15:15.064  2542  2559 I System.out: 0 Flags,FrameTimelineVsyncId,IntendedVsync,Vsync,InputEventId,HandleInputStart,AnimationStart,PerformTraversalsStart,DrawStart,FrameDeadline,FrameInterval,FrameStartTime,SyncQueued,SyncStart,IssueDrawCommandsStart,SwapBuffers,FrameCompleted,DequeueBufferDuration,QueueBufferDuration,GpuCompleted,SwapBuffersCompleted,DisplayPresentTime,CommandSubmissionCompleted,
10-28 15:15:15.064  2542  2559 I System.out: 1 1,14581,521783675493,521783675493,0,521787787429,521787787579,521787787709,521804411874,521800342159,521787786309,16666666,521804942704,521805069804,521805170004,521805326244,521814710497,970,64150,521814710497,521806940804,-2,521805326244,
10-28 15:15:15.064  2542  2559 I System.out: 2 0,14617,521800342159,521800342159,0,521809936775,521809937265,521813538876,521813560746,521833675491,521809933935,16666666,521814056766,521814082966,521814111946,521814209267,521814745197,2420,218400,521814720227,521814745197,521819471768,521814209267,
10-28 15:15:15.064  2542  2559 I System.out: 3 0,14653,521817008825,521817008825,0,521817141977,521817142497,521837947693,521837968713,521850342157,521817140247,16666666,521846462895,521846480095,521846508325,521846566136,521850553027,1570,83690,521850553027,521846972666,472752735539,521846566136,
10-28 15:15:15.064  2542  2559 I System.out: 4 0,14696,521833675491,521833675491,0,521848058396,521848058656,521859251979,521859276669,521883675489,521848057456,16666666,521865858681,521865894601,521865947711,521866314331,521867179531,2430,136880,521867179531,521866971471,472769162943,521866314331,
10-28 15:15:15.064  2542  2559 I System.out: 5 0,14739,521850342157,521850342157,0,521866820641,521866820911,521868684512,521868709842,521900342155,521866819681,16666666,521869896402,521869974662,521870034282,521871688422,521885970376,12878073,98580,521873056893,521885970376,472785793828,521871688422,
10-28 15:15:15.064  2542  2559 I System.out: 6 0,14782,521867008823,521867008823,0,521870650002,521870650352,521872308393,521872330913,521883675489,521870649032,16666666,521873356093,521886233567,521886282447,521889088947,472787952999,13629793,83240,472783782247,521903951841,472802739653,521889088947,
10-28 15:15:15.064  2542  2559 D UiDevice: Waiting 10000ms for SearchCondition[hasObject=BySelector [TEXT='\QGet Started\E']].
10-28 15:15:15.064  2542  2559 D UiDevice: Searching for node with selector: BySelector [TEXT='\QGet Started\E'].
10-28 15:15:15.065  2633  2744 D UstadCache: OKHttp-CacheInterceptor:  MISS(invalid) https://oer.kaisipan.org/v2/Site/verify
10-28 15:15:15.065  2633  2744 D UstadCache: OKHttp-CacheInterceptor:  newCacheAndStoreResponse: GET https://oer.kaisipan.org/v2/Site/verify 200 ()
10-28 15:15:15.065  2633  2744 V UstadCache: OKHttp-CacheInterceptor:  https://oer.kaisipan.org/v2/Site/verify MISS(invalid) can store/update 200  (contentType=application/json; charset=UTF-8, content-encoding=null content-length=177)
10-28 15:15:15.067  2633  2754 D UstadCache: UstadCache(): storerequest 1 entries
10-28 15:15:15.068  2633  2754 V UstadCache: UstadCache(): copied request data for https://oer.kaisipan.org/v2/Site/verify to /data/user/0/org.kaisipan.mobile/files/httpfiles/tmpwork/11.tmp (integrity=sha256-+Gj5X+R/uXuHkt8sVDRb99IojGPQMF8H9XLmkpGzlgU=)
10-28 15:15:15.068  2633  2754 V UstadCache: UstadCache(): cacheEntries created 1 entries
10-28 15:15:15.068  2633  2754 D UstadCache: UstadCache(): deleting 1 tmp files
10-28 15:15:15.068  2633  2754 D UstadCache: UstadCache(): db transaction completed
10-28 15:15:15.175  1339  1339 W FrameTracker: Missed SF frame:PREDICTION_ERROR, 14509, 5002929, CUJ=J<LAUNCHER_APP_CLOSE_TO_HOME>
10-28 15:15:15.175  1339  1339 W FrameTracker: Missed SF frame:PREDICTION_ERROR, 14603, 6085415, CUJ=J<LAUNCHER_APP_CLOSE_TO_HOME>
10-28 15:15:15.175  1339  1339 W FrameTracker: Missed SF frame:PREDICTION_ERROR, 14726, 5077821, CUJ=J<LAUNCHER_APP_CLOSE_TO_HOME>
10-28 15:15:15.175  1339  1339 W FrameTracker: Missed SF frame:PREDICTION_ERROR, 14811, 4749288, CUJ=J<LAUNCHER_APP_CLOSE_TO_HOME>
10-28 15:15:15.175  1339  1339 W FrameTracker: Missed SF frame:PREDICTION_ERROR, 14876, 3637315, CUJ=J<LAUNCHER_APP_CLOSE_TO_HOME>
10-28 15:15:15.175  1339  1339 W FrameTracker: Missed SF frame:PREDICTION_ERROR, 14912, 3188274, CUJ=J<LAUNCHER_APP_CLOSE_TO_HOME>
10-28 15:15:15.175  1339  1339 W FrameTracker: Missed SF frame:PREDICTION_ERROR, 14948, 4343123, CUJ=J<LAUNCHER_APP_CLOSE_TO_HOME>
10-28 15:15:15.175  1339  1339 W FrameTracker: Missed SF frame:PREDICTION_ERROR, 15085, 3039487, CUJ=J<LAUNCHER_APP_CLOSE_TO_HOME>
10-28 15:15:15.175  1339  1698 V PerfettoTrigger: Not triggering com.android.telemetry.interaction-jank-monitor-9 - not enough time since last trigger
10-28 15:15:15.204   424   463 W TransactionTracing: Could not find layer handle 0x70693503ec90
10-28 15:15:15.204   424   463 W TransactionTracing: Could not find layer handle 0x70693503e870
10-28 15:15:15.204   424   463 W TransactionTracing: Could not find layer handle 0x70693503b8d0
10-28 15:15:15.204   424   463 W TransactionTracing: Could not find layer handle 0x706935039230
10-28 15:15:15.204   424   463 W TransactionTracing: Could not find layer handle 0x706935039590
10-28 15:15:15.204   424   463 W TransactionTracing: Could not find layer handle 0x706935039230
10-28 15:15:15.204   424   463 W TransactionTracing: Could not find layer handle 0x70693503ec90
10-28 15:15:15.204   424   463 W TransactionTracing: Could not find layer handle 0x70693503e870
10-28 15:15:15.240   584  1597 W InputManager-JNI: Input channel object '5c4938b Splash Screen org.kaisipan.mobile (client)' was disposed without first being removed with the input manager!
10-28 15:15:15.270   424   463 W TransactionTracing: Could not find layer handle 0x70693503cdd0
10-28 15:15:15.290   862   918 W FrameTracker: Missed SF frame:PREDICTION_ERROR, 14718, 8734282, CUJ=J<SPLASHSCREEN_EXIT_ANIM>
10-28 15:15:15.290   862   918 W FrameTracker: Missed SF frame:PREDICTION_ERROR, 14768, 5466820, CUJ=J<SPLASHSCREEN_EXIT_ANIM>
10-28 15:15:15.290   862   918 W FrameTracker: Missing HWUI jank callback for vsyncId: 14798, CUJ=J<SPLASHSCREEN_EXIT_ANIM>
10-28 15:15:15.290   862   918 W FrameTracker: Missed SF frame:PREDICTION_ERROR, 14840, 4684577, CUJ=J<SPLASHSCREEN_EXIT_ANIM>
10-28 15:15:15.290   862   918 W FrameTracker: Missed SF frame:PREDICTION_ERROR, 14869, 7679906, CUJ=J<SPLASHSCREEN_EXIT_ANIM>
10-28 15:15:15.290   862   918 W FrameTracker: Missed SF frame:PREDICTION_ERROR, 14905, 4915204, CUJ=J<SPLASHSCREEN_EXIT_ANIM>
10-28 15:15:15.290   862   918 W FrameTracker: Missed SF frame:PREDICTION_ERROR, 14941, 7716683, CUJ=J<SPLASHSCREEN_EXIT_ANIM>
10-28 15:15:15.290   862   918 W FrameTracker: Missed SF frame:PREDICTION_ERROR, 15013, 3041539, CUJ=J<SPLASHSCREEN_EXIT_ANIM>
10-28 15:15:15.290   862   918 W FrameTracker: Missed SF frame:PREDICTION_ERROR, 15042, 5146809, CUJ=J<SPLASHSCREEN_EXIT_ANIM>
10-28 15:15:15.290   862   918 W FrameTracker: Missed SF frame:PREDICTION_ERROR, 15072, 4446557, CUJ=J<SPLASHSCREEN_EXIT_ANIM>
10-28 15:15:15.290   862   918 W FrameTracker: Missed SF frame:PREDICTION_ERROR, 15143, 4858794, CUJ=J<SPLASHSCREEN_EXIT_ANIM>
10-28 15:15:15.290   862   918 W FrameTracker: Missed SF frame:PREDICTION_ERROR, 15165, 3813953, CUJ=J<SPLASHSCREEN_EXIT_ANIM>
10-28 15:15:15.290   862   918 W FrameTracker: Missing HWUI jank callback for vsyncId: 15201, CUJ=J<SPLASHSCREEN_EXIT_ANIM>
10-28 15:15:15.290   862   907 V PerfettoTrigger: Not triggering com.android.telemetry.interaction-jank-monitor-39 - not enough time since last trigger
10-28 15:15:15.420   424   463 W TransactionTracing: Could not find layer handle 0x7069350394d0
10-28 15:15:15.420   424   463 W TransactionTracing: Could not find layer handle 0x7069350396b0
10-28 15:15:15.420   424   463 W TransactionTracing: Could not find layer handle 0x7069350396b0
10-28 15:15:15.428  2633  2653 D UstadCache: CacheTrimmer:  Trim cache run: max (evictable) size = 100000000 bytes
10-28 15:15:15.428  2633  2653 V UstadCache: CacheTrimmer:  deleting
10-28 15:15:15.542  2542  2559 D UiDevice: Searching for node with selector: BySelector [TEXT='\QGet Started\E'].
10-28 15:15:16.135  2542  2559 D UiDevice: Searching for node with selector: BySelector [TEXT='\QGet Started\E'].
10-28 15:15:16.238  2542  2559 D UiDevice: Searching for node with selector: BySelector [TEXT='\QGet Started\E'].
10-28 15:15:16.340  2542  2559 D UiDevice: Searching for node with selector: BySelector [TEXT='\QGet Started\E'].
10-28 15:15:16.443  2542  2559 D UiDevice: Searching for node with selector: BySelector [TEXT='\QGet Started\E'].
10-28 15:15:16.546  2542  2559 D UiDevice: Searching for node with selector: BySelector [TEXT='\QGet Started\E'].
10-28 15:15:16.648  2542  2559 D UiDevice: Searching for node with selector: BySelector [TEXT='\QGet Started\E'].
10-28 15:15:16.751  2542  2559 D UiDevice: Searching for node with selector: BySelector [TEXT='\QGet Started\E'].
10-28 15:15:16.853  2542  2559 D UiDevice: Searching for node with selector: BySelector [TEXT='\QGet Started\E'].
10-28 15:15:16.956  2542  2559 D UiDevice: Searching for node with selector: BySelector [TEXT='\QGet Started\E'].
10-28 15:15:17.059  2542  2559 D UiDevice: Searching for node with selector: BySelector [TEXT='\QGet Started\E'].
10-28 15:15:17.161  2542  2559 D UiDevice: Searching for node with selector: BySelector [TEXT='\QGet Started\E'].
10-28 15:15:17.263  2542  2559 D UiDevice: Searching for node with selector: BySelector [TEXT='\QGet Started\E'].
10-28 15:15:17.366  2542  2559 D UiDevice: Searching for node with selector: BySelector [TEXT='\QGet Started\E'].
10-28 15:15:17.469  2542  2559 D UiDevice: Searching for node with selector: BySelector [TEXT='\QGet Started\E'].
10-28 15:15:17.572  2542  2559 D UiDevice: Searching for node with selector: BySelector [TEXT='\QGet Started\E'].
10-28 15:15:17.675  2542  2559 D UiDevice: Searching for node with selector: BySelector [TEXT='\QGet Started\E'].
10-28 15:15:17.778  2542  2559 D UiDevice: Searching for node with selector: BySelector [TEXT='\QGet Started\E'].
10-28 15:15:17.880  2542  2559 D UiDevice: Searching for node with selector: BySelector [TEXT='\QGet Started\E'].
