10-28 15:12:24.538  2542  2559 D UiDevice: Searching for node with selector: BySelector [TEXT='\QGet Started\E'].
10-28 15:12:24.642  2542  2559 D UiDevice: Searching for node with selector: BySelector [TEXT='\QGet Started\E'].
10-28 15:12:24.745  2542  2559 D UiDevice: Searching for node with selector: BySelector [TEXT='\QGet Started\E'].
10-28 15:12:24.848  2542  2559 D UiDevice: Searching for node with selector: BySelector [TEXT='\QGet Started\E'].
10-28 15:12:24.952  2542  2559 D UiDevice: Searching for node with selector: BySelector [TEXT='\QGet Started\E'].
10-28 15:12:25.055  2542  2559 D UiDevice: Searching for node with selector: BySelector [TEXT='\QGet Started\E'].
10-28 15:12:25.158  2542  2559 D UiDevice: Searching for node with selector: BySelector [TEXT='\QGet Started\E'].
10-28 15:12:25.261  2542  2559 D UiDevice: Searching for node with selector: BySelector [TEXT='\QGet Started\E'].
10-28 15:12:25.364  2542  2559 D UiDevice: Searching for node with selector: BySelector [TEXT='\QGet Started\E'].
10-28 15:12:25.468  2542  2559 D UiDevice: Searching for node with selector: BySelector [TEXT='\QGet Started\E'].
10-28 15:12:25.571  2542  2559 D UiDevice: Searching for node with selector: BySelector [TEXT='\QGet Started\E'].
10-28 15:12:25.674  2542  2559 D UiDevice: Searching for node with selector: BySelector [TEXT='\QGet Started\E'].
10-28 15:12:25.777  2542  2559 D UiDevice: Searching for node with selector: BySelector [TEXT='\QGet Started\E'].
10-28 15:12:25.881  2542  2559 D UiDevice: Searching for node with selector: BySelector [TEXT='\QGet Started\E'].
10-28 15:12:25.984  2542  2559 D UiDevice: Searching for node with selector: BySelector [TEXT='\QGet Started\E'].
10-28 15:12:26.087  2542  2559 D UiDevice: Searching for node with selector: BySelector [TEXT='\QGet Started\E'].
10-28 15:12:26.190  2542  2559 D UiDevice: Searching for node with selector: BySelector [TEXT='\QGet Started\E'].
10-28 15:12:26.294  2542  2559 D UiDevice: Searching for node with selector: BySelector [TEXT='\QGet Started\E'].
10-28 15:12:26.397  2542  2559 D UiDevice: Searching for node with selector: BySelector [TEXT='\QGet Started\E'].
10-28 15:12:26.477  1318  2069 I Dialer  : OmtpVvmCarrierCfgHlpr - OmtpEvent:CONFIG_STATUS_SMS_TIME_OUT
10-28 15:12:26.478  1318  1318 I Dialer  : RetryPolicy - Retry limit for com.android.voicemail.impl.ActivationTask@63052d0 reached
10-28 15:12:26.478  1318  1318 I Dialer  : RetryPolicy - committing deferred status: configuration_state=4
10-28 15:12:26.488  1625  2366 I VoicemailNotifier: receivers for android.intent.action.PROVIDER_CHANGED :[]
10-28 15:12:26.489  1318  1318 I Dialer  : VvmTaskExecutor - no more tasks, stopping service if no task are added in 5000 millis
10-28 15:12:26.500  2542  2559 D UiDevice: Searching for node with selector: BySelector [TEXT='\QGet Started\E'].
10-28 15:12:26.604  2542  2559 D UiDevice: Searching for node with selector: BySelector [TEXT='\QGet Started\E'].
10-28 15:12:26.707  2542  2559 D UiDevice: Searching for node with selector: BySelector [TEXT='\QGet Started\E'].
10-28 15:12:26.811  2542  2559 D UiDevice: Searching for node with selector: BySelector [TEXT='\QGet Started\E'].
10-28 15:12:26.916  2542  2559 D UiDevice: Searching for node with selector: BySelector [TEXT='\QGet Started\E'].
10-28 15:12:27.036  2542  2559 D UiDevice: Searching for node with selector: BySelector [TEXT='\QGet Started\E'].
10-28 15:12:27.161  2542  2559 D UiDevice: Searching for node with selector: BySelector [TEXT='\QGet Started\E'].
10-28 15:12:27.287  2542  2559 D UiDevice: Searching for node with selector: BySelector [TEXT='\QGet Started\E'].
10-28 15:12:27.418  2542  2559 D UiDevice: Searching for node with selector: BySelector [TEXT='\QGet Started\E'].
10-28 15:12:27.536  2542  2559 D UiDevice: Searching for node with selector: BySelector [TEXT='\QGet Started\E'].
10-28 15:12:27.646  2542  2559 D UiDevice: Searching for node with selector: BySelector [TEXT='\QGet Started\E'].
10-28 15:12:27.751  2542  2559 D UiDevice: Searching for node with selector: BySelector [TEXT='\QGet Started\E'].
10-28 15:12:27.856  2542  2559 D UiDevice: Searching for node with selector: BySelector [TEXT='\QGet Started\E'].
10-28 15:12:27.960  2542  2559 D UiDevice: Searching for node with selector: BySelector [TEXT='\QGet Started\E'].
10-28 15:12:28.064  2542  2559 D UiDevice: Searching for node with selector: BySelector [TEXT='\QGet Started\E'].
10-28 15:12:28.168  2542  2559 D UiDevice: Searching for node with selector: BySelector [TEXT='\QGet Started\E'].
10-28 15:12:28.272  2542  2559 D UiDevice: Searching for node with selector: BySelector [TEXT='\QGet Started\E'].
10-28 15:12:28.376  2542  2559 D UiDevice: Searching for node with selector: BySelector [TEXT='\QGet Started\E'].
10-28 15:12:28.480  2542  2559 D UiDevice: Searching for node with selector: BySelector [TEXT='\QGet Started\E'].
10-28 15:12:28.585  2542  2559 D UiDevice: Searching for node with selector: BySelector [TEXT='\QGet Started\E'].
10-28 15:12:28.689  2542  2559 D UiDevice: Searching for node with selector: BySelector [TEXT='\QGet Started\E'].
10-28 15:12:28.792  2542  2559 D UiDevice: Searching for node with selector: BySelector [TEXT='\QGet Started\E'].
10-28 15:12:28.895  2542  2559 D UiDevice: Searching for node with selector: BySelector [TEXT='\QGet Started\E'].
10-28 15:12:28.999  2542  2559 D UiDevice: Searching for node with selector: BySelector [TEXT='\QGet Started\E'].
10-28 15:12:29.103  2542  2559 D UiDevice: Searching for node with selector: BySelector [TEXT='\QGet Started\E'].
10-28 15:12:29.207  2542  2559 D UiDevice: Searching for node with selector: BySelector [TEXT='\QGet Started\E'].
10-28 15:12:29.310  2542  2559 D UiDevice: Searching for node with selector: BySelector [TEXT='\QGet Started\E'].
10-28 15:12:29.414  2542  2559 D UiDevice: Searching for node with selector: BySelector [TEXT='\QGet Started\E'].
10-28 15:12:29.519  2542  2559 D UiDevice: Searching for node with selector: BySelector [TEXT='\QGet Started\E'].
10-28 15:12:29.623  2542  2559 D UiDevice: Searching for node with selector: BySelector [TEXT='\QGet Started\E'].
10-28 15:12:29.727  2542  2559 D UiDevice: Searching for node with selector: BySelector [TEXT='\QGet Started\E'].
10-28 15:12:29.832  2542  2559 D UiDevice: Searching for node with selector: BySelector [TEXT='\QGet Started\E'].
10-28 15:12:29.936  2542  2559 D UiDevice: Searching for node with selector: BySelector [TEXT='\QGet Started\E'].
10-28 15:12:30.040  2542  2559 D UiDevice: Searching for node with selector: BySelector [TEXT='\QGet Started\E'].
10-28 15:12:30.144  2542  2559 D UiDevice: Searching for node with selector: BySelector [TEXT='\QGet Started\E'].
10-28 15:12:30.248  2542  2559 D UiDevice: Searching for node with selector: BySelector [TEXT='\QGet Started\E'].
10-28 15:12:30.352  2542  2559 D UiDevice: Searching for node with selector: BySelector [TEXT='\QGet Started\E'].
10-28 15:12:30.456  2542  2559 D UiDevice: Searching for node with selector: BySelector [TEXT='\QGet Started\E'].
10-28 15:12:30.561  2542  2559 D UiDevice: Searching for node with selector: BySelector [TEXT='\QGet Started\E'].
10-28 15:12:30.665  2542  2559 D UiDevice: Searching for node with selector: BySelector [TEXT='\QGet Started\E'].
10-28 15:12:30.769  2542  2559 D UiDevice: Searching for node with selector: BySelector [TEXT='\QGet Started\E'].
10-28 15:12:30.873  2542  2559 D UiDevice: Searching for node with selector: BySelector [TEXT='\QGet Started\E'].
10-28 15:12:30.978  2542  2559 D UiDevice: Searching for node with selector: BySelector [TEXT='\QGet Started\E'].
10-28 15:12:31.082  2542  2559 D UiDevice: Searching for node with selector: BySelector [TEXT='\QGet Started\E'].
10-28 15:12:31.187  2542  2559 D UiDevice: Searching for node with selector: BySelector [TEXT='\QGet Started\E'].
10-28 15:12:31.291  2542  2559 D UiDevice: Searching for node with selector: BySelector [TEXT='\QGet Started\E'].
10-28 15:12:31.396  2542  2559 D UiDevice: Searching for node with selector: BySelector [TEXT='\QGet Started\E'].
10-28 15:12:31.493  1318  1318 I Dialer  : VvmTaskExecutor - Stopping service
10-28 15:12:31.494  1318  1318 I Dialer  : VvmTaskExecutor - finishing Job
10-28 15:12:31.494  1318  1318 I Dialer  : TaskSchedulerJobService - finishing job
10-28 15:12:31.501  2542  2559 D UiDevice: Searching for node with selector: BySelector [TEXT='\QGet Started\E'].
10-28 15:12:31.503  1318  1318 I Dialer  : JobFinishedPoller.run - Job finished
10-28 15:12:31.503  1318  1318 I Dialer  : VvmTaskExecutor - terminated
10-28 15:12:31.607  2542  2559 D UiDevice: Searching for node with selector: BySelector [TEXT='\QGet Started\E'].
10-28 15:12:31.711  2542  2559 D UiDevice: Searching for node with selector: BySelector [TEXT='\QGet Started\E'].
10-28 15:12:31.815  2542  2559 D UiDevice: Searching for node with selector: BySelector [TEXT='\QGet Started\E'].
10-28 15:12:31.919  2542  2559 D UiDevice: Searching for node with selector: BySelector [TEXT='\QGet Started\E'].
10-28 15:12:32.024  2542  2559 D UiDevice: Searching for node with selector: BySelector [TEXT='\QGet Started\E'].
10-28 15:12:32.129  2542  2559 D UiDevice: Searching for node with selector: BySelector [TEXT='\QGet Started\E'].
10-28 15:12:32.233  2542  2559 D UiDevice: Searching for node with selector: BySelector [TEXT='\QGet Started\E'].
10-28 15:12:32.337  2542  2559 D UiDevice: Searching for node with selector: BySelector [TEXT='\QGet Started\E'].
10-28 15:12:32.441  2542  2559 D UiDevice: Searching for node with selector: BySelector [TEXT='\QGet Started\E'].
10-28 15:12:32.546  2542  2559 D UiDevice: Searching for node with selector: BySelector [TEXT='\QGet Started\E'].
10-28 15:12:32.650  2542  2559 D UiDevice: Searching for node with selector: BySelector [TEXT='\QGet Started\E'].
10-28 15:12:32.755  2542  2559 D UiDevice: Searching for node with selector: BySelector [TEXT='\QGet Started\E'].
10-28 15:12:32.859  2542  2559 D UiDevice: Searching for node with selector: BySelector [TEXT='\QGet Started\E'].
10-28 15:12:32.964  2542  2559 D UiDevice: Searching for node with selector: BySelector [TEXT='\QGet Started\E'].
10-28 15:12:33.068  2542  2559 D UiDevice: Searching for node with selector: BySelector [TEXT='\QGet Started\E'].
10-28 15:12:33.173  2542  2559 D UiDevice: Searching for node with selector: BySelector [TEXT='\QGet Started\E'].
10-28 15:12:34.178  2542  2559 D UiDevice: Retrieving node with selector: BySelector [TEXT='\QGet Started\E'].
10-28 15:12:34.182  2542  2559 D UiDevice: Node not found with selector: BySelector [TEXT='\QGet Started\E'].
10-28 15:12:39.182  2542  2559 D Benchmark: Profile Installer - Save Profile
10-28 15:12:39.206  2633  2633 I Process : Sending signal. PID: 2633 SIG: 10
10-28 15:12:39.206  2633  2633 D ProfileInstaller:
10-28 15:12:39.206  2633  2638 I kaisipan.mobile: Thread[3,tid=2638,WaitingInMainSignalCatcherLoop,Thread*=0x736948fad6f0,peer=0x13d01d50,"Signal Catcher"]: reacting to signal 10
10-28 15:12:39.206  2633  2638 I kaisipan.mobile:
10-28 15:12:39.206  2633  2638 I kaisipan.mobile: SIGUSR1 forcing GC (no HPROF) and profile save
10-28 15:12:39.241  2633  2638 I kaisipan.mobile: Explicit concurrent copying GC freed 148553(5732KB) AllocSpace objects, 11(292KB) LOS objects, 49% free, 7829KB/15MB, paused 68us,23us total 34.855ms
10-28 15:12:39.246  2633  2644 W System  : A resource failed to call close.
10-28 15:12:39.709  2542  2559 D Benchmark: Killing process org.kaisipan.mobile
10-28 15:12:39.710  2542  2559 D UiDevice: Executing shell command: killall org.kaisipan.mobile
10-28 15:12:39.734  1493  1680 W MediaProvider: isAppCloneUserPair for user 0: false
10-28 15:12:39.736  1493  1680 V MediaProvider: Inserted id:1000000043 less than next row id backup:1000001000.
10-28 15:12:39.781   584  1871 I PackageDexOptimizer: Running dexopt (dexoptNeeded=-3) on: /data/app/~~EFLmwlxs6fLx-EpFxvJ9lg==/org.kaisipan.mobile-TVisp_8JWhaVjfznyxZtdQ==/base.apk pkg=org.kaisipan.mobile isa=x86_64 dexoptFlags=boot_complete,profile_guided,force,enable_hidden_api_checks targetFilter=speed-profile oatDir=/data/app/~~EFLmwlxs6fLx-EpFxvJ9lg==/org.kaisipan.mobile-TVisp_8JWhaVjfznyxZtdQ==/oat classLoaderContext=PCL[]{PCL[/system_ext/framework/androidx.window.extensions.jar]#PCL[/system_ext/framework/androidx.window.sidecar.jar]}
10-28 15:12:39.782   489   515 V installd: DexInv: --- BEGIN '/data/app/~~EFLmwlxs6fLx-EpFxvJ9lg==/org.kaisipan.mobile-TVisp_8JWhaVjfznyxZtdQ==/base.apk' ---
10-28 15:12:39.783   489   515 V installd: Running /apex/com.android.art/bin/dex2oat64 in=base.apk out=/data/app/~~EFLmwlxs6fLx-EpFxvJ9lg==/org.kaisipan.mobile-TVisp_8JWhaVjfznyxZtdQ==/oat/x86_64/base.odex
10-28 15:12:39.793  3124  3124 W dex2oat64: Unexpected CPU variant for x86: x86_64.
10-28 15:12:39.793  3124  3124 W dex2oat64: Known variants: atom, sandybridge, silvermont, kabylake, default
10-28 15:12:39.794  3124  3124 W dex2oat64: Mismatch between dex2oat instruction set features to use (ISA: X86_64 Feature string: -ssse3,-sse4.1,-sse4.2,-avx,-avx2,-popcnt) and those from CPP defines (ISA: X86_64 Feature string: ssse3,sse4.1,sse4.2,-avx,-avx2,popcnt) for the command line:
10-28 15:12:39.794  3124  3124 W dex2oat64: /apex/com.android.art/bin/dex2oat64 --zip-fd=8 --zip-location=base.apk --oat-fd=9 --oat-location=/data/app/~~EFLmwlxs6fLx-EpFxvJ9lg==/org.kaisipan.mobile-TVisp_8JWhaVjfznyxZtdQ==/oat/x86_64/base.odex --input-vdex-fd=11 --output-vdex-fd=10 --app-image-fd=14 --image-format=lz4 --profile-file-fd=13 --swap-fd=12 --classpath-dir=/data/app/~~EFLmwlxs6fLx-EpFxvJ9lg==/org.kaisipan.mobile-TVisp_8JWhaVjfznyxZtdQ== --class-loader-context=PCL[]{PCL[/system_ext/framework/androidx.window.extensions.jar]#PCL[/system_ext/framework/androidx.window.sidecar.jar]} --instruction-set=x86_64 --instruction-set-features=default --instruction-set-variant=x86_64 --compiler-filter=speed-profile --compilation-reason=cmdline --max-image-block-size=524288 --resolve-startup-const-strings=true --generate-mini-debug-info --runtime-arg -Xtarget-sdk-version:34 --runtime-arg -Xhidden-api-policy:enabled --runtime-arg -Xms64m --runtime-arg -Xmx512m
10-28 15:12:39.800  3124  3124 I dex2oat64: /apex/com.android.art/bin/dex2oat64 --input-vdex-fd=11 --output-vdex-fd=10 --profile-file-fd=13 --classpath-dir=/data/app/~~EFLmwlxs6fLx-EpFxvJ9lg==/org.kaisipan.mobile-TVisp_8JWhaVjfznyxZtdQ== --class-loader-context=PCL[]{PCL[/system_ext/framework/androidx.window.extensions.jar]#PCL[/system_ext/framework/androidx.window.sidecar.jar]} --compiler-filter=speed-profile --compilation-reason=cmdline --max-image-block-size=524288 --resolve-startup-const-strings=true --generate-mini-debug-info
10-28 15:12:43.620  3124  3128 W dex2oat64: Accessing hidden method Landroid/window/BackEvent;->getProgress()F (blocked, linking, denied)
10-28 15:12:43.620  3124  3128 W dex2oat64: Accessing hidden method Landroid/window/BackEvent;->getSwipeEdge()I (blocked, linking, denied)
10-28 15:12:43.620  3124  3128 W dex2oat64: Accessing hidden method Landroid/window/BackEvent;->getTouchX()F (blocked, linking, denied)
10-28 15:12:43.620  3124  3128 W dex2oat64: Accessing hidden method Landroid/window/BackEvent;->getTouchY()F (blocked, linking, denied)
10-28 15:12:43.860  3124  3127 W dex2oat64: Method java.lang.Object androidx.compose.runtime.snapshots.SnapshotStateMap.mutate(kotlin.jvm.functions.Function1) failed lock verification and will run slower.
10-28 15:12:43.860  3124  3127 W dex2oat64: Common causes for lock verification issues are non-optimized dex code
10-28 15:12:43.860  3124  3127 W dex2oat64: and incorrect proguard optimizations.
10-28 15:12:43.860  3124  3127 W dex2oat64: Method void androidx.compose.runtime.snapshots.SnapshotStateMap.update(kotlin.jvm.functions.Function1) failed lock verification and will run slower.
10-28 15:12:43.860  3124  3127 W dex2oat64: Method boolean androidx.compose.runtime.snapshots.SnapshotStateMap.removeIf$runtime_release(kotlin.jvm.functions.Function1) failed lock verification and will run slower.
10-28 15:12:43.880  3124  3127 W dex2oat64: Method boolean androidx.compose.runtime.snapshots.SnapshotStateList.conditionalUpdate(boolean, kotlin.jvm.functions.Function1) failed lock verification and will run slower.
10-28 15:12:43.880  3124  3127 W dex2oat64: Method boolean androidx.compose.runtime.snapshots.SnapshotStateList.conditionalUpdate$default(androidx.compose.runtime.snapshots.SnapshotStateList, boolean, kotlin.jvm.functions.Function1, int, java.lang.Object) failed lock verification and will run slower.
10-28 15:12:43.880  3124  3127 W dex2oat64: Method java.lang.Object androidx.compose.runtime.snapshots.SnapshotStateList.mutate(kotlin.jvm.functions.Function1) failed lock verification and will run slower.
10-28 15:12:43.880  3124  3127 W dex2oat64: Method void androidx.compose.runtime.snapshots.SnapshotStateList.update(boolean, kotlin.jvm.functions.Function1) failed lock verification and will run slower.
10-28 15:12:43.880  3124  3127 W dex2oat64: Method void androidx.compose.runtime.snapshots.SnapshotStateList.update$default(androidx.compose.runtime.snapshots.SnapshotStateList, boolean, kotlin.jvm.functions.Function1, int, java.lang.Object) failed lock verification and will run slower.
10-28 15:12:45.124  3124  3124 I dex2oat64: Explicit concurrent copying GC freed 197110(31MB) AllocSpace objects, 0(0B) LOS objects, 49% free, 2154KB/4309KB, paused 15us,3us total 7.572ms
10-28 15:12:45.419  2633  2703 D UstadCache: CacheTrimmer:  Trim cache run: max (evictable) size = 100000000 bytes
10-28 15:12:45.420  2633  2703 V UstadCache: CacheTrimmer:  deleting
10-28 15:12:45.429  3124  3124 I dex2oat64: dex2oat took 5.636s (9.109s cpu) (threads: 4) arena alloc=11MB (12163360B) java alloc=2154KB (2206680B) native alloc=22MB (23362432B) free=145MB (152732640B)
10-28 15:12:45.458   489   515 V installd: DexInv: --- END '/data/app/~~EFLmwlxs6fLx-EpFxvJ9lg==/org.kaisipan.mobile-TVisp_8JWhaVjfznyxZtdQ==/base.apk' (success) ---
10-28 15:12:45.504  1493  1876 W MediaProvider: isAppCloneUserPair for user 0: false
10-28 15:12:45.505  1493  1876 V MediaProvider: Inserted id:1000000044 less than next row id backup:1000001000.
10-28 15:12:45.881  3144  3144 W profman : profman took 344.300ms
10-28 15:12:45.906  1493  1676 W MediaProvider: isAppCloneUserPair for user 0: false
10-28 15:12:45.907  1493  1676 V MediaProvider: Inserted id:1000000045 less than next row id backup:1000001000.
10-28 15:12:46.035  1493  1676 I MediaProvider: Deleted 0 0 0 0 0 0 0 items on external_primary due to com.ustadmobile.app_android_baselineprofile
10-28 15:12:46.840  2542  2559 D Benchmark: Unstable profiles during iteration 4
10-28 15:12:46.840  2542  2559 D Benchmark: Killing package org.kaisipan.mobile
10-28 15:12:46.840  2542  2559 D Benchmark: Killing process org.kaisipan.mobile
10-28 15:12:46.840  2542  2559 D UiDevice: Executing shell command: killall org.kaisipan.mobile
10-28 15:12:46.853  2542  2559 D Benchmark: Compile iteration (5) for org.kaisipan.mobile
10-28 15:12:46.853  2542  2559 D UiDevice: Pressing home button.
10-28 15:12:46.878   862   862 V ShadeControllerImpl: NotificationShadeWindow: com.android.systemui.shade.NotificationShadeWindowView{86d7116 I.E...... ......ID 0,0-320,640} canPanelBeCollapsed(): false
10-28 15:12:46.883  1339  1339 D TaplTarget: Launcher.onNewIntent: Intent { act=android.intent.action.MAIN cat=[android.intent.category.HOME] flg=0x10400100 cmp=com.android.launcher3/.uioverrides.QuickstepLauncher (has extras) }
10-28 15:12:46.886   862   862 V ShadeControllerImpl: NotificationShadeWindow: com.android.systemui.shade.NotificationShadeWindowView{86d7116 I.E...... ......ID 0,0-320,640} canPanelBeCollapsed(): false
10-28 15:12:46.903   424   424 I BpBinder: onLastStrongRef automatically unlinking death recipients: <uncached descriptor>
10-28 15:12:46.928  1493  1680 W MediaProvider: isAppCloneUserPair for user 0: false
10-28 15:12:46.929  1493  1680 V MediaProvider: Inserted id:1000000046 less than next row id backup:1000001000.
10-28 15:12:46.931   862  1304 D EGL_emulation: app_time_stats: avg=828.28ms min=13.48ms max=23273.66ms count=29
10-28 15:12:46.982  2542  2559 I System.out: 0 Flags,FrameTimelineVsyncId,IntendedVsync,Vsync,InputEventId,HandleInputStart,AnimationStart,PerformTraversalsStart,DrawStart,FrameDeadline,FrameInterval,FrameStartTime,SyncQueued,SyncStart,IssueDrawCommandsStart,SwapBuffers,FrameCompleted,DequeueBufferDuration,QueueBufferDuration,GpuCompleted,SwapBuffersCompleted,DisplayPresentTime,CommandSubmissionCompleted,
10-28 15:12:46.982  2542  2559 I System.out: 1 1,5976,349867015703,349883682369,0,349892387222,349892387452,349892477182,349915606879,349883682369,349892385512,16666666,349915856809,349915962439,349916004939,349916105499,349916688069,2040,166480,349916661179,349916688069,349919572440,349916105499,
10-28 15:12:46.982  2542  2559 I System.out: 2 0,6048,349900349035,349917015701,0,349926240072,349926240742,349933025864,349933048594,349933682367,349926237462,16666666,349933687664,349935233644,349935263344,349935355034,349936345955,4080,99100,349936314485,349936345955,349952507649,349935355034,
10-28 15:12:46.982  2542  2559 I System.out: 3 0,6119,349933682367,349933682367,0,349943821537,349943821847,349971170994,349971193974,349967015699,349943820087,16666666,349980856317,349980895767,349980930917,349980995557,349982333007,2920,323480,349982300597,349982333007,349985737398,349980995557,
10-28 15:12:46.982  2542  2559 I System.out: 4 0,6156,349950349033,349967015699,0,349983736038,349983736678,349998866892,349998890942,350000349031,349983678488,16666666,350009441575,350009486845,350009529935,350009752775,350017151317,2520,161050,350017151317,350010542475,350020273658,350009752775,
10-28 15:12:46.982  2542  2559 I System.out: 5 0,6264,350000349031,350000349031,0,350013567206,350013567996,350018764417,350018786807,350050349029,350013564826,16666666,350020748108,350020765088,350020814148,350021868468,350030377491,1580,89280,350030377491,350023171059,350035648452,350021868468,
10-28 15:12:46.982  2542  2559 I System.out: 6 0,6300,350017015697,350017015697,0,350024336999,350024337309,350027235350,350027257900,350067015695,350024335999,16666666,350028907910,350028943660,350028999130,350029818051,350037918763,7499482,150950,350033804522,350037918763,350053553117,350029818051,
10-28 15:12:46.982  2542  2559 I System.out: 7 0,6336,350033682363,350033682363,0,350034510572,350034511012,350038787293,350038817603,350083682361,350034508832,16666666,350041987084,350042027924,350042083444,350042964174,350054223837,10639583,96530,350050496396,350054223837,350069529442,350042964174,
10-28 15:12:46.982  2542  2559 I System.out: 8 0,6372,350050349029,350050349029,0,350053810007,350053810457,350057378238,350057401218,350100349027,350053807807,16666666,350060301769,350060328159,350060381419,350060964449,350069934482,8361293,106000,350067153261,350069934482,350085908216,350060964449,
10-28 15:12:46.982  2542  2559 I System.out: 9 0,6408,350067015695,350067015695,0,350069911792,350069912432,350083605895,350083627845,350117015693,350069757302,16666666,350088637057,350088678287,350088742357,350089525547,350095710469,2170,95630,350095710469,350090395597,350103730051,350089525547,
10-28 15:12:46.982  2542  2559 I System.out: 10 0,6444,350083682361,350083682361,0,350090140997,350090141517,350092831218,350092852778,350133682359,350090139407,16666666,350094407948,350094438508,350094473448,350095073599,350104202041,8443342,79750,350100489720,350104202041,350119124505,350095073599,
10-28 15:12:46.982  2542  2559 I System.out: 11 0,6480,350100349027,350100349027,0,350100752460,350100752540,350102725131,350102739481,350150349025,350100751910,16666666,350104261711,350104303121,350104344671,350105169481,350119328235,13246183,80110,350117111035,350119328235,350138907991,350105169481,
10-28 15:12:46.982  2542  2559 I System.out: 12 0,6509,350117015693,350117015693,0,350117422725,350117422915,350122067586,350122095016,350167015691,350117421205,16666666,350124663987,350124696537,350124741947,350125460317,350138972241,12538394,146080,350133856619,350138972241,350155419545,350125460317,
10-28 15:12:46.982  2542  2559 I System.out: 13 0,6545,350133682359,350133682359,0,350134091599,350134091679,350136086520,350136104210,350183682357,350134090619,16666666,350139998741,350140042681,350140099751,350140931561,350155800955,13830563,176940,350150483264,350155800955,350171666340,350140931561,
10-28 15:12:46.982  2542  2559 I System.out: 14 0,6560,350150349025,350150349025,0,350150529164,350150529484,350154290635,350154320435,350200349023,350150528054,16666666,350157562136,350157611176,350157685466,350158554666,350172898280,13191923,98310,350167155119,350172898280,350186867204,350158554666,
10-28 15:12:46.982  2542  2559 I System.out: 15 0,6610,350167015691,350167015691,0,350167506339,350167506509,350170432910,350170453630,350217015689,350167504509,16666666,350172323820,350172928090,350173466670,350174707691,350187125104,11467223,82730,350183820903,350187125104,350201703508,350174707691,
10-28 15:12:46.982  2542  2559 I System.out: 16 0,6632,350183682357,350183682357,0,350186159504,350186159964,350188964265,350188985185,350233682355,350186156734,16666666,350190958515,350191032015,350191088645,350191868406,350202519628,9618732,197230,350200480098,350202519628,350219168053,350191868406,
10-28 15:12:46.983  2542  2559 I System.out: 17 0,6654,350200349023,350200349023,0,350200555838,350200556218,350203832599,350203853379,350250349021,350200554858,16666666,350206441140,350206476870,350206524350,350207289400,350218726733,10182163,78840,350217171593,350218726733,350236359608,350207289400,
10-28 15:12:46.983  2542  2559 I System.out: 18 0,6677,350217015689,350217015689,0,350218709803,350218710333,350222486264,350222512284,350267015687,350218707453,16666666,350225429835,350225493985,350225550355,350226583825,350236378018,8767493,208210,350233827747,350236378018,350252858602,350226583825,
10-28 15:12:46.983  2542  2559 I System.out: 19 0,6698,350233682355,350233682355,0,350233882587,350233883037,350237489548,350237514208,350283682353,350233880867,16666666,350239501399,350239547059,350239593659,350240318889,350253120353,11875534,99710,350250441822,350253120353,350268738597,350240318889,
10-28 15:12:46.983  2542  2559 I System.out: 20 0,6721,350250349021,350250349021,0,350250491972,350250492212,350251096592,350251112392,350300349019,350250490882,16666666,350251978292,350253145373,350253186823,350253394923,350268895347,14476184,113470,350267146196,350268895347,350285935352,350253394923,
10-28 15:12:46.983  2542  2559 I System.out: 21 0,6743,350267015687,350267015687,0,350267189076,350267189436,350268080757,350268103797,350317015685,350267187756,16666666,350269678947,350269720267,350269759047,350269963647,350286168162,15268325,89290,350283778341,350286168162,350302577806,350269963647,
10-28 15:12:46.983  2542  2559 I System.out: 22 0,6764,350283682353,350283682353,0,350284174311,350284174791,350285237421,350285262531,350333682351,350284173021,16666666,350287097772,350287135182,350287171812,350287384512,350302771846,14423504,109710,350300438446,350302771846,350319307171,350287384512,
10-28 15:12:46.983  2542  2559 I System.out: 23 0,6774,350300349019,350300349019,0,350300550426,350300550806,350304385337,350304409337,350350349017,350300549106,16666666,350306847477,350306880737,350306926307,350307272598,350319549391,11562553,83200,350317145130,350319549391,350334788545,350307272598,
10-28 15:12:46.983  2542  2559 I System.out: 24 0,6791,350317015685,350317015685,0,350317227190,350317227440,350320229591,350320249671,350367015683,350317226180,16666666,350321578062,350321605642,350321653252,350321974692,350335090815,12386713,82510,350333755565,350335090815,350351246540,350321974692,
10-28 15:12:46.983  2542  2559 I System.out: 25 0,6809,350333682351,350333682351,0,350333826565,350333826835,350334953995,350334976775,350383682349,350333825595,16666666,350336476196,350336541526,350336589396,350337028916,350351445820,13671774,143990,350337735916,350351445820,350368147074,350337028916,
10-28 15:12:46.983  2542  2559 I System.out: 26 0,6824,350350349017,350350349017,0,350350738770,350350738880,350351702240,350351722050,350400349015,350350738010,16666666,350353470500,350353512490,350353550930,350353952091,350368603945,13933004,103420,350367134324,350368603945,350388548240,350353952091,
10-28 15:12:46.983  2542  2559 I System.out: 27 0,6837,350367015683,350367015683,0,350367181184,350367181594,350367675694,350367696814,350417015681,350367179994,16666666,350367746284,350368630685,350368672275,350369265175,350388835860,18500845,96860,350383815759,350388835860,288234774265332736,350369265175,
10-28 15:12:46.983  2542  2559 I System.out: 28 0,6861,350383682349,350383682349,0,350383920949,350383921539,350384480279,350386436530,350433682347,350383918019,16666666,350386598220,350388866800,350388921720,350389346320,350404556255,14396964,80610,350400474653,350404556255,288234774265332736,350389346320,
10-28 15:12:46.983  2542  2559 I System.out: 29 0,6890,350400349015,350400349015,0,350400490943,350400491413,350404012034,350404030294,350450349013,350400489453,16666666,350406047635,350406079345,350406122405,350406487335,350419449349,12160554,138410,350407231465,350419449349,288234774265332736,350406487335,
10-28 15:12:46.983  2542  2559 I System.out: 30 0,6912,350417015681,350417015681,0,350417216818,350417217138,350418305878,350418320028,350467015679,350417215698,16666666,350418639749,350419488789,350419540519,350420053349,350435492913,14329404,241540,350421102819,350435492913,288234774265332736,350420053349,
10-28 15:12:46.983  2542  2559 I System.out: 31 8,6927,350433682347,350433682347,0,350433929773,350433930453,350433930753,350433987123,350450349013,350433926833,16666666,350433996453,350435518453,288234774265332736,288234774265332736,288234774265332736,288234774265332736,288234774267429829,288234774263235647,288234774265332736,288234774265332736,288234774265332736,
10-28 15:12:46.983  2542  2559 D Benchmark: Starting activity with command: am start  -W "intent:#Intent;action=android.intent.action.MAIN;category=android.intent.category.LAUNCHER;launchFlags=0x10008000;package=org.kaisipan.mobile;component=org.kaisipan.mobile/com.ustadmobile.port.android.view.AppActivity;end"
10-28 15:12:46.985  1493  1876 W MediaProvider: isAppCloneUserPair for user 0: false
10-28 15:12:46.986  1493  1876 V MediaProvider: Inserted id:1000000047 less than next row id backup:1000001000.
10-28 15:12:47.016   862   919 D SplashScreenView: Build android.window.SplashScreenView{8cebf9 V.E...... ......ID 0,0-0,0}
10-28 15:12:47.016   862   919 D SplashScreenView: Icon: view: null drawable: null size: 0
10-28 15:12:47.016   862   919 D SplashScreenView: Branding: view: android.view.View{77c873e G.ED..... ......I. 0,0-0,0 #10204db android:id/splashscreen_branding_view} drawable: null size w: 0 h: 0
10-28 15:12:47.019  2633  2633 D AppActivity$onDestroy: AppActivity#onDestroy
10-28 15:12:47.022   584   942 W InputManager-JNI: Input channel object '21f1b83 org.kaisipan.mobile/com.ustadmobile.port.android.view.AppActivity (client)' was disposed without first being removed with the input manager!
10-28 15:12:47.031  2633  2633 W CustomTabsClient: Unable to find any Custom Tabs packages, you may need to add a <queries> element to your manifest. See the docs for CustomTabsClient#getPackageName.
10-28 15:12:47.031  2633  2633 W AppActivity$bindCustomTabsService: CustomTabs: Service NOT supported
10-28 15:12:47.037   862  1304 W Parcel  : Expecting binder but got null!
10-28 15:12:47.048  2633  2633 D AutofillManager: Fill dialog is enabled:false, hints=[]
10-28 15:12:47.052  2633  2633 W OnBackInvokedCallback: OnBackInvokedCallback is not enabled for the application.
10-28 15:12:47.052  2633  2633 W OnBackInvokedCallback: Set 'android:enableOnBackInvokedCallback="true"' in the application manifest.
10-28 15:12:47.064   584   856 D ConnectivityService: requestNetwork for uid/pid:10126/2633 activeRequest: null callbackRequest: 52 [NetworkRequest [ REQUEST id=53, [ Capabilities: INTERNET&NOT_RESTRICTED&TRUSTED&NOT_VCN_MANAGED Uid: 10126 RequestorUid: 10126 RequestorPkg: org.kaisipan.mobile UnderlyingNetworks: Null] ]] callback flags: 0 order: 2147483647
10-28 15:12:47.064   584   808 D ConnectivityService: NetReassign [53 : null → 100]
10-28 15:12:47.065   584   801 D WifiNetworkFactory: got request NetworkRequest [ REQUEST id=53, [ Capabilities: INTERNET&NOT_RESTRICTED&TRUSTED&NOT_VCN_MANAGED Uid: 10126 RequestorUid: 10126 RequestorPkg: org.kaisipan.mobile UnderlyingNetworks: Null] ]
10-28 15:12:47.065   584   801 D UntrustedWifiNetworkFactory: got request NetworkRequest [ REQUEST id=53, [ Capabilities: INTERNET&NOT_RESTRICTED&TRUSTED&NOT_VCN_MANAGED Uid: 10126 RequestorUid: 10126 RequestorPkg: org.kaisipan.mobile UnderlyingNetworks: Null] ]
10-28 15:12:47.065   584   801 D OemPaidWifiNetworkFactory: got request NetworkRequest [ REQUEST id=53, [ Capabilities: INTERNET&NOT_RESTRICTED&TRUSTED&NOT_VCN_MANAGED Uid: 10126 RequestorUid: 10126 RequestorPkg: org.kaisipan.mobile UnderlyingNetworks: Null] ]
10-28 15:12:47.065   584   801 D MultiInternetWifiNetworkFactory: got request NetworkRequest [ REQUEST id=53, [ Capabilities: INTERNET&NOT_RESTRICTED&TRUSTED&NOT_VCN_MANAGED Uid: 10126 RequestorUid: 10126 RequestorPkg: org.kaisipan.mobile UnderlyingNetworks: Null] ]
10-28 15:12:47.075  2633  2690 W Parcel  : Expecting binder but got null!
10-28 15:12:47.078   584   604 I ActivityTaskManager: Displayed org.kaisipan.mobile/com.ustadmobile.port.android.view.AppActivity: +64ms
10-28 15:12:47.084  2633  2633 D UstadViewModelFunKt$ustadViewModel$viewModel$invoke: ustadViewModel(): create viewmodel for: com.ustadmobile.core.viewmodel.redirect.RedirectViewModel
10-28 15:12:47.084  2633  2633 I System.out: com.ustadmobile.core.db.UmAppDatabase_DoorWrapper@229d481
10-28 15:12:47.089   424   463 W TransactionTracing: Could not find layer handle 0x706935038690
10-28 15:12:47.091  2633  2633 D UstadNavControllerPreCompose$onCollectNavCommand: NavCommandEffect: Navigate: Go to Login
10-28 15:12:47.097  2633  2633 D UstadViewModelFunKt$ustadViewModel$viewModel$invoke: ustadViewModel(): create viewmodel for: com.ustadmobile.core.viewmodel.login.LoginViewModel
10-28 15:12:47.100  2633  2744 V UstadCache: OKHttp-CacheInterceptor:  intercept: GET https://oer.kaisipan.org/v2/Site/verify
10-28 15:12:47.100  2633  2744 I UstadCache: UstadCache(): Retrieve https://oer.kaisipan.org/v2/Site/verify
10-28 15:12:47.100  2633  2744 D UstadCache: UstadCache(): FOUND https://oer.kaisipan.org/v2/Site/verify
10-28 15:12:47.101  2542  2559 D Benchmark: Result: Starting: Intent { act=android.intent.action.MAIN cat=[android.intent.category.LAUNCHER] flg=0x10008000 pkg=org.kaisipan.mobile cmp=org.kaisipan.mobile/com.ustadmobile.port.android.view.AppActivity }
10-28 15:12:47.101  2542  2559 D Benchmark: Status: ok
10-28 15:12:47.101  2542  2559 D Benchmark: LaunchState: WARM
10-28 15:12:47.101  2542  2559 D Benchmark: Activity: org.kaisipan.mobile/com.ustadmobile.port.android.view.AppActivity
10-28 15:12:47.101  2542  2559 D Benchmark: TotalTime: 64
10-28 15:12:47.101  2542  2559 D Benchmark: WaitTime: 64
10-28 15:12:47.101  2542  2559 D Benchmark: Complete
10-28 15:12:47.104  2633  2744 D TrafficStats: tagSocket(100) with statsTag=0xffffffff, statsUid=-1
10-28 15:12:47.117  1493  1676 W MediaProvider: isAppCloneUserPair for user 0: false
10-28 15:12:47.118  1493  1676 V MediaProvider: Inserted id:1000000048 less than next row id backup:1000001000.
10-28 15:12:47.193  2542  2559 I System.out: 0 Flags,FrameTimelineVsyncId,IntendedVsync,Vsync,InputEventId,HandleInputStart,AnimationStart,PerformTraversalsStart,DrawStart,FrameDeadline,FrameInterval,FrameStartTime,SyncQueued,SyncStart,IssueDrawCommandsStart,SwapBuffers,FrameCompleted,DequeueBufferDuration,QueueBufferDuration,GpuCompleted,SwapBuffersCompleted,DisplayPresentTime,CommandSubmissionCompleted,
10-28 15:12:47.193  2542  2559 I System.out: 1 1,7202,373883681409,373900348075,0,373910652344,373910652624,373910788864,373937384191,373900348075,373910650254,16666666,373937928121,373938108061,373938210881,373938384762,373950473535,2980,458910,373950473535,373939276102,326103532745,373938384762,
10-28 15:12:47.193  2542  2559 I System.out: 2 0,7267,373917014741,373933681407,0,373944281173,373944281763,373949827175,373949847205,373983681405,373944278593,16666666,373953576176,373953591996,373953615396,373953701566,373967128249,2280,86540,373967128249,373954201416,326118345449,373953701566,
10-28 15:12:47.193  2542  2559 I System.out: 3 0,7339,373950348073,373950348073,0,373956233596,373956234076,373987518975,373987545175,374000348071,373956231946,16666666,373997054088,373997086198,373997137528,373997208178,374000489969,2180,137560,374000489969,373997759888,326169552923,373997208178,
10-28 15:12:47.193  2542  2559 I System.out: 4 0,7382,373967014739,374000348071,0,374006038770,374006039240,374022258725,374022281185,373983681405,374006036530,16666666,374031251037,374031291687,374031349757,374031745237,326200486962,2930,197820,326200486962,374032574638,326202956962,374031745237,
10-28 15:12:47.194  2542  2559 D UiDevice: Waiting 10000ms for SearchCondition[hasObject=BySelector [TEXT='\QGet Started\E']].
10-28 15:12:47.194  2542  2559 D UiDevice: Searching for node with selector: BySelector [TEXT='\QGet Started\E'].
10-28 15:12:47.203  2633  2744 D UstadCache: OKHttp-CacheInterceptor:  MISS(invalid) https://oer.kaisipan.org/v2/Site/verify
10-28 15:12:47.203  2633  2744 D UstadCache: OKHttp-CacheInterceptor:  newCacheAndStoreResponse: GET https://oer.kaisipan.org/v2/Site/verify 200 ()
10-28 15:12:47.203  2633  2744 V UstadCache: OKHttp-CacheInterceptor:  https://oer.kaisipan.org/v2/Site/verify MISS(invalid) can store/update 200  (contentType=application/json; charset=UTF-8, content-encoding=null content-length=177)
10-28 15:12:47.209  2633  2754 D UstadCache: UstadCache(): storerequest 1 entries
10-28 15:12:47.210  2633  2754 V UstadCache: UstadCache(): copied request data for https://oer.kaisipan.org/v2/Site/verify to /data/user/0/org.kaisipan.mobile/files/httpfiles/tmpwork/5.tmp (integrity=sha256-+Gj5X+R/uXuHkt8sVDRb99IojGPQMF8H9XLmkpGzlgU=)
10-28 15:12:47.210  2633  2754 V UstadCache: UstadCache(): cacheEntries created 1 entries
10-28 15:12:47.210  2633  2754 D UstadCache: UstadCache(): deleting 1 tmp files
10-28 15:12:47.210  2633  2754 D UstadCache: UstadCache(): db transaction completed
10-28 15:12:47.273   424   463 W TransactionTracing: Could not find layer handle 0x70693503c050
10-28 15:12:47.273   424   463 W TransactionTracing: Could not find layer handle 0x70693503aeb0
10-28 15:12:47.273   424   463 W TransactionTracing: Could not find layer handle 0x70693503c050
10-28 15:12:47.308   424   463 W TransactionTracing: Could not find layer handle 0x706935039290
10-28 15:12:47.356   424   463 W TransactionTracing: Could not find layer handle 0x70693503a2b0
10-28 15:12:47.358   584   856 W InputManager-JNI: Input channel object '6c4be6d Splash Screen org.kaisipan.mobile (client)' was disposed without first being removed with the input manager!
10-28 15:12:47.386   424   463 W TransactionTracing: Could not find layer handle 0x706935039bf0
10-28 15:12:47.391  1339  1339 W FrameTracker: Missed SF frame:PREDICTION_ERROR, 7195, 4653209, CUJ=J<LAUNCHER_APP_CLOSE_TO_HOME>
10-28 15:12:47.391  1339  1339 W FrameTracker: Missed SF frame:PREDICTION_ERROR, 7260, 4668686, CUJ=J<LAUNCHER_APP_CLOSE_TO_HOME>
10-28 15:12:47.391  1339  1339 W FrameTracker: Missed SF frame:PREDICTION_ERROR, 7645, 7234442, CUJ=J<LAUNCHER_APP_CLOSE_TO_HOME>
10-28 15:12:47.391  1339  1339 W FrameTracker: Missing SF jank callback for vsyncId: 7685, CUJ=J<LAUNCHER_APP_CLOSE_TO_HOME>
10-28 15:12:47.391  1339  1698 V PerfettoTrigger: Not triggering com.android.telemetry.interaction-jank-monitor-9 - not enough time since last trigger
10-28 15:12:47.408   862   918 W FrameTracker: Missing HWUI jank callback for vsyncId: 7368, CUJ=J<SPLASHSCREEN_EXIT_ANIM>
10-28 15:12:47.408   862   918 W FrameTracker: Missed SF frame:PREDICTION_ERROR, 7440, 6589240, CUJ=J<SPLASHSCREEN_EXIT_ANIM>
10-28 15:12:47.408   862   918 W FrameTracker: Missed SF frame:PREDICTION_ERROR, 7505, 0, CUJ=J<SPLASHSCREEN_EXIT_ANIM>
10-28 15:12:47.408   862   918 W FrameTracker: Missing HWUI jank callback for vsyncId: 7505, CUJ=J<SPLASHSCREEN_EXIT_ANIM>
10-28 15:12:47.408   862   918 W FrameTracker: Missed SF frame:PREDICTION_ERROR, 7534, 5772425, CUJ=J<SPLASHSCREEN_EXIT_ANIM>
10-28 15:12:47.408   862   918 W FrameTracker: Missed SF frame:PREDICTION_ERROR, 7606, 4929922, CUJ=J<SPLASHSCREEN_EXIT_ANIM>
10-28 15:12:47.408   862   918 W FrameTracker: Missed SF frame:PREDICTION_ERROR, 7743, 5024347, CUJ=J<SPLASHSCREEN_EXIT_ANIM>
10-28 15:12:47.409   862   907 V PerfettoTrigger: Not triggering com.android.telemetry.interaction-jank-monitor-39 - not enough time since last trigger
10-28 15:12:47.536   424   463 W TransactionTracing: Could not find layer handle 0x70693503cc50
10-28 15:12:47.536   424   463 W TransactionTracing: Could not find layer handle 0x70693503dfd0
10-28 15:12:47.536   424   463 W TransactionTracing: Could not find layer handle 0x70693503b870
10-28 15:12:47.536   424   463 W TransactionTracing: Could not find layer handle 0x70693503b870
10-28 15:12:47.536   424   463 W TransactionTracing: Could not find layer handle 0x70693503dfd0
10-28 15:12:47.661  2542  2559 D UiDevice: Searching for node with selector: BySelector [TEXT='\QGet Started\E'].
10-28 15:12:48.255  2542  2559 D UiDevice: Searching for node with selector: BySelector [TEXT='\QGet Started\E'].
10-28 15:12:48.358  2542  2559 D UiDevice: Searching for node with selector: BySelector [TEXT='\QGet Started\E'].
10-28 15:12:48.461  2542  2559 D UiDevice: Searching for node with selector: BySelector [TEXT='\QGet Started\E'].
10-28 15:12:48.564  2542  2559 D UiDevice: Searching for node with selector: BySelector [TEXT='\QGet Started\E'].
10-28 15:12:48.667  2542  2559 D UiDevice: Searching for node with selector: BySelector [TEXT='\QGet Started\E'].
10-28 15:12:48.770  2542  2559 D UiDevice: Searching for node with selector: BySelector [TEXT='\QGet Started\E'].
10-28 15:12:48.873  2542  2559 D UiDevice: Searching for node with selector: BySelector [TEXT='\QGet Started\E'].
10-28 15:12:48.976  2542  2559 D UiDevice: Searching for node with selector: BySelector [TEXT='\QGet Started\E'].
10-28 15:12:49.079  2542  2559 D UiDevice: Searching for node with selector: BySelector [TEXT='\QGet Started\E'].
10-28 15:12:49.183  2542  2559 D UiDevice: Searching for node with selector: BySelector [TEXT='\QGet Started\E'].
10-28 15:12:49.286  2542  2559 D UiDevice: Searching for node with selector: BySelector [TEXT='\QGet Started\E'].
10-28 15:12:49.389  2542  2559 D UiDevice: Searching for node with selector: BySelector [TEXT='\QGet Started\E'].
10-28 15:12:49.492  2542  2559 D UiDevice: Searching for node with selector: BySelector [TEXT='\QGet Started\E'].
10-28 15:12:49.596  2542  2559 D UiDevice: Searching for node with selector: BySelector [TEXT='\QGet Started\E'].
10-28 15:12:49.699  2542  2559 D UiDevice: Searching for node with selector: BySelector [TEXT='\QGet Started\E'].
10-28 15:12:49.802  2542  2559 D UiDevice: Searching for node with selector: BySelector [TEXT='\QGet Started\E'].
10-28 15:12:49.905  2542  2559 D UiDevice: Searching for node with selector: BySelector [TEXT='\QGet Started\E'].
10-28 15:12:50.009  2542  2559 D UiDevice: Searching for node with selector: BySelector [TEXT='\QGet Started\E'].
10-28 15:12:50.112  2542  2559 D UiDevice: Searching for node with selector: BySelector [TEXT='\QGet Started\E'].
10-28 15:12:50.215  2542  2559 D UiDevice: Searching for node with selector: BySelector [TEXT='\QGet Started\E'].
10-28 15:12:50.318  2542  2559 D UiDevice: Searching for node with selector: BySelector [TEXT='\QGet Started\E'].
10-28 15:12:50.421  2542  2559 D UiDevice: Searching for node with selector: BySelector [TEXT='\QGet Started\E'].
10-28 15:12:50.524  2542  2559 D UiDevice: Searching for node with selector: BySelector [TEXT='\QGet Started\E'].
10-28 15:12:50.627  2542  2559 D UiDevice: Searching for node with selector: BySelector [TEXT='\QGet Started\E'].
10-28 15:12:50.730  2542  2559 D UiDevice: Searching for node with selector: BySelector [TEXT='\QGet Started\E'].
10-28 15:12:50.833  2542  2559 D UiDevice: Searching for node with selector: BySelector [TEXT='\QGet Started\E'].
10-28 15:12:50.936  2542  2559 D UiDevice: Searching for node with selector: BySelector [TEXT='\QGet Started\E'].
10-28 15:12:51.039  2542  2559 D UiDevice: Searching for node with selector: BySelector [TEXT='\QGet Started\E'].
10-28 15:12:51.142  2542  2559 D UiDevice: Searching for node with selector: BySelector [TEXT='\QGet Started\E'].
10-28 15:12:51.245  2542  2559 D UiDevice: Searching for node with selector: BySelector [TEXT='\QGet Started\E'].
10-28 15:12:51.348  2542  2559 D UiDevice: Searching for node with selector: BySelector [TEXT='\QGet Started\E'].
10-28 15:12:51.451  2542  2559 D UiDevice: Searching for node with selector: BySelector [TEXT='\QGet Started\E'].
10-28 15:12:51.554  2542  2559 D UiDevice: Searching for node with selector: BySelector [TEXT='\QGet Started\E'].
10-28 15:12:51.657  2542  2559 D UiDevice: Searching for node with selector: BySelector [TEXT='\QGet Started\E'].
10-28 15:12:51.760  2542  2559 D UiDevice: Searching for node with selector: BySelector [TEXT='\QGet Started\E'].
10-28 15:12:51.864  2542  2559 D UiDevice: Searching for node with selector: BySelector [TEXT='\QGet Started\E'].
10-28 15:12:51.967  2542  2559 D UiDevice: Searching for node with selector: BySelector [TEXT='\QGet Started\E'].
10-28 15:12:52.070  2542  2559 D UiDevice: Searching for node with selector: BySelector [TEXT='\QGet Started\E'].
10-28 15:12:52.173  2542  2559 D UiDevice: Searching for node with selector: BySelector [TEXT='\QGet Started\E'].
10-28 15:12:52.277  2542  2559 D UiDevice: Searching for node with selector: BySelector [TEXT='\QGet Started\E'].
10-28 15:12:52.380  2542  2559 D UiDevice: Searching for node with selector: BySelector [TEXT='\QGet Started\E'].
10-28 15:12:52.483  2542  2559 D UiDevice: Searching for node with selector: BySelector [TEXT='\QGet Started\E'].
10-28 15:12:52.587  2542  2559 D UiDevice: Searching for node with selector: BySelector [TEXT='\QGet Started\E'].
10-28 15:12:52.690  2542  2559 D UiDevice: Searching for node with selector: BySelector [TEXT='\QGet Started\E'].
10-28 15:12:52.793  2542  2559 D UiDevice: Searching for node with selector: BySelector [TEXT='\QGet Started\E'].
10-28 15:12:52.896  2542  2559 D UiDevice: Searching for node with selector: BySelector [TEXT='\QGet Started\E'].
10-28 15:12:52.999  2542  2559 D UiDevice: Searching for node with selector: BySelector [TEXT='\QGet Started\E'].
10-28 15:12:53.102  2542  2559 D UiDevice: Searching for node with selector: BySelector [TEXT='\QGet Started\E'].
10-28 15:12:53.205  2542  2559 D UiDevice: Searching for node with selector: BySelector [TEXT='\QGet Started\E'].
10-28 15:12:53.308  2542  2559 D UiDevice: Searching for node with selector: BySelector [TEXT='\QGet Started\E'].
10-28 15:12:53.411  2542  2559 D UiDevice: Searching for node with selector: BySelector [TEXT='\QGet Started\E'].
10-28 15:12:53.514  2542  2559 D UiDevice: Searching for node with selector: BySelector [TEXT='\QGet Started\E'].
10-28 15:12:53.617  2542  2559 D UiDevice: Searching for node with selector: BySelector [TEXT='\QGet Started\E'].
10-28 15:12:53.720  2542  2559 D UiDevice: Searching for node with selector: BySelector [TEXT='\QGet Started\E'].
10-28 15:12:53.824  2542  2559 D UiDevice: Searching for node with selector: BySelector [TEXT='\QGet Started\E'].
10-28 15:12:53.927  2542  2559 D UiDevice: Searching for node with selector: BySelector [TEXT='\QGet Started\E'].
10-28 15:12:54.030  2542  2559 D UiDevice: Searching for node with selector: BySelector [TEXT='\QGet Started\E'].
10-28 15:12:54.133  2542  2559 D UiDevice: Searching for node with selector: BySelector [TEXT='\QGet Started\E'].
10-28 15:12:54.236  2542  2559 D UiDevice: Searching for node with selector: BySelector [TEXT='\QGet Started\E'].
10-28 15:12:54.339  2542  2559 D UiDevice: Searching for node with selector: BySelector [TEXT='\QGet Started\E'].
10-28 15:12:54.442  2542  2559 D UiDevice: Searching for node with selector: BySelector [TEXT='\QGet Started\E'].
10-28 15:12:54.545  2542  2559 D UiDevice: Searching for node with selector: BySelector [TEXT='\QGet Started\E'].
10-28 15:12:54.649  2542  2559 D UiDevice: Searching for node with selector: BySelector [TEXT='\QGet Started\E'].
10-28 15:12:54.752  2542  2559 D UiDevice: Searching for node with selector: BySelector [TEXT='\QGet Started\E'].
10-28 15:12:54.855  2542  2559 D UiDevice: Searching for node with selector: BySelector [TEXT='\QGet Started\E'].
10-28 15:12:54.958  2542  2559 D UiDevice: Searching for node with selector: BySelector [TEXT='\QGet Started\E'].
10-28 15:12:55.061  2542  2559 D UiDevice: Searching for node with selector: BySelector [TEXT='\QGet Started\E'].
10-28 15:12:55.164  2542  2559 D UiDevice: Searching for node with selector: BySelector [TEXT='\QGet Started\E'].
10-28 15:12:55.268  2542  2559 D UiDevice: Searching for node with selector: BySelector [TEXT='\QGet Started\E'].
10-28 15:12:55.371  2542  2559 D UiDevice: Searching for node with selector: BySelector [TEXT='\QGet Started\E'].
10-28 15:12:55.474  2542  2559 D UiDevice: Searching for node with selector: BySelector [TEXT='\QGet Started\E'].
10-28 15:12:55.577  2542  2559 D UiDevice: Searching for node with selector: BySelector [TEXT='\QGet Started\E'].
