10-28 15:14:01.088  2542  2559 I System.out: 13 0,10216,424083679401,424083679401,0,424084239030,424084239460,424086724281,424086764821,424117012733,424084237600,16666666,424088835872,424090554282,424090620142,424091688942,424103646876,10830633,101010,424100439585,424103646876,424119389390,424091688942,
10-28 15:14:01.088  2542  2559 I System.out: 14 0,10238,424100346067,424100346067,0,424100519965,424100520375,424103058896,424103085206,424133679399,424100518275,16666666,424105004386,424105205726,424105260726,424105991156,424119655260,12706303,77630,424117135390,424119655260,424136227565,424105991156,
10-28 15:14:01.088  2542  2559 I System.out: 15 0,10274,424117012733,424117012733,0,424117184600,424117184890,424121011871,424121044171,424150346065,424117183360,16666666,424123546511,424123585211,424123643991,424124484102,424137928945,12440293,102200,424133818414,424137928945,424151634909,424124484102,
10-28 15:14:01.088  2542  2559 I System.out: 16 0,10310,424133679399,424133679399,0,424133881034,424133881364,424137382225,424137405435,424167012731,424133879624,16666666,424139530416,424139594286,424139669746,424140754826,424152758849,11046583,125440,424141656326,424152758849,424169453514,424140754826,
10-28 15:14:01.088  2542  2559 I System.out: 17 0,10332,424150346065,424150346065,0,424150535619,424150536159,424153955510,424153979990,424183679397,424150533359,16666666,424155586490,424155625200,424155670520,424156379210,424169571264,12290023,90210,424167124243,424169571264,424185898109,424156379210,
10-28 15:14:01.088  2542  2559 I System.out: 18 0,10365,424167012731,424167012731,0,424167654834,424167655144,424171029304,424171056524,424200346063,424167653334,16666666,424173175095,424173219235,424173264035,424174126495,424186180949,11055593,80240,424183797548,424186180949,424202264333,424174126495,
10-28 15:14:01.088  2542  2559 I System.out: 19 0,10376,424183679397,424183679397,0,424183854108,424183854488,424186460589,424186484029,424217012729,424183852778,16666666,424187982059,424188014589,424188055109,424188692859,424202386033,12616913,115220,424200457983,424202386033,424218960048,424188692859,
10-28 15:14:01.088  2542  2559 I System.out: 20 0,10398,424200346063,424200346063,0,424200509173,424200509843,424203644884,424203671124,424233679395,424200507943,16666666,424206113774,424206168564,424206227194,424207206615,424219115648,10979953,106660,424217122687,424219115648,424235811922,424207206615,
10-28 15:14:01.089  2542  2559 I System.out: 21 0,10420,424217012729,424217012729,0,424217193947,424217194437,424217946428,424217970858,424250346061,424217192177,16666666,424219174838,424219200558,424219238688,424219425048,424235959043,15614584,108390,424233790332,424235959043,424252023027,424219425048,
10-28 15:14:01.089  2542  2559 I System.out: 22 0,10435,424233679395,424233679395,0,424233858812,424233859162,424234355762,424234373402,424267012727,424233857712,16666666,424235416572,424235983343,424236022133,424236230663,424252272367,15073214,99090,424250465997,424252272367,424269895932,424236230663,
10-28 15:14:01.089  2542  2559 I System.out: 23 0,10450,424250346061,424250346061,0,424250483727,424250484007,424252649847,424252682757,424283679393,424250482607,16666666,424254554028,424254600708,424254643138,424255096458,424270170792,14300914,98940,424267136371,424270170792,424284924716,424255096458,
10-28 15:14:01.089  2542  2559 I System.out: 24 0,10472,424267012727,424267012727,0,424267241721,424267242261,424270641302,424270678122,424300346059,424267240221,16666666,424272070023,424272124583,424272165043,424272588313,424285076026,11808503,91030,424283763066,424285076026,424301710571,424272588313,
10-28 15:14:01.089  2542  2559 I System.out: 25 0,10480,424283679393,424283679393,0,424283903516,424283903986,424285382026,424285409716,424317012725,424283901786,16666666,424286973307,424287024037,424287059677,424287380637,424302764821,14693864,82950,424300482770,424302764821,424318165765,424287380637,
10-28 15:14:01.089  2542  2559 I System.out: 26 0,10497,424300346059,424300346059,0,424300565990,424300566510,424301797631,424301826131,424333679391,424300563790,16666666,424303178921,424303240741,424303283921,424303634441,424318408755,13954093,96531,424317142615,424318408755,424335457010,424303634441,
10-28 15:14:01.089  2542  2559 I System.out: 27 0,10517,424317012725,424317012725,0,424317203865,424317204485,424317887815,424317919985,424350346057,424317200945,16666666,424318091905,424318441465,424318489325,424319141576,424336792211,16701305,103820,424333786210,424336792211,543888888688293,424319141576,
10-28 15:14:01.089  2542  2559 I System.out: 28 0,10546,424333679391,424333679391,0,424334538970,424334539290,424335062290,424335079290,424367012723,424334537870,16666666,424336593710,424336830901,424336888801,424337324751,424351613475,13413024,106350,424350458434,424351613475,0,424337324751,
10-28 15:14:01.090  2542  2559 I System.out: 29 0,10568,424350346057,424350346057,0,424350503964,424350504224,424353261505,424353284425,424383679389,424350503004,16666666,424355200786,424355247616,424355304386,424355811866,424368261719,11525103,145060,424367102209,424368261719,0,424355811866,
10-28 15:14:01.090  2542  2559 I System.out: 30 0,10590,424367012723,424367012723,0,424367163319,424367163789,424368089779,424368821559,424400346055,424367161639,16666666,424368954509,424369001789,424369054399,424369519690,424385185624,14669574,188800,424383777804,424385185624,0,424369519690,
10-28 15:14:01.090  2542  2559 D Benchmark: Starting activity with command: am start  -W "intent:#Intent;action=android.intent.action.MAIN;category=android.intent.category.LAUNCHER;launchFlags=0x10008000;package=org.kaisipan.mobile;component=org.kaisipan.mobile/com.ustadmobile.port.android.view.AppActivity;end"
10-28 15:14:01.092  1493  3492 W MediaProvider: isAppCloneUserPair for user 0: false
10-28 15:14:01.093  1493  3492 V MediaProvider: Inserted id:1000000065 less than next row id backup:1000001000.
10-28 15:14:01.119   862   919 D SplashScreenView: Build android.window.SplashScreenView{c6b3426 V.E...... ......ID 0,0-0,0}
10-28 15:14:01.119   862   919 D SplashScreenView: Icon: view: null drawable: null size: 0
10-28 15:14:01.119   862   919 D SplashScreenView: Branding: view: android.view.View{eecf867 G.ED..... ......I. 0,0-0,0 #10204db android:id/splashscreen_branding_view} drawable: null size w: 0 h: 0
10-28 15:14:01.122  2633  2633 D AppActivity$onDestroy: AppActivity#onDestroy
10-28 15:14:01.127   584  1597 W InputManager-JNI: Input channel object 'eec1b65 org.kaisipan.mobile/com.ustadmobile.port.android.view.AppActivity (client)' was disposed without first being removed with the input manager!
10-28 15:14:01.134  2633  2633 W CustomTabsClient: Unable to find any Custom Tabs packages, you may need to add a <queries> element to your manifest. See the docs for CustomTabsClient#getPackageName.
10-28 15:14:01.134  2633  2633 W AppActivity$bindCustomTabsService: CustomTabs: Service NOT supported
10-28 15:14:01.143  2633  2633 D AutofillManager: Fill dialog is enabled:false, hints=[]
10-28 15:14:01.145   862  1304 W Parcel  : Expecting binder but got null!
10-28 15:14:01.149  2633  2633 W OnBackInvokedCallback: OnBackInvokedCallback is not enabled for the application.
10-28 15:14:01.149  2633  2633 W OnBackInvokedCallback: Set 'android:enableOnBackInvokedCallback="true"' in the application manifest.
10-28 15:14:01.153   584   942 D ConnectivityService: requestNetwork for uid/pid:10126/2633 activeRequest: null callbackRequest: 58 [NetworkRequest [ REQUEST id=59, [ Capabilities: INTERNET&NOT_RESTRICTED&TRUSTED&NOT_VCN_MANAGED Uid: 10126 RequestorUid: 10126 RequestorPkg: org.kaisipan.mobile UnderlyingNetworks: Null] ]] callback flags: 0 order: 2147483647
10-28 15:14:01.154   584   808 D ConnectivityService: NetReassign [59 : null → 100]
10-28 15:14:01.154   584   801 D WifiNetworkFactory: got request NetworkRequest [ REQUEST id=59, [ Capabilities: INTERNET&NOT_RESTRICTED&TRUSTED&NOT_VCN_MANAGED Uid: 10126 RequestorUid: 10126 RequestorPkg: org.kaisipan.mobile UnderlyingNetworks: Null] ]
10-28 15:14:01.154   584   801 D UntrustedWifiNetworkFactory: got request NetworkRequest [ REQUEST id=59, [ Capabilities: INTERNET&NOT_RESTRICTED&TRUSTED&NOT_VCN_MANAGED Uid: 10126 RequestorUid: 10126 RequestorPkg: org.kaisipan.mobile UnderlyingNetworks: Null] ]
10-28 15:14:01.155   584   801 D OemPaidWifiNetworkFactory: got request NetworkRequest [ REQUEST id=59, [ Capabilities: INTERNET&NOT_RESTRICTED&TRUSTED&NOT_VCN_MANAGED Uid: 10126 RequestorUid: 10126 RequestorPkg: org.kaisipan.mobile UnderlyingNetworks: Null] ]
10-28 15:14:01.155   584   801 D MultiInternetWifiNetworkFactory: got request NetworkRequest [ REQUEST id=59, [ Capabilities: INTERNET&NOT_RESTRICTED&TRUSTED&NOT_VCN_MANAGED Uid: 10126 RequestorUid: 10126 RequestorPkg: org.kaisipan.mobile UnderlyingNetworks: Null] ]
10-28 15:14:01.161  2633  2690 W Parcel  : Expecting binder but got null!
10-28 15:14:01.167  2633  2633 D UstadViewModelFunKt$ustadViewModel$viewModel$invoke: ustadViewModel(): create viewmodel for: com.ustadmobile.core.viewmodel.redirect.RedirectViewModel
10-28 15:14:01.168   584   604 I ActivityTaskManager: Displayed org.kaisipan.mobile/com.ustadmobile.port.android.view.AppActivity: +50ms
10-28 15:14:01.168  2633  2633 I System.out: com.ustadmobile.core.db.UmAppDatabase_DoorWrapper@229d481
10-28 15:14:01.170   424   463 W TransactionTracing: Could not find layer handle 0x7069350403d0
10-28 15:14:01.179  2633  2633 D UstadNavControllerPreCompose$onCollectNavCommand: NavCommandEffect: Navigate: Go to Login
10-28 15:14:01.183  2633  2633 D UstadViewModelFunKt$ustadViewModel$viewModel$invoke: ustadViewModel(): create viewmodel for: com.ustadmobile.core.viewmodel.login.LoginViewModel
10-28 15:14:01.186  2633  2744 V UstadCache: OKHttp-CacheInterceptor:  intercept: GET https://oer.kaisipan.org/v2/Site/verify
10-28 15:14:01.186  2633  2744 I UstadCache: UstadCache(): Retrieve https://oer.kaisipan.org/v2/Site/verify
10-28 15:14:01.186  2633  2744 D UstadCache: UstadCache(): FOUND https://oer.kaisipan.org/v2/Site/verify
10-28 15:14:01.188  2633  2744 D TrafficStats: tagSocket(100) with statsTag=0xffffffff, statsUid=-1
10-28 15:14:01.190  2542  2559 D Benchmark: Result: Starting: Intent { act=android.intent.action.MAIN cat=[android.intent.category.LAUNCHER] flg=0x10008000 pkg=org.kaisipan.mobile cmp=org.kaisipan.mobile/com.ustadmobile.port.android.view.AppActivity }
10-28 15:14:01.190  2542  2559 D Benchmark: Status: ok
10-28 15:14:01.190  2542  2559 D Benchmark: LaunchState: WARM
10-28 15:14:01.190  2542  2559 D Benchmark: Activity: org.kaisipan.mobile/com.ustadmobile.port.android.view.AppActivity
10-28 15:14:01.190  2542  2559 D Benchmark: TotalTime: 50
10-28 15:14:01.190  2542  2559 D Benchmark: WaitTime: 50
10-28 15:14:01.190  2542  2559 D Benchmark: Complete
10-28 15:14:01.206  1493  3492 W MediaProvider: isAppCloneUserPair for user 0: false
10-28 15:14:01.207  1493  3492 V MediaProvider: Inserted id:1000000066 less than next row id backup:1000001000.
10-28 15:14:01.281  2633  2744 D UstadCache: OKHttp-CacheInterceptor:  MISS(invalid) https://oer.kaisipan.org/v2/Site/verify
10-28 15:14:01.282  2633  2744 D UstadCache: OKHttp-CacheInterceptor:  newCacheAndStoreResponse: GET https://oer.kaisipan.org/v2/Site/verify 200 ()
10-28 15:14:01.282  2633  2744 V UstadCache: OKHttp-CacheInterceptor:  https://oer.kaisipan.org/v2/Site/verify MISS(invalid) can store/update 200  (contentType=application/json; charset=UTF-8, content-encoding=null content-length=177)
10-28 15:14:01.285  2633  2754 D UstadCache: UstadCache(): storerequest 1 entries
10-28 15:14:01.285  2542  2559 I System.out: 0 Flags,FrameTimelineVsyncId,IntendedVsync,Vsync,InputEventId,HandleInputStart,AnimationStart,PerformTraversalsStart,DrawStart,FrameDeadline,FrameInterval,FrameStartTime,SyncQueued,SyncStart,IssueDrawCommandsStart,SwapBuffers,FrameCompleted,DequeueBufferDuration,QueueBufferDuration,GpuCompleted,SwapBuffersCompleted,DisplayPresentTime,CommandSubmissionCompleted,
10-28 15:14:01.286  2542  2559 I System.out: 1 1,10882,448000345111,448000345111,0,448005729325,448005729685,448005729855,448023503810,448017011777,448005727735,16666666,448023799450,448023927140,448023992210,448024234180,448024909710,2540,252440,448024881740,448024909710,398186776607,448024234180,
10-28 15:14:01.286  2542  2559 I System.out: 2 0,10931,448017011777,448017011777,0,448027916461,448027917171,448041219995,448041245525,448050345109,448027915271,16666666,448041842965,448041869735,448041899925,448041962875,448042513145,2100,140130,448042480245,448042513145,398223802737,448041962875,
10-28 15:14:01.286  2542  2559 I System.out: 3 0,10967,448033678443,448033678443,0,448043678946,448043679216,448075232534,448075258764,448067011775,448043677946,16666666,448083496627,448083528237,448083577937,448083643337,448088307818,2820,223710,448088267438,448088307818,398253229605,448083643337,
10-28 15:14:01.286  2542  2559 I System.out: 4 0,11010,448050345109,448083678441,0,448090006778,448090007438,448117220336,448117247496,448067011775,448090004338,16666666,448126494739,448126551919,448126595619,448126879539,398283809414,2980,102910,398283809414,448127489939,398285735854,448126879539,
10-28 15:14:01.286  2542  2559 D UiDevice: Waiting 10000ms for SearchCondition[hasObject=BySelector [TEXT='\QGet Started\E']].
10-28 15:14:01.286  2633  2754 V UstadCache: UstadCache(): copied request data for https://oer.kaisipan.org/v2/Site/verify to /data/user/0/org.kaisipan.mobile/files/httpfiles/tmpwork/8.tmp (integrity=sha256-+Gj5X+R/uXuHkt8sVDRb99IojGPQMF8H9XLmkpGzlgU=)
10-28 15:14:01.286  2542  2559 D UiDevice: Searching for node with selector: BySelector [TEXT='\QGet Started\E'].
10-28 15:14:01.286  2633  2754 V UstadCache: UstadCache(): cacheEntries created 1 entries
10-28 15:14:01.291  2633  2754 D UstadCache: UstadCache(): deleting 1 tmp files
10-28 15:14:01.291  2633  2754 D UstadCache: UstadCache(): db transaction completed
10-28 15:14:01.407   424   463 W TransactionTracing: Could not find layer handle 0x7069350379d0
10-28 15:14:01.407   424   463 W TransactionTracing: Could not find layer handle 0x706935039470
10-28 15:14:01.407   424   463 W TransactionTracing: Could not find layer handle 0x7069350379d0
10-28 15:14:01.453   424   463 W TransactionTracing: Could not find layer handle 0x706935038e70
10-28 15:14:01.458   584  1007 W InputManager-JNI: Input channel object '2fa0a9e Splash Screen org.kaisipan.mobile (client)' was disposed without first being removed with the input manager!
10-28 15:14:01.487   424   463 W TransactionTracing: Could not find layer handle 0x70693503fd70
10-28 15:14:01.490  1339  1339 W FrameTracker: Missed SF frame:PREDICTION_ERROR, 10762, 5186621, CUJ=J<LAUNCHER_APP_CLOSE_TO_HOME>
10-28 15:14:01.490  1339  1339 W FrameTracker: Missed SF frame:PREDICTION_ERROR, 10830, 3768666, CUJ=J<LAUNCHER_APP_CLOSE_TO_HOME>
10-28 15:14:01.490  1339  1339 W FrameTracker: Missed SF frame:PREDICTION_ERROR, 10960, 6599892, CUJ=J<LAUNCHER_APP_CLOSE_TO_HOME>
10-28 15:14:01.490  1339  1339 W FrameTracker: Missed SF frame:PREDICTION_ERROR, 11040, 4236108, CUJ=J<LAUNCHER_APP_CLOSE_TO_HOME>
10-28 15:14:01.490  1339  1339 W FrameTracker: Missed SF frame:PREDICTION_ERROR, 11111, 3855475, CUJ=J<LAUNCHER_APP_CLOSE_TO_HOME>
10-28 15:14:01.490  1339  1339 W FrameTracker: Missed SF frame:PREDICTION_ERROR, 11147, 3636864, CUJ=J<LAUNCHER_APP_CLOSE_TO_HOME>
10-28 15:14:01.490  1339  1339 W FrameTracker: Missed SF frame:PREDICTION_ERROR, 11212, 4373011, CUJ=J<LAUNCHER_APP_CLOSE_TO_HOME>
10-28 15:14:01.490  1339  1339 W FrameTracker: Missed SF frame:PREDICTION_ERROR, 11284, 4606379, CUJ=J<LAUNCHER_APP_CLOSE_TO_HOME>
10-28 15:14:01.490  1339  1339 W FrameTracker: Missed SF frame:PREDICTION_ERROR, 11320, 4812087, CUJ=J<LAUNCHER_APP_CLOSE_TO_HOME>
10-28 15:14:01.490  1339  1339 W FrameTracker: Missed SF frame:PREDICTION_ERROR, 11381, 3063714, CUJ=J<LAUNCHER_APP_CLOSE_TO_HOME>
10-28 15:14:01.490  1339  1339 W FrameTracker: Missing SF jank callback for vsyncId: 11414, CUJ=J<LAUNCHER_APP_CLOSE_TO_HOME>
10-28 15:14:01.490  1339  1698 V PerfettoTrigger: Not triggering com.android.telemetry.interaction-jank-monitor-9 - not enough time since last trigger
10-28 15:14:01.508   862   918 W FrameTracker: Missed SF frame:PREDICTION_ERROR, 10989, 10775521, CUJ=J<SPLASHSCREEN_EXIT_ANIM>
10-28 15:14:01.508   862   918 W FrameTracker: Missed SF frame:PREDICTION_ERROR, 11033, 3544448, CUJ=J<SPLASHSCREEN_EXIT_ANIM>
10-28 15:14:01.508   862   918 W FrameTracker: Missed SF frame:PREDICTION_ERROR, 11074, 3689077, CUJ=J<SPLASHSCREEN_EXIT_ANIM>
10-28 15:14:01.508   862   918 W FrameTracker: Missed SF frame:PREDICTION_ERROR, 11101, 4202595, CUJ=J<SPLASHSCREEN_EXIT_ANIM>
10-28 15:14:01.508   862   918 W FrameTracker: Missed SF frame:PREDICTION_ERROR, 11140, 4041444, CUJ=J<SPLASHSCREEN_EXIT_ANIM>
10-28 15:14:01.508   862   918 W FrameTracker: Missed SF frame:PREDICTION_ERROR, 11241, 4310410, CUJ=J<SPLASHSCREEN_EXIT_ANIM>
10-28 15:14:01.508   862   918 W FrameTracker: Missing HWUI jank callback for vsyncId: 11277, CUJ=J<SPLASHSCREEN_EXIT_ANIM>
10-28 15:14:01.508   862   918 W FrameTracker: Missed SF frame:PREDICTION_ERROR, 11313, 4971227, CUJ=J<SPLASHSCREEN_EXIT_ANIM>
10-28 15:14:01.508   862   918 W FrameTracker: Missed SF frame:PREDICTION_ERROR, 11342, 4881686, CUJ=J<SPLASHSCREEN_EXIT_ANIM>
10-28 15:14:01.508   862   918 W FrameTracker: Missed SF frame:PREDICTION_ERROR, 11469, 0, CUJ=J<SPLASHSCREEN_EXIT_ANIM>
10-28 15:14:01.508   862   918 W FrameTracker: Missing HWUI jank callback for vsyncId: 11469, CUJ=J<SPLASHSCREEN_EXIT_ANIM>
10-28 15:14:01.508   862   918 W FrameTracker: Missing SF jank callback for vsyncId: 11494, CUJ=J<SPLASHSCREEN_EXIT_ANIM>
10-28 15:14:01.508   862   907 V PerfettoTrigger: Not triggering com.android.telemetry.interaction-jank-monitor-39 - not enough time since last trigger
10-28 15:14:01.636   424   463 W TransactionTracing: Could not find layer handle 0x70693503fbf0
10-28 15:14:01.636   424   463 W TransactionTracing: Could not find layer handle 0x706935038a50
10-28 15:14:01.636   424   463 W TransactionTracing: Could not find layer handle 0x706935038a50
10-28 15:14:01.780  2542  2559 D UiDevice: Searching for node with selector: BySelector [TEXT='\QGet Started\E'].
10-28 15:14:02.369  2542  2559 D UiDevice: Searching for node with selector: BySelector [TEXT='\QGet Started\E'].
10-28 15:14:02.472  2542  2559 D UiDevice: Searching for node with selector: BySelector [TEXT='\QGet Started\E'].
10-28 15:14:02.575  2542  2559 D UiDevice: Searching for node with selector: BySelector [TEXT='\QGet Started\E'].
10-28 15:14:02.679  2542  2559 D UiDevice: Searching for node with selector: BySelector [TEXT='\QGet Started\E'].
10-28 15:14:02.796  2542  2559 D UiDevice: Searching for node with selector: BySelector [TEXT='\QGet Started\E'].
10-28 15:14:02.919  2542  2559 D UiDevice: Searching for node with selector: BySelector [TEXT='\QGet Started\E'].
10-28 15:14:03.051  2542  2559 D UiDevice: Searching for node with selector: BySelector [TEXT='\QGet Started\E'].
10-28 15:14:03.171  2542  2559 D UiDevice: Searching for node with selector: BySelector [TEXT='\QGet Started\E'].
10-28 15:14:03.277  2542  2559 D UiDevice: Searching for node with selector: BySelector [TEXT='\QGet Started\E'].
10-28 15:14:03.382  2542  2559 D UiDevice: Searching for node with selector: BySelector [TEXT='\QGet Started\E'].
10-28 15:14:03.486  2542  2559 D UiDevice: Searching for node with selector: BySelector [TEXT='\QGet Started\E'].
10-28 15:14:03.591  2542  2559 D UiDevice: Searching for node with selector: BySelector [TEXT='\QGet Started\E'].
10-28 15:14:03.694  2542  2559 D UiDevice: Searching for node with selector: BySelector [TEXT='\QGet Started\E'].
10-28 15:14:03.798  2542  2559 D UiDevice: Searching for node with selector: BySelector [TEXT='\QGet Started\E'].
10-28 15:14:03.902  2542  2559 D UiDevice: Searching for node with selector: BySelector [TEXT='\QGet Started\E'].
10-28 15:14:04.006  2542  2559 D UiDevice: Searching for node with selector: BySelector [TEXT='\QGet Started\E'].
10-28 15:14:04.110  2542  2559 D UiDevice: Searching for node with selector: BySelector [TEXT='\QGet Started\E'].
10-28 15:14:04.213  2542  2559 D UiDevice: Searching for node with selector: BySelector [TEXT='\QGet Started\E'].
10-28 15:14:04.317  2542  2559 D UiDevice: Searching for node with selector: BySelector [TEXT='\QGet Started\E'].
10-28 15:14:04.421  2542  2559 D UiDevice: Searching for node with selector: BySelector [TEXT='\QGet Started\E'].
10-28 15:14:04.525  2542  2559 D UiDevice: Searching for node with selector: BySelector [TEXT='\QGet Started\E'].
10-28 15:14:04.629  2542  2559 D UiDevice: Searching for node with selector: BySelector [TEXT='\QGet Started\E'].
10-28 15:14:04.732  2542  2559 D UiDevice: Searching for node with selector: BySelector [TEXT='\QGet Started\E'].
10-28 15:14:04.836  2542  2559 D UiDevice: Searching for node with selector: BySelector [TEXT='\QGet Started\E'].
10-28 15:14:04.940  2542  2559 D UiDevice: Searching for node with selector: BySelector [TEXT='\QGet Started\E'].
10-28 15:14:05.044  2542  2559 D UiDevice: Searching for node with selector: BySelector [TEXT='\QGet Started\E'].
10-28 15:14:05.148  2542  2559 D UiDevice: Searching for node with selector: BySelector [TEXT='\QGet Started\E'].
10-28 15:14:05.251  2542  2559 D UiDevice: Searching for node with selector: BySelector [TEXT='\QGet Started\E'].
10-28 15:14:05.356  2542  2559 D UiDevice: Searching for node with selector: BySelector [TEXT='\QGet Started\E'].
10-28 15:14:05.459  2542  2559 D UiDevice: Searching for node with selector: BySelector [TEXT='\QGet Started\E'].
10-28 15:14:05.563  2542  2559 D UiDevice: Searching for node with selector: BySelector [TEXT='\QGet Started\E'].
10-28 15:14:05.667  2542  2559 D UiDevice: Searching for node with selector: BySelector [TEXT='\QGet Started\E'].
10-28 15:14:05.770  2542  2559 D UiDevice: Searching for node with selector: BySelector [TEXT='\QGet Started\E'].
10-28 15:14:05.874  2542  2559 D UiDevice: Searching for node with selector: BySelector [TEXT='\QGet Started\E'].
10-28 15:14:05.978  2542  2559 D UiDevice: Searching for node with selector: BySelector [TEXT='\QGet Started\E'].
10-28 15:14:06.082  2542  2559 D UiDevice: Searching for node with selector: BySelector [TEXT='\QGet Started\E'].
10-28 15:14:06.186  2542  2559 D UiDevice: Searching for node with selector: BySelector [TEXT='\QGet Started\E'].
10-28 15:14:06.290  2542  2559 D UiDevice: Searching for node with selector: BySelector [TEXT='\QGet Started\E'].
10-28 15:14:06.394  2542  2559 D UiDevice: Searching for node with selector: BySelector [TEXT='\QGet Started\E'].
10-28 15:14:06.497  2542  2559 D UiDevice: Searching for node with selector: BySelector [TEXT='\QGet Started\E'].
10-28 15:14:06.601  2542  2559 D UiDevice: Searching for node with selector: BySelector [TEXT='\QGet Started\E'].
10-28 15:14:06.704  2542  2559 D UiDevice: Searching for node with selector: BySelector [TEXT='\QGet Started\E'].
10-28 15:14:06.808  2542  2559 D UiDevice: Searching for node with selector: BySelector [TEXT='\QGet Started\E'].
10-28 15:14:06.912  2542  2559 D UiDevice: Searching for node with selector: BySelector [TEXT='\QGet Started\E'].
10-28 15:14:07.015  2542  2559 D UiDevice: Searching for node with selector: BySelector [TEXT='\QGet Started\E'].
10-28 15:14:07.119  2542  2559 D UiDevice: Searching for node with selector: BySelector [TEXT='\QGet Started\E'].
10-28 15:14:07.223  2542  2559 D UiDevice: Searching for node with selector: BySelector [TEXT='\QGet Started\E'].
10-28 15:14:07.326  2542  2559 D UiDevice: Searching for node with selector: BySelector [TEXT='\QGet Started\E'].
10-28 15:14:07.430  2542  2559 D UiDevice: Searching for node with selector: BySelector [TEXT='\QGet Started\E'].
10-28 15:14:07.534  2542  2559 D UiDevice: Searching for node with selector: BySelector [TEXT='\QGet Started\E'].
10-28 15:14:07.638  2542  2559 D UiDevice: Searching for node with selector: BySelector [TEXT='\QGet Started\E'].
10-28 15:14:07.741  2542  2559 D UiDevice: Searching for node with selector: BySelector [TEXT='\QGet Started\E'].
10-28 15:14:07.845  2542  2559 D UiDevice: Searching for node with selector: BySelector [TEXT='\QGet Started\E'].
10-28 15:14:07.949  2542  2559 D UiDevice: Searching for node with selector: BySelector [TEXT='\QGet Started\E'].
10-28 15:14:08.053  2542  2559 D UiDevice: Searching for node with selector: BySelector [TEXT='\QGet Started\E'].
10-28 15:14:08.156  2542  2559 D UiDevice: Searching for node with selector: BySelector [TEXT='\QGet Started\E'].
10-28 15:14:08.260  2542  2559 D UiDevice: Searching for node with selector: BySelector [TEXT='\QGet Started\E'].
10-28 15:14:08.364  2542  2559 D UiDevice: Searching for node with selector: BySelector [TEXT='\QGet Started\E'].
10-28 15:14:08.467  2542  2559 D UiDevice: Searching for node with selector: BySelector [TEXT='\QGet Started\E'].
10-28 15:14:08.571  2542  2559 D UiDevice: Searching for node with selector: BySelector [TEXT='\QGet Started\E'].
10-28 15:14:08.675  2542  2559 D UiDevice: Searching for node with selector: BySelector [TEXT='\QGet Started\E'].
10-28 15:14:08.779  2542  2559 D UiDevice: Searching for node with selector: BySelector [TEXT='\QGet Started\E'].
10-28 15:14:08.883  2542  2559 D UiDevice: Searching for node with selector: BySelector [TEXT='\QGet Started\E'].
10-28 15:14:08.987  2542  2559 D UiDevice: Searching for node with selector: BySelector [TEXT='\QGet Started\E'].
10-28 15:14:09.090  2542  2559 D UiDevice: Searching for node with selector: BySelector [TEXT='\QGet Started\E'].
10-28 15:14:09.194  2542  2559 D UiDevice: Searching for node with selector: BySelector [TEXT='\QGet Started\E'].
10-28 15:14:09.298  2542  2559 D UiDevice: Searching for node with selector: BySelector [TEXT='\QGet Started\E'].
10-28 15:14:09.401  2542  2559 D UiDevice: Searching for node with selector: BySelector [TEXT='\QGet Started\E'].
10-28 15:14:09.506  2542  2559 D UiDevice: Searching for node with selector: BySelector [TEXT='\QGet Started\E'].
10-28 15:14:09.609  2542  2559 D UiDevice: Searching for node with selector: BySelector [TEXT='\QGet Started\E'].
10-28 15:14:09.712  2542  2559 D UiDevice: Searching for node with selector: BySelector [TEXT='\QGet Started\E'].
10-28 15:14:09.816  2542  2559 D UiDevice: Searching for node with selector: BySelector [TEXT='\QGet Started\E'].
10-28 15:14:09.920  2542  2559 D UiDevice: Searching for node with selector: BySelector [TEXT='\QGet Started\E'].
10-28 15:14:10.023  2542  2559 D UiDevice: Searching for node with selector: BySelector [TEXT='\QGet Started\E'].
10-28 15:14:10.127  2542  2559 D UiDevice: Searching for node with selector: BySelector [TEXT='\QGet Started\E'].
10-28 15:14:10.231  2542  2559 D UiDevice: Searching for node with selector: BySelector [TEXT='\QGet Started\E'].
10-28 15:14:10.334  2542  2559 D UiDevice: Searching for node with selector: BySelector [TEXT='\QGet Started\E'].
10-28 15:14:10.438  2542  2559 D UiDevice: Searching for node with selector: BySelector [TEXT='\QGet Started\E'].
10-28 15:14:10.542  2542  2559 D UiDevice: Searching for node with selector: BySelector [TEXT='\QGet Started\E'].
10-28 15:14:10.646  2542  2559 D UiDevice: Searching for node with selector: BySelector [TEXT='\QGet Started\E'].
10-28 15:14:10.750  2542  2559 D UiDevice: Searching for node with selector: BySelector [TEXT='\QGet Started\E'].
10-28 15:14:10.853  2542  2559 D UiDevice: Searching for node with selector: BySelector [TEXT='\QGet Started\E'].
10-28 15:14:10.958  2542  2559 D UiDevice: Searching for node with selector: BySelector [TEXT='\QGet Started\E'].
10-28 15:14:11.062  2542  2559 D UiDevice: Searching for node with selector: BySelector [TEXT='\QGet Started\E'].
10-28 15:14:11.165  2542  2559 D UiDevice: Searching for node with selector: BySelector [TEXT='\QGet Started\E'].
10-28 15:14:11.269  2542  2559 D UiDevice: Searching for node with selector: BySelector [TEXT='\QGet Started\E'].
10-28 15:14:11.372  2542  2559 D UiDevice: Searching for node with selector: BySelector [TEXT='\QGet Started\E'].
10-28 15:14:12.376  2542  2559 D UiDevice: Retrieving node with selector: BySelector [TEXT='\QGet Started\E'].
10-28 15:14:12.380  2542  2559 D UiDevice: Node not found with selector: BySelector [TEXT='\QGet Started\E'].
10-28 15:14:15.422  2633  2703 D UstadCache: CacheTrimmer:  Trim cache run: max (evictable) size = 100000000 bytes
10-28 15:14:15.424  2633  2703 V UstadCache: CacheTrimmer:  deleting
10-28 15:14:17.380  2542  2559 D Benchmark: Profile Installer - Save Profile
10-28 15:14:17.414  2633  2633 I Process : Sending signal. PID: 2633 SIG: 10
10-28 15:14:17.414  2633  2638 I kaisipan.mobile: Thread[3,tid=2638,WaitingInMainSignalCatcherLoop,Thread*=0x736948fad6f0,peer=0x13d81d50,"Signal Catcher"]: reacting to signal 10
10-28 15:14:17.414  2633  2638 I kaisipan.mobile:
10-28 15:14:17.414  2633  2638 I kaisipan.mobile: SIGUSR1 forcing GC (no HPROF) and profile save
10-28 15:14:17.418  2633  2633 D ProfileInstaller:
10-28 15:14:17.461  2633  2638 I kaisipan.mobile: Explicit concurrent copying GC freed 181607(7009KB) AllocSpace objects, 11(292KB) LOS objects, 49% free, 7914KB/15MB, paused 106us,9us total 46.646ms
10-28 15:14:17.468  2633  2644 W System  : A resource failed to call close.
10-28 15:14:17.921  2542  2559 D Benchmark: Killing process org.kaisipan.mobile
10-28 15:14:17.921  2542  2559 D UiDevice: Executing shell command: killall org.kaisipan.mobile
10-28 15:14:17.947  1493  1680 W MediaProvider: isAppCloneUserPair for user 0: false
10-28 15:14:17.950  1493  1680 V MediaProvider: Inserted id:1000000067 less than next row id backup:1000001000.
10-28 15:14:17.997   584  1007 I PackageDexOptimizer: Running dexopt (dexoptNeeded=-3) on: /data/app/~~EFLmwlxs6fLx-EpFxvJ9lg==/org.kaisipan.mobile-TVisp_8JWhaVjfznyxZtdQ==/base.apk pkg=org.kaisipan.mobile isa=x86_64 dexoptFlags=boot_complete,profile_guided,force,enable_hidden_api_checks targetFilter=speed-profile oatDir=/data/app/~~EFLmwlxs6fLx-EpFxvJ9lg==/org.kaisipan.mobile-TVisp_8JWhaVjfznyxZtdQ==/oat classLoaderContext=PCL[]{PCL[/system_ext/framework/androidx.window.extensions.jar]#PCL[/system_ext/framework/androidx.window.sidecar.jar]}
10-28 15:14:17.999   489   515 V installd: DexInv: --- BEGIN '/data/app/~~EFLmwlxs6fLx-EpFxvJ9lg==/org.kaisipan.mobile-TVisp_8JWhaVjfznyxZtdQ==/base.apk' ---
10-28 15:14:17.999   489   515 V installd: Running /apex/com.android.art/bin/dex2oat64 in=base.apk out=/data/app/~~EFLmwlxs6fLx-EpFxvJ9lg==/org.kaisipan.mobile-TVisp_8JWhaVjfznyxZtdQ==/oat/x86_64/base.odex
10-28 15:14:18.009  3575  3575 W dex2oat64: Unexpected CPU variant for x86: x86_64.
10-28 15:14:18.009  3575  3575 W dex2oat64: Known variants: atom, sandybridge, silvermont, kabylake, default
10-28 15:14:18.010  3575  3575 W dex2oat64: Mismatch between dex2oat instruction set features to use (ISA: X86_64 Feature string: -ssse3,-sse4.1,-sse4.2,-avx,-avx2,-popcnt) and those from CPP defines (ISA: X86_64 Feature string: ssse3,sse4.1,sse4.2,-avx,-avx2,popcnt) for the command line:
10-28 15:14:18.010  3575  3575 W dex2oat64: /apex/com.android.art/bin/dex2oat64 --zip-fd=8 --zip-location=base.apk --oat-fd=9 --oat-location=/data/app/~~EFLmwlxs6fLx-EpFxvJ9lg==/org.kaisipan.mobile-TVisp_8JWhaVjfznyxZtdQ==/oat/x86_64/base.odex --input-vdex-fd=11 --output-vdex-fd=10 --app-image-fd=14 --image-format=lz4 --profile-file-fd=13 --swap-fd=12 --classpath-dir=/data/app/~~EFLmwlxs6fLx-EpFxvJ9lg==/org.kaisipan.mobile-TVisp_8JWhaVjfznyxZtdQ== --class-loader-context=PCL[]{PCL[/system_ext/framework/androidx.window.extensions.jar]#PCL[/system_ext/framework/androidx.window.sidecar.jar]} --instruction-set=x86_64 --instruction-set-features=default --instruction-set-variant=x86_64 --compiler-filter=speed-profile --compilation-reason=cmdline --max-image-block-size=524288 --resolve-startup-const-strings=true --generate-mini-debug-info --runtime-arg -Xtarget-sdk-version:34 --runtime-arg -Xhidden-api-policy:enabled --runtime-arg -Xms64m --runtime-arg -Xmx512m
10-28 15:14:18.014  3575  3575 I dex2oat64: /apex/com.android.art/bin/dex2oat64 --input-vdex-fd=11 --output-vdex-fd=10 --profile-file-fd=13 --classpath-dir=/data/app/~~EFLmwlxs6fLx-EpFxvJ9lg==/org.kaisipan.mobile-TVisp_8JWhaVjfznyxZtdQ== --class-loader-context=PCL[]{PCL[/system_ext/framework/androidx.window.extensions.jar]#PCL[/system_ext/framework/androidx.window.sidecar.jar]} --compiler-filter=speed-profile --compilation-reason=cmdline --max-image-block-size=524288 --resolve-startup-const-strings=true --generate-mini-debug-info
10-28 15:14:21.935  3575  3579 W dex2oat64: Accessing hidden method Landroid/window/BackEvent;->getProgress()F (blocked, linking, denied)
10-28 15:14:21.936  3575  3579 W dex2oat64: Accessing hidden method Landroid/window/BackEvent;->getSwipeEdge()I (blocked, linking, denied)
10-28 15:14:21.936  3575  3579 W dex2oat64: Accessing hidden method Landroid/window/BackEvent;->getTouchX()F (blocked, linking, denied)
10-28 15:14:21.936  3575  3579 W dex2oat64: Accessing hidden method Landroid/window/BackEvent;->getTouchY()F (blocked, linking, denied)
10-28 15:14:22.175  3575  3577 W dex2oat64: Method java.lang.Object androidx.compose.runtime.snapshots.SnapshotStateMap.mutate(kotlin.jvm.functions.Function1) failed lock verification and will run slower.
10-28 15:14:22.175  3575  3577 W dex2oat64: Common causes for lock verification issues are non-optimized dex code
10-28 15:14:22.175  3575  3577 W dex2oat64: and incorrect proguard optimizations.
10-28 15:14:22.175  3575  3577 W dex2oat64: Method void androidx.compose.runtime.snapshots.SnapshotStateMap.update(kotlin.jvm.functions.Function1) failed lock verification and will run slower.
10-28 15:14:22.176  3575  3577 W dex2oat64: Method boolean androidx.compose.runtime.snapshots.SnapshotStateMap.removeIf$runtime_release(kotlin.jvm.functions.Function1) failed lock verification and will run slower.
10-28 15:14:22.194  3575  3577 W dex2oat64: Method boolean androidx.compose.runtime.snapshots.SnapshotStateList.conditionalUpdate(boolean, kotlin.jvm.functions.Function1) failed lock verification and will run slower.
10-28 15:14:22.194  3575  3577 W dex2oat64: Method boolean androidx.compose.runtime.snapshots.SnapshotStateList.conditionalUpdate$default(androidx.compose.runtime.snapshots.SnapshotStateList, boolean, kotlin.jvm.functions.Function1, int, java.lang.Object) failed lock verification and will run slower.
10-28 15:14:22.194  3575  3577 W dex2oat64: Method java.lang.Object androidx.compose.runtime.snapshots.SnapshotStateList.mutate(kotlin.jvm.functions.Function1) failed lock verification and will run slower.
10-28 15:14:22.195  3575  3577 W dex2oat64: Method void androidx.compose.runtime.snapshots.SnapshotStateList.update(boolean, kotlin.jvm.functions.Function1) failed lock verification and will run slower.
10-28 15:14:22.195  3575  3577 W dex2oat64: Method void androidx.compose.runtime.snapshots.SnapshotStateList.update$default(androidx.compose.runtime.snapshots.SnapshotStateList, boolean, kotlin.jvm.functions.Function1, int, java.lang.Object) failed lock verification and will run slower.
10-28 15:14:23.426  3575  3575 I dex2oat64: Explicit concurrent copying GC freed 197123(31MB) AllocSpace objects, 0(0B) LOS objects, 49% free, 2154KB/4309KB, paused 15us,2us total 7.964ms
10-28 15:14:23.732  3575  3575 I dex2oat64: dex2oat took 5.723s (9.180s cpu) (threads: 4) arena alloc=10MB (10592552B) java alloc=2154KB (2206680B) native alloc=22MB (23438080B) free=145MB (152767472B)
10-28 15:14:23.759   489   515 V installd: DexInv: --- END '/data/app/~~EFLmwlxs6fLx-EpFxvJ9lg==/org.kaisipan.mobile-TVisp_8JWhaVjfznyxZtdQ==/base.apk' (success) ---
10-28 15:14:23.808  1493  3492 W MediaProvider: isAppCloneUserPair for user 0: false
10-28 15:14:23.808  1493  3492 V MediaProvider: Inserted id:1000000068 less than next row id backup:1000001000.
10-28 15:14:24.224  3595  3595 W profman : profman took 386.930ms
10-28 15:14:24.247  1493  1676 W MediaProvider: isAppCloneUserPair for user 0: false
10-28 15:14:24.248  1493  1676 V MediaProvider: Inserted id:1000000069 less than next row id backup:1000001000.
10-28 15:14:24.821  1493  1876 I MediaProvider: Deleted 0 0 0 0 0 0 0 items on external_primary due to com.ustadmobile.app_android_baselineprofile
10-28 15:14:25.618  2542  2559 D Benchmark: Unstable profiles during iteration 8
10-28 15:14:25.619  2542  2559 D Benchmark: Killing package org.kaisipan.mobile
10-28 15:14:25.619  2542  2559 D Benchmark: Killing process org.kaisipan.mobile
10-28 15:14:25.619  2542  2559 D UiDevice: Executing shell command: killall org.kaisipan.mobile
10-28 15:14:25.631  2542  2559 D Benchmark: Compile iteration (9) for org.kaisipan.mobile
10-28 15:14:25.632  2542  2559 D UiDevice: Pressing home button.
10-28 15:14:25.644   862   862 V ShadeControllerImpl: NotificationShadeWindow: com.android.systemui.shade.NotificationShadeWindowView{86d7116 I.E...... ......ID 0,0-320,640} canPanelBeCollapsed(): false
10-28 15:14:25.648  1339  1339 D TaplTarget: Launcher.onNewIntent: Intent { act=android.intent.action.MAIN cat=[android.intent.category.HOME] flg=0x10400100 cmp=com.android.launcher3/.uioverrides.QuickstepLauncher (has extras) }
10-28 15:14:25.652   862   862 V ShadeControllerImpl: NotificationShadeWindow: com.android.systemui.shade.NotificationShadeWindowView{86d7116 I.E...... ......ID 0,0-320,640} canPanelBeCollapsed(): false
10-28 15:14:25.670   424   424 I BpBinder: onLastStrongRef automatically unlinking death recipients: <uncached descriptor>
10-28 15:14:25.691  1493  1676 W MediaProvider: isAppCloneUserPair for user 0: false
10-28 15:14:25.692  1493  1676 V MediaProvider: Inserted id:1000000070 less than next row id backup:1000001000.
10-28 15:14:25.695   862  1304 D EGL_emulation: app_time_stats: avg=880.45ms min=9.28ms max=23920.49ms count=28
10-28 15:14:25.723   424   463 W TransactionTracing: Could not find layer handle 0x706935039b30
10-28 15:14:25.743  2542  2559 I System.out: 0 Flags,FrameTimelineVsyncId,IntendedVsync,Vsync,InputEventId,HandleInputStart,AnimationStart,PerformTraversalsStart,DrawStart,FrameDeadline,FrameInterval,FrameStartTime,SyncQueued,SyncStart,IssueDrawCommandsStart,SwapBuffers,FrameCompleted,DequeueBufferDuration,QueueBufferDuration,GpuCompleted,SwapBuffersCompleted,DisplayPresentTime,CommandSubmissionCompleted,
10-28 15:14:25.743  2542  2559 I System.out: 1 1,10882,448000345111,448000345111,0,448005729325,448005729685,448005729855,448023503810,448017011777,448005727735,16666666,448023799450,448023927140,448023992210,448024234180,448024909710,2540,252440,448024881740,448024909710,448038204764,448024234180,
10-28 15:14:25.743  2542  2559 I System.out: 2 0,10931,448017011777,448017011777,0,448027916461,448027917171,448041219995,448041245525,448050345109,448027915271,16666666,448041842965,448041869735,448041899925,448041962875,448042513145,2100,140130,448042480245,448042513145,448052969448,448041962875,
10-28 15:14:25.743  2542  2559 I System.out: 3 0,10967,448033678443,448033678443,0,448043678946,448043679216,448075232534,448075258764,448067011775,448043677946,16666666,448083496627,448083528237,448083577937,448083643337,448088307818,2820,223710,448088267438,448088307818,448103699052,448083643337,
10-28 15:14:25.743  2542  2559 I System.out: 4 0,11010,448050345109,448083678441,0,448090006778,448090007438,448117220336,448117247496,448117011773,448090004338,16666666,448126494739,448126551919,448126595619,448126879539,448132289020,2980,102910,448132289020,448127489939,448137881242,448126879539,
10-28 15:14:25.743  2542  2559 I System.out: 5 0,11118,448100345107,448117011773,0,448128316769,448128317189,448129875569,448129895479,448150345105,448128315439,16666666,448131040040,448131059610,448131108510,448131790730,448138103772,5771612,111860,448133801371,448138103772,448152529216,448131790730,
10-28 15:14:25.743  2542  2559 I System.out: 6 0,11183,448133678439,448133678439,0,448134219251,448134219641,448136173301,448136197181,448167011771,448134218051,16666666,448137467952,448138173302,448138214972,448138830902,448152764116,13362574,56780,448150434945,448152764116,448169183680,448138830902,
10-28 15:14:25.743  2542  2559 I System.out: 7 0,11219,448150345105,448150345105,0,448151026595,448151026935,448154290636,448154309776,448183678437,448151023435,16666666,448155837717,448155869817,448155914707,448156701887,448170907291,13499164,103910,448167143940,448170907291,448187994226,448156701887,
10-28 15:14:25.743  2542  2559 I System.out: 8 0,11255,448167011771,448167011771,0,448167575850,448167576050,448180197813,448180219683,448200345103,448167574070,16666666,448183396414,448183429044,448183474374,448189225466,448194001657,1330,72470,448194001657,448189936656,448204557620,448189225466,
10-28 15:14:25.743  2542  2559 I System.out: 9 0,11291,448183678437,448183678437,0,448188091696,448188092126,448191258716,448191285457,448217011769,448188089656,16666666,448192985737,448193014217,448193056527,448193522247,448204827110,10783803,55450,448200468859,448204827110,448218022434,448193522247,
10-28 15:14:25.743  2542  2559 I System.out: 10 0,11327,448200345103,448200345103,0,448200731229,448200731339,448202435420,448202458400,448233678435,448200730479,16666666,448204051320,448204859660,448204913280,448205763561,448218437804,11792913,71580,448217116844,448218437804,448236411449,448205763561,
10-28 15:14:25.743  2542  2559 I System.out: 11 0,11360,448217011769,448217011769,0,448217379794,448217379954,448220273745,448220305625,448250345101,448217379144,16666666,448222527465,448222620795,448222691175,448223533235,448236731189,12099283,139530,448233828358,448236731189,448254923884,448223533235,
10-28 15:14:25.743  2542  2559 I System.out: 12 0,11388,448233678435,448233678435,0,448234051938,448234052148,448237603439,448237660079,448267011767,448234051258,16666666,448239244090,448239277340,448239330220,448240162240,448255229404,14153124,92250,448250438413,448255229404,448271084789,448240162240,
10-28 15:14:25.743  2542  2559 I System.out: 13 0,11421,448250345101,448250345101,0,448250808423,448250808593,448253311254,448253332824,448283678433,448250807683,16666666,448255607284,448255710474,448255761284,448256560135,448271538689,14107214,85050,448267175758,448271538689,448286562553,448256560135,
10-28 15:14:25.743  2542  2559 I System.out: 14 0,11457,448267011767,448267011767,0,448267481118,448267481418,448270284868,448270312888,448300345099,448267478838,16666666,448272274559,448272453969,448272506569,448273350349,448286905343,12566573,87290,448283829152,448286905343,448304530328,448273350349,
10-28 15:14:25.743  2542  2559 I System.out: 15 0,11479,448283678433,448283678433,0,448283920142,448283920652,448286119673,448286143623,448317011765,448283918552,16666666,448287692623,448287731653,448287792253,448288961864,448304824958,14923164,78520,448300504227,448304824958,448318626092,448288961864,
10-28 15:14:25.743  2542  2559 I System.out: 16 0,11520,448300345099,448300345099,0,448300608077,448300608187,448302477337,448302495607,448333678431,448300607517,16666666,448304048358,448304876748,448304940778,448305832398,448319302612,12438663,149980,448317128381,448319302612,448336319537,448305832398,
10-28 15:14:25.743  2542  2559 I System.out: 17 0,11544,448317011765,448317011765,0,448317467902,448317468052,448319719312,448319743882,448350345097,448317467032,16666666,448321207513,448321252693,448321319013,448322324513,448335364347,11804374,105410,448333876466,448335364347,448352780221,448322324513,
10-28 15:14:25.743  2542  2559 I System.out: 18 0,11580,448333678431,448333678431,0,448333975366,448333975466,448335675117,448335694347,448367011763,448333974816,16666666,448336707627,448336743977,448336798647,448337481657,448352968001,14542054,91920,448350464021,448352968001,448369887056,448337481657,
10-28 15:14:25.744  2542  2559 I System.out: 19 0,11588,448350345097,448350345097,0,448350529491,448350530011,448351800151,448351832541,448383678429,448350526881,16666666,448353297932,448353338112,448353384972,448353688372,448370092276,15011014,204260,448367204845,448370092276,448384899470,448353688372,
10-28 15:14:25.744  2542  2559 I System.out: 20 0,11617,448367011763,448367011763,0,448367448315,448367448865,448368494886,448368525696,448400345095,448367446665,16666666,448370175466,448370201816,448370243256,448370466686,448385926521,14394624,113320,448383849300,448385926521,448402224965,448370466686,
10-28 15:14:25.744  2542  2559 I System.out: 21 0,11633,448383678429,448383678429,0,448383911300,448383912200,448384789110,448384815580,448417011761,448383909250,16666666,448386140211,448386177951,448386224691,448386512611,448402396175,14783714,117080,448400472265,448402396175,448418811560,448386512611,
10-28 15:14:25.744  2542  2559 I System.out: 22 0,11653,448400345095,448400345095,0,448400496625,448400497025,448401014165,448401041755,448433678427,448400495185,16666666,448402475855,448402517385,448402575115,448402904145,448419170550,15219234,123690,448417131189,448419170550,448435850464,448402904145,
10-28 15:14:25.744  2542  2559 I System.out: 23 0,11669,448417011761,448417011761,0,448417242049,448417242689,448420304760,448420331920,448450345093,448417238899,16666666,448421833371,448421910291,448421959621,448422457001,448436107225,12810564,105560,448433794264,448436107225,448451693199,448422457001,
10-28 15:14:25.744  2542  2559 I System.out: 24 0,11684,448433678427,448433678427,0,448433862624,448433863034,448435807904,448435829094,448467011759,448433861494,16666666,448436873695,448436922485,448436957615,448437353695,448451802909,13727814,115690,448438040025,448451802909,448468335153,448437353695,
10-28 15:14:25.744  2542  2559 I System.out: 25 0,11699,448450345093,448450345093,0,448450495169,448450495879,448451316999,448451343749,448483678425,448450493919,16666666,448452815169,448452848219,448452877679,448453179529,448468596344,14711625,113850,448467115353,448468596344,448484956838,448453179529,
10-28 15:14:25.744  2542  2559 I System.out: 26 0,11709,448467011759,448467011759,0,448467174953,448467175253,448467696643,448467714203,448500345091,448467173883,16666666,448468687104,448468767494,448468807804,448469184394,448485070278,15176084,120510,448469845194,448485070278,448502411703,448469184394,
10-28 15:14:25.744  2542  2559 I System.out: 27 0,11725,448483678425,448483678425,0,448483862938,448483863278,448484255978,448484280928,448517011757,448483861778,16666666,448484334518,448485097848,448485140618,448485537678,448502673493,16251295,97620,448500490992,448502673493,288234774265332736,448485537678,
10-28 15:14:25.744  2542  2559 I System.out: 28 0,11758,448500345091,448500345091,0,448500678392,448500678852,448502330203,448502348493,448533678423,448500676192,16666666,448503592903,448503658243,448503771313,448504311213,448518745127,13556153,218240,448505150324,448518745127,288234774265332736,448504311213,
10-28 15:14:25.744  2542  2559 I System.out: 29 0,11780,448517011757,448517011757,0,448517259267,448517260297,448520075328,448520110898,448550345089,448517256307,16666666,448522439998,448522503669,448522562459,448523188219,448534917202,10877563,90460,448533790152,448534917202,288234774265332736,448523188219,
10-28 15:14:25.744  2542  2559 I System.out: 30 0,11802,448533678423,448533678423,0,448533829662,448533830402,448534506702,448534958062,448567011755,448533828702,16666666,448535032042,448535065072,448535103872,448535446122,448551727517,15604575,83420,448550442666,448551727517,288234774265332736,448535446122,
10-28 15:14:25.744  2542  2559 D Benchmark: Starting activity with command: am start  -W "intent:#Intent;action=android.intent.action.MAIN;category=android.intent.category.LAUNCHER;launchFlags=0x10008000;package=org.kaisipan.mobile;component=org.kaisipan.mobile/com.ustadmobile.port.android.view.AppActivity;end"
10-28 15:14:25.746  1493  3492 W MediaProvider: isAppCloneUserPair for user 0: false
10-28 15:14:25.747  1493  3492 V MediaProvider: Inserted id:1000000071 less than next row id backup:1000001000.
10-28 15:14:25.776   862   919 D SplashScreenView: Build android.window.SplashScreenView{b19012d V.E...... ......ID 0,0-0,0}
10-28 15:14:25.776   862   919 D SplashScreenView: Icon: view: null drawable: null size: 0
10-28 15:14:25.776   862   919 D SplashScreenView: Branding: view: android.view.View{dcf6662 G.ED..... ......I. 0,0-0,0 #10204db android:id/splashscreen_branding_view} drawable: null size w: 0 h: 0
10-28 15:14:25.778  2633  2633 D AppActivity$onDestroy: AppActivity#onDestroy
10-28 15:14:25.780   584   947 W InputManager-JNI: Input channel object '7f832aa org.kaisipan.mobile/com.ustadmobile.port.android.view.AppActivity (client)' was disposed without first being removed with the input manager!
10-28 15:14:25.786  2633  2633 W CustomTabsClient: Unable to find any Custom Tabs packages, you may need to add a <queries> element to your manifest. See the docs for CustomTabsClient#getPackageName.
10-28 15:14:25.786  2633  2633 W AppActivity$bindCustomTabsService: CustomTabs: Service NOT supported
10-28 15:14:25.795  2633  2633 D AutofillManager: Fill dialog is enabled:false, hints=[]
10-28 15:14:25.795   862  1304 W Parcel  : Expecting binder but got null!
10-28 15:14:25.801  2633  2633 W OnBackInvokedCallback: OnBackInvokedCallback is not enabled for the application.
10-28 15:14:25.801  2633  2633 W OnBackInvokedCallback: Set 'android:enableOnBackInvokedCallback="true"' in the application manifest.
10-28 15:14:25.807   584   856 D ConnectivityService: requestNetwork for uid/pid:10126/2633 activeRequest: null callbackRequest: 60 [NetworkRequest [ REQUEST id=61, [ Capabilities: INTERNET&NOT_RESTRICTED&TRUSTED&NOT_VCN_MANAGED Uid: 10126 RequestorUid: 10126 RequestorPkg: org.kaisipan.mobile UnderlyingNetworks: Null] ]] callback flags: 0 order: 2147483647
