10-28 15:15:17.984  2542  2559 D UiDevice: Searching for node with selector: BySelector [TEXT='\QGet Started\E'].
10-28 15:15:18.087  2542  2559 D UiDevice: Searching for node with selector: BySelector [TEXT='\QGet Started\E'].
10-28 15:15:18.190  2542  2559 D UiDevice: Searching for node with selector: BySelector [TEXT='\QGet Started\E'].
10-28 15:15:18.292  2542  2559 D UiDevice: Searching for node with selector: BySelector [TEXT='\QGet Started\E'].
10-28 15:15:18.395  2542  2559 D UiDevice: Searching for node with selector: BySelector [TEXT='\QGet Started\E'].
10-28 15:15:18.498  2542  2559 D UiDevice: Searching for node with selector: BySelector [TEXT='\QGet Started\E'].
10-28 15:15:18.600  2542  2559 D UiDevice: Searching for node with selector: BySelector [TEXT='\QGet Started\E'].
10-28 15:15:18.703  2542  2559 D UiDevice: Searching for node with selector: BySelector [TEXT='\QGet Started\E'].
10-28 15:15:18.805  2542  2559 D UiDevice: Searching for node with selector: BySelector [TEXT='\QGet Started\E'].
10-28 15:15:18.908  2542  2559 D UiDevice: Searching for node with selector: BySelector [TEXT='\QGet Started\E'].
10-28 15:15:19.010  2542  2559 D UiDevice: Searching for node with selector: BySelector [TEXT='\QGet Started\E'].
10-28 15:15:19.113  2542  2559 D UiDevice: Searching for node with selector: BySelector [TEXT='\QGet Started\E'].
10-28 15:15:19.215  2542  2559 D UiDevice: Searching for node with selector: BySelector [TEXT='\QGet Started\E'].
10-28 15:15:19.318  2542  2559 D UiDevice: Searching for node with selector: BySelector [TEXT='\QGet Started\E'].
10-28 15:15:19.420  2542  2559 D UiDevice: Searching for node with selector: BySelector [TEXT='\QGet Started\E'].
10-28 15:15:19.522  2542  2559 D UiDevice: Searching for node with selector: BySelector [TEXT='\QGet Started\E'].
10-28 15:15:19.625  2542  2559 D UiDevice: Searching for node with selector: BySelector [TEXT='\QGet Started\E'].
10-28 15:15:19.728  2542  2559 D UiDevice: Searching for node with selector: BySelector [TEXT='\QGet Started\E'].
10-28 15:15:19.830  2542  2559 D UiDevice: Searching for node with selector: BySelector [TEXT='\QGet Started\E'].
10-28 15:15:19.933  2542  2559 D UiDevice: Searching for node with selector: BySelector [TEXT='\QGet Started\E'].
10-28 15:15:20.035  2542  2559 D UiDevice: Searching for node with selector: BySelector [TEXT='\QGet Started\E'].
10-28 15:15:20.138  2542  2559 D UiDevice: Searching for node with selector: BySelector [TEXT='\QGet Started\E'].
10-28 15:15:20.240  2542  2559 D UiDevice: Searching for node with selector: BySelector [TEXT='\QGet Started\E'].
10-28 15:15:20.343  2542  2559 D UiDevice: Searching for node with selector: BySelector [TEXT='\QGet Started\E'].
10-28 15:15:20.445  2542  2559 D UiDevice: Searching for node with selector: BySelector [TEXT='\QGet Started\E'].
10-28 15:15:20.548  2542  2559 D UiDevice: Searching for node with selector: BySelector [TEXT='\QGet Started\E'].
10-28 15:15:20.651  2542  2559 D UiDevice: Searching for node with selector: BySelector [TEXT='\QGet Started\E'].
10-28 15:15:20.753  2542  2559 D UiDevice: Searching for node with selector: BySelector [TEXT='\QGet Started\E'].
10-28 15:15:20.856  2542  2559 D UiDevice: Searching for node with selector: BySelector [TEXT='\QGet Started\E'].
10-28 15:15:20.959  2542  2559 D UiDevice: Searching for node with selector: BySelector [TEXT='\QGet Started\E'].
10-28 15:15:21.062  2542  2559 D UiDevice: Searching for node with selector: BySelector [TEXT='\QGet Started\E'].
10-28 15:15:21.166  2542  2559 D UiDevice: Searching for node with selector: BySelector [TEXT='\QGet Started\E'].
10-28 15:15:21.268  2542  2559 D UiDevice: Searching for node with selector: BySelector [TEXT='\QGet Started\E'].
10-28 15:15:21.371  2542  2559 D UiDevice: Searching for node with selector: BySelector [TEXT='\QGet Started\E'].
10-28 15:15:21.474  2542  2559 D UiDevice: Searching for node with selector: BySelector [TEXT='\QGet Started\E'].
10-28 15:15:21.576  2542  2559 D UiDevice: Searching for node with selector: BySelector [TEXT='\QGet Started\E'].
10-28 15:15:21.679  2542  2559 D UiDevice: Searching for node with selector: BySelector [TEXT='\QGet Started\E'].
10-28 15:15:21.782  2542  2559 D UiDevice: Searching for node with selector: BySelector [TEXT='\QGet Started\E'].
10-28 15:15:21.884  2542  2559 D UiDevice: Searching for node with selector: BySelector [TEXT='\QGet Started\E'].
10-28 15:15:21.987  2542  2559 D UiDevice: Searching for node with selector: BySelector [TEXT='\QGet Started\E'].
10-28 15:15:22.090  2542  2559 D UiDevice: Searching for node with selector: BySelector [TEXT='\QGet Started\E'].
10-28 15:15:22.192  2542  2559 D UiDevice: Searching for node with selector: BySelector [TEXT='\QGet Started\E'].
10-28 15:15:22.295  2542  2559 D UiDevice: Searching for node with selector: BySelector [TEXT='\QGet Started\E'].
10-28 15:15:22.397  2542  2559 D UiDevice: Searching for node with selector: BySelector [TEXT='\QGet Started\E'].
10-28 15:15:22.500  2542  2559 D UiDevice: Searching for node with selector: BySelector [TEXT='\QGet Started\E'].
10-28 15:15:22.602  2542  2559 D UiDevice: Searching for node with selector: BySelector [TEXT='\QGet Started\E'].
10-28 15:15:22.705  2542  2559 D UiDevice: Searching for node with selector: BySelector [TEXT='\QGet Started\E'].
10-28 15:15:22.808  2542  2559 D UiDevice: Searching for node with selector: BySelector [TEXT='\QGet Started\E'].
10-28 15:15:22.911  2542  2559 D UiDevice: Searching for node with selector: BySelector [TEXT='\QGet Started\E'].
10-28 15:15:23.014  2542  2559 D UiDevice: Searching for node with selector: BySelector [TEXT='\QGet Started\E'].
10-28 15:15:23.117  2542  2559 D UiDevice: Searching for node with selector: BySelector [TEXT='\QGet Started\E'].
10-28 15:15:23.219  2542  2559 D UiDevice: Searching for node with selector: BySelector [TEXT='\QGet Started\E'].
10-28 15:15:23.322  2542  2559 D UiDevice: Searching for node with selector: BySelector [TEXT='\QGet Started\E'].
10-28 15:15:23.425  2542  2559 D UiDevice: Searching for node with selector: BySelector [TEXT='\QGet Started\E'].
10-28 15:15:23.528  2542  2559 D UiDevice: Searching for node with selector: BySelector [TEXT='\QGet Started\E'].
10-28 15:15:23.631  2542  2559 D UiDevice: Searching for node with selector: BySelector [TEXT='\QGet Started\E'].
10-28 15:15:23.734  2542  2559 D UiDevice: Searching for node with selector: BySelector [TEXT='\QGet Started\E'].
10-28 15:15:23.836  2542  2559 D UiDevice: Searching for node with selector: BySelector [TEXT='\QGet Started\E'].
10-28 15:15:23.939  2542  2559 D UiDevice: Searching for node with selector: BySelector [TEXT='\QGet Started\E'].
10-28 15:15:24.042  2542  2559 D UiDevice: Searching for node with selector: BySelector [TEXT='\QGet Started\E'].
10-28 15:15:24.145  2542  2559 D UiDevice: Searching for node with selector: BySelector [TEXT='\QGet Started\E'].
10-28 15:15:24.248  2542  2559 D UiDevice: Searching for node with selector: BySelector [TEXT='\QGet Started\E'].
10-28 15:15:24.351  2542  2559 D UiDevice: Searching for node with selector: BySelector [TEXT='\QGet Started\E'].
10-28 15:15:24.453  2542  2559 D UiDevice: Searching for node with selector: BySelector [TEXT='\QGet Started\E'].
10-28 15:15:24.556  2542  2559 D UiDevice: Searching for node with selector: BySelector [TEXT='\QGet Started\E'].
10-28 15:15:24.659  2542  2559 D UiDevice: Searching for node with selector: BySelector [TEXT='\QGet Started\E'].
10-28 15:15:24.761  2542  2559 D UiDevice: Searching for node with selector: BySelector [TEXT='\QGet Started\E'].
10-28 15:15:24.864  2542  2559 D UiDevice: Searching for node with selector: BySelector [TEXT='\QGet Started\E'].
10-28 15:15:24.967  2542  2559 D UiDevice: Searching for node with selector: BySelector [TEXT='\QGet Started\E'].
10-28 15:15:25.069  2542  2559 D UiDevice: Searching for node with selector: BySelector [TEXT='\QGet Started\E'].
10-28 15:15:26.072  2542  2559 D UiDevice: Retrieving node with selector: BySelector [TEXT='\QGet Started\E'].
10-28 15:15:26.075  2542  2559 D UiDevice: Node not found with selector: BySelector [TEXT='\QGet Started\E'].
10-28 15:15:31.075  2542  2559 D Benchmark: Profile Installer - Save Profile
10-28 15:15:31.093  2633  2633 I Process : Sending signal. PID: 2633 SIG: 10
10-28 15:15:31.093  2633  2633 D ProfileInstaller:
10-28 15:15:31.093  2633  2638 I kaisipan.mobile: Thread[3,tid=2638,WaitingInMainSignalCatcherLoop,Thread*=0x736948fad6f0,peer=0x13901e40,"Signal Catcher"]: reacting to signal 10
10-28 15:15:31.093  2633  2638 I kaisipan.mobile:
10-28 15:15:31.093  2633  2638 I kaisipan.mobile: SIGUSR1 forcing GC (no HPROF) and profile save
10-28 15:15:31.113  2633  2638 I kaisipan.mobile: Explicit concurrent copying GC freed 187951(7175KB) AllocSpace objects, 11(292KB) LOS objects, 49% free, 7933KB/15MB, paused 22us,11us total 19.266ms
10-28 15:15:31.115  2633  2644 W System  : A resource failed to call close.
10-28 15:15:31.595  2542  2559 D Benchmark: Killing process org.kaisipan.mobile
10-28 15:15:31.595  2542  2559 D UiDevice: Executing shell command: killall org.kaisipan.mobile
10-28 15:15:31.609  1493  3492 W MediaProvider: isAppCloneUserPair for user 0: false
10-28 15:15:31.610  1493  3492 V MediaProvider: Inserted id:1000000085 less than next row id backup:1000001000.
10-28 15:15:31.646   584   942 I PackageDexOptimizer: Running dexopt (dexoptNeeded=-3) on: /data/app/~~EFLmwlxs6fLx-EpFxvJ9lg==/org.kaisipan.mobile-TVisp_8JWhaVjfznyxZtdQ==/base.apk pkg=org.kaisipan.mobile isa=x86_64 dexoptFlags=boot_complete,profile_guided,force,enable_hidden_api_checks targetFilter=speed-profile oatDir=/data/app/~~EFLmwlxs6fLx-EpFxvJ9lg==/org.kaisipan.mobile-TVisp_8JWhaVjfznyxZtdQ==/oat classLoaderContext=PCL[]{PCL[/system_ext/framework/androidx.window.extensions.jar]#PCL[/system_ext/framework/androidx.window.sidecar.jar]}
10-28 15:15:31.647   489   515 V installd: DexInv: --- BEGIN '/data/app/~~EFLmwlxs6fLx-EpFxvJ9lg==/org.kaisipan.mobile-TVisp_8JWhaVjfznyxZtdQ==/base.apk' ---
10-28 15:15:31.647   489   515 V installd: Running /apex/com.android.art/bin/dex2oat64 in=base.apk out=/data/app/~~EFLmwlxs6fLx-EpFxvJ9lg==/org.kaisipan.mobile-TVisp_8JWhaVjfznyxZtdQ==/oat/x86_64/base.odex
10-28 15:15:31.659  3913  3913 W dex2oat64: Unexpected CPU variant for x86: x86_64.
10-28 15:15:31.659  3913  3913 W dex2oat64: Known variants: atom, sandybridge, silvermont, kabylake, default
10-28 15:15:31.660  3913  3913 W dex2oat64: Mismatch between dex2oat instruction set features to use (ISA: X86_64 Feature string: -ssse3,-sse4.1,-sse4.2,-avx,-avx2,-popcnt) and those from CPP defines (ISA: X86_64 Feature string: ssse3,sse4.1,sse4.2,-avx,-avx2,popcnt) for the command line:
10-28 15:15:31.660  3913  3913 W dex2oat64: /apex/com.android.art/bin/dex2oat64 --zip-fd=8 --zip-location=base.apk --oat-fd=9 --oat-location=/data/app/~~EFLmwlxs6fLx-EpFxvJ9lg==/org.kaisipan.mobile-TVisp_8JWhaVjfznyxZtdQ==/oat/x86_64/base.odex --input-vdex-fd=11 --output-vdex-fd=10 --app-image-fd=14 --image-format=lz4 --profile-file-fd=13 --swap-fd=12 --classpath-dir=/data/app/~~EFLmwlxs6fLx-EpFxvJ9lg==/org.kaisipan.mobile-TVisp_8JWhaVjfznyxZtdQ== --class-loader-context=PCL[]{PCL[/system_ext/framework/androidx.window.extensions.jar]#PCL[/system_ext/framework/androidx.window.sidecar.jar]} --instruction-set=x86_64 --instruction-set-features=default --instruction-set-variant=x86_64 --compiler-filter=speed-profile --compilation-reason=cmdline --max-image-block-size=524288 --resolve-startup-const-strings=true --generate-mini-debug-info --runtime-arg -Xtarget-sdk-version:34 --runtime-arg -Xhidden-api-policy:enabled --runtime-arg -Xms64m --runtime-arg -Xmx512m
10-28 15:15:31.663  3913  3913 I dex2oat64: /apex/com.android.art/bin/dex2oat64 --input-vdex-fd=11 --output-vdex-fd=10 --profile-file-fd=13 --classpath-dir=/data/app/~~EFLmwlxs6fLx-EpFxvJ9lg==/org.kaisipan.mobile-TVisp_8JWhaVjfznyxZtdQ== --class-loader-context=PCL[]{PCL[/system_ext/framework/androidx.window.extensions.jar]#PCL[/system_ext/framework/androidx.window.sidecar.jar]} --compiler-filter=speed-profile --compilation-reason=cmdline --max-image-block-size=524288 --resolve-startup-const-strings=true --generate-mini-debug-info
10-28 15:15:35.361  3913  3913 W dex2oat64: Accessing hidden method Landroid/window/BackEvent;->getProgress()F (blocked, linking, denied)
10-28 15:15:35.361  3913  3913 W dex2oat64: Accessing hidden method Landroid/window/BackEvent;->getSwipeEdge()I (blocked, linking, denied)
10-28 15:15:35.361  3913  3913 W dex2oat64: Accessing hidden method Landroid/window/BackEvent;->getTouchX()F (blocked, linking, denied)
10-28 15:15:35.361  3913  3913 W dex2oat64: Accessing hidden method Landroid/window/BackEvent;->getTouchY()F (blocked, linking, denied)
10-28 15:15:35.593  3913  3913 W dex2oat64: Method java.lang.Object androidx.compose.runtime.snapshots.SnapshotStateMap.mutate(kotlin.jvm.functions.Function1) failed lock verification and will run slower.
10-28 15:15:35.593  3913  3913 W dex2oat64: Common causes for lock verification issues are non-optimized dex code
10-28 15:15:35.593  3913  3913 W dex2oat64: and incorrect proguard optimizations.
10-28 15:15:35.593  3913  3913 W dex2oat64: Method void androidx.compose.runtime.snapshots.SnapshotStateMap.update(kotlin.jvm.functions.Function1) failed lock verification and will run slower.
10-28 15:15:35.594  3913  3913 W dex2oat64: Method boolean androidx.compose.runtime.snapshots.SnapshotStateMap.removeIf$runtime_release(kotlin.jvm.functions.Function1) failed lock verification and will run slower.
10-28 15:15:35.612  3913  3915 W dex2oat64: Method boolean androidx.compose.runtime.snapshots.SnapshotStateList.conditionalUpdate(boolean, kotlin.jvm.functions.Function1) failed lock verification and will run slower.
10-28 15:15:35.612  3913  3915 W dex2oat64: Method boolean androidx.compose.runtime.snapshots.SnapshotStateList.conditionalUpdate$default(androidx.compose.runtime.snapshots.SnapshotStateList, boolean, kotlin.jvm.functions.Function1, int, java.lang.Object) failed lock verification and will run slower.
10-28 15:15:35.612  3913  3915 W dex2oat64: Method java.lang.Object androidx.compose.runtime.snapshots.SnapshotStateList.mutate(kotlin.jvm.functions.Function1) failed lock verification and will run slower.
10-28 15:15:35.612  3913  3915 W dex2oat64: Method void androidx.compose.runtime.snapshots.SnapshotStateList.update(boolean, kotlin.jvm.functions.Function1) failed lock verification and will run slower.
10-28 15:15:35.612  3913  3915 W dex2oat64: Method void androidx.compose.runtime.snapshots.SnapshotStateList.update$default(androidx.compose.runtime.snapshots.SnapshotStateList, boolean, kotlin.jvm.functions.Function1, int, java.lang.Object) failed lock verification and will run slower.
10-28 15:15:36.820  3913  3913 I dex2oat64: Explicit concurrent copying GC freed 197122(31MB) AllocSpace objects, 0(0B) LOS objects, 49% free, 2154KB/4309KB, paused 15us,2us total 7.450ms
10-28 15:15:37.152  3913  3913 I dex2oat64: dex2oat took 5.493s (8.880s cpu) (threads: 4) arena alloc=11MB (11547408B) java alloc=2154KB (2206680B) native alloc=22MB (23426768B) free=145MB (152767472B)
10-28 15:15:37.180   489   515 V installd: DexInv: --- END '/data/app/~~EFLmwlxs6fLx-EpFxvJ9lg==/org.kaisipan.mobile-TVisp_8JWhaVjfznyxZtdQ==/base.apk' (success) ---
10-28 15:15:37.216  1493  1676 W MediaProvider: isAppCloneUserPair for user 0: false
10-28 15:15:37.217  1493  1676 V MediaProvider: Inserted id:1000000086 less than next row id backup:1000001000.
10-28 15:15:37.576  3933  3933 W profman : profman took 336.243ms
10-28 15:15:37.599  1493  1876 W MediaProvider: isAppCloneUserPair for user 0: false
10-28 15:15:37.601  1493  1876 V MediaProvider: Inserted id:1000000087 less than next row id backup:1000001000.
10-28 15:15:38.169  1493  2742 I MediaProvider: Deleted 0 0 0 0 0 0 0 items on external_primary due to com.ustadmobile.app_android_baselineprofile
10-28 15:15:38.201  2542  2551 I baselineprofile: Background concurrent copying GC freed 305282(20MB) AllocSpace objects, 10(12MB) LOS objects, 33% free, 46MB/70MB, paused 293us,149us total 138.439ms
10-28 15:15:39.093  2542  2559 D Benchmark: Unstable profiles during iteration 11
10-28 15:15:39.093  2542  2559 D Benchmark: Killing package org.kaisipan.mobile
10-28 15:15:39.093  2542  2559 D Benchmark: Killing process org.kaisipan.mobile
10-28 15:15:39.093  2542  2559 D UiDevice: Executing shell command: killall org.kaisipan.mobile
10-28 15:15:39.112  2542  2559 D Benchmark: Compile iteration (12) for org.kaisipan.mobile
10-28 15:15:39.112  2542  2559 D UiDevice: Pressing home button.
10-28 15:15:39.131   862   862 V ShadeControllerImpl: NotificationShadeWindow: com.android.systemui.shade.NotificationShadeWindowView{86d7116 I.E...... ......ID 0,0-320,640} canPanelBeCollapsed(): false
10-28 15:15:39.137  1339  1339 D TaplTarget: Launcher.onNewIntent: Intent { act=android.intent.action.MAIN cat=[android.intent.category.HOME] flg=0x10400100 cmp=com.android.launcher3/.uioverrides.QuickstepLauncher (has extras) }
10-28 15:15:39.141   862   862 V ShadeControllerImpl: NotificationShadeWindow: com.android.systemui.shade.NotificationShadeWindowView{86d7116 I.E...... ......ID 0,0-320,640} canPanelBeCollapsed(): false
10-28 15:15:39.153   424   424 I BpBinder: onLastStrongRef automatically unlinking death recipients: <uncached descriptor>
10-28 15:15:39.170   424   463 W TransactionTracing: Could not find layer handle 0x70693503eb10
10-28 15:15:39.177   862  1304 D EGL_emulation: app_time_stats: avg=840.25ms min=12.56ms max=23620.13ms count=29
10-28 15:15:39.180  1493  1676 W MediaProvider: isAppCloneUserPair for user 0: false
10-28 15:15:39.182  1493  1676 V MediaProvider: Inserted id:1000000088 less than next row id backup:1000001000.
10-28 15:15:39.220   424   463 W TransactionTracing: Could not find layer handle 0x706935036470
10-28 15:15:39.236  2542  2559 I System.out: 0 Flags,FrameTimelineVsyncId,IntendedVsync,Vsync,InputEventId,HandleInputStart,AnimationStart,PerformTraversalsStart,DrawStart,FrameDeadline,FrameInterval,FrameStartTime,SyncQueued,SyncStart,IssueDrawCommandsStart,SwapBuffers,FrameCompleted,DequeueBufferDuration,QueueBufferDuration,GpuCompleted,SwapBuffersCompleted,DisplayPresentTime,CommandSubmissionCompleted,
10-28 15:15:39.236  2542  2559 I System.out: 1 1,14581,521783675493,521783675493,0,521787787429,521787787579,521787787709,521804411874,521800342159,521787786309,16666666,521804942704,521805069804,521805170004,521805326244,521814710497,970,64150,521814710497,521806940804,-2,521805326244,
10-28 15:15:39.236  2542  2559 I System.out: 2 0,14617,521800342159,521800342159,0,521809936775,521809937265,521813538876,521813560746,521833675491,521809933935,16666666,521814056766,521814082966,521814111946,521814209267,521814745197,2420,218400,521814720227,521814745197,521819471768,521814209267,
10-28 15:15:39.236  2542  2559 I System.out: 3 0,14653,521817008825,521817008825,0,521817141977,521817142497,521837947693,521837968713,521850342157,521817140247,16666666,521846462895,521846480095,521846508325,521846566136,521850553027,1570,83690,521850553027,521846972666,521852997067,521846566136,
10-28 15:15:39.236  2542  2559 I System.out: 4 0,14696,521833675491,521833675491,0,521848058396,521848058656,521859251979,521859276669,521883675489,521848057456,16666666,521865858681,521865894601,521865947711,521866314331,521867179531,2430,136880,521867179531,521866971471,521885890706,521866314331,
10-28 15:15:39.236  2542  2559 I System.out: 5 0,14739,521850342157,521850342157,0,521866820641,521866820911,521868684512,521868709842,521900342155,521866819681,16666666,521869896402,521869974662,521870034282,521871688422,521885970376,12878073,98580,521873056893,521885970376,521904873392,521871688422,
10-28 15:15:39.236  2542  2559 I System.out: 6 0,14782,521867008823,521867008823,0,521870650002,521870650352,521872308393,521872330913,521917008821,521870649032,16666666,521873356093,521886233567,521886282447,521889088947,521903951841,13629793,83240,521890254358,521903951841,521918133925,521889088947,
10-28 15:15:39.236  2542  2559 I System.out: 7 0,14818,521883675489,521900342155,0,521905771772,521905772192,521908835393,521908860943,521933675487,521905769292,16666666,521910238983,521910275513,521910315053,521910947233,521918345025,6803101,118850,521917109045,521918345025,521935183690,521910947233,
10-28 15:15:39.236  2542  2559 I System.out: 8 0,14883,521917008821,521917008821,0,521920750986,521920751496,521923494537,521923520477,521950342153,521920748366,16666666,521925249077,521925281167,521925326927,521926030408,521935438160,8585862,138330,521933816580,521935438160,521954238595,521926030408,
10-28 15:15:39.236  2542  2559 I System.out: 9 0,14919,521933675487,521933675487,0,521934813660,521934814140,521946948943,521946974373,521967008819,521934812080,16666666,521949854184,521949896074,521949942324,521951463575,521956331796,879990,165620,521956331796,521954556256,521968320679,521951463575,
10-28 15:15:39.236  2542  2559 I System.out: 10 0,14955,521950342153,521950342153,0,521951241865,521951242075,521953177725,521953194225,521983675485,521951240845,16666666,521954751796,521954779616,521954831966,521955603736,521968678479,12282663,125670,521967129329,521968678479,521985779864,521955603736,
10-28 15:15:39.236  2542  2559 I System.out: 11 0,14991,521967008819,521967008819,0,521967734709,521967734869,521969762650,521969783820,522000342151,521967732969,16666666,521971059730,521971122820,521971181400,521971958690,521985878614,12849583,95640,521983824274,521985878614,522004751529,521971958690,
10-28 15:15:39.236  2542  2559 I System.out: 12 0,15027,521983675485,521983675485,0,521984226914,521984227114,521987033105,521987054905,522017008817,521984225424,16666666,521988682475,521988742005,521988799955,521989596255,522005066650,14572975,103160,522000526548,522005066650,522018148033,521989596255,
10-28 15:15:39.236  2542  2559 I System.out: 13 0,15063,522000342151,522000342151,0,522000754398,522000754508,522003112119,522003139069,522033675483,522000753528,16666666,522004724989,522005094530,522005138310,522005856520,522019082003,12030633,130520,522017120143,522019082003,522036591718,522005856520,
10-28 15:15:39.236  2542  2559 I System.out: 14 0,15092,522017008817,522017008817,0,522017583293,522017583483,522020853144,522020874154,522050342149,522017582403,16666666,522022423264,522022459744,522022513834,522023232815,522037241988,13063593,81960,522033843868,522037241988,522053334043,522023232815,
10-28 15:15:39.236  2542  2559 I System.out: 15 0,15121,522033675483,522033675483,0,522036330698,522036331468,522039115849,522039141659,522067008815,522036327858,16666666,522040945729,522041006630,522041068750,522041922550,522054446173,11539733,123910,522050448582,522054446173,522070336428,522041922550,
10-28 15:15:39.236  2542  2559 I System.out: 16 0,15157,522050342149,522050342149,0,522050706262,522050706482,522052507793,522052524093,522083675481,522050705442,16666666,522053596543,522054477163,522054528413,522055775674,522071030038,14283914,98760,522067159467,522071030038,522085788102,522055775674,
10-28 15:15:39.236  2542  2559 I System.out: 17 0,15193,522067008815,522067008815,0,522067186097,522067186547,522072003658,522072033558,522100342147,522067184407,16666666,522074187309,522074382749,522074445509,522075421979,522087126362,10703283,117060,522083806271,522087126362,522102274487,522075421979,
10-28 15:15:39.236  2542  2559 I System.out: 18 0,15215,522083675481,522083675481,0,522085870612,522085871192,522087931403,522087954623,522117008813,522085867892,16666666,522089238803,522089316083,522089368643,522090211033,522102868387,11511714,259160,522091308253,522102868387,522119543591,522090211033,
10-28 15:15:39.238  2542  2559 I System.out: 19 0,15233,522100342147,522100342147,0,522102400737,522102401217,522104298847,522104367247,522133675479,522102398617,16666666,522105594497,522105645977,522105698787,522106490838,522119791891,12409323,87410,522117169551,522119791891,522135448956,522106490838,
10-28 15:15:39.238  2542  2559 I System.out: 20 0,15254,522117008813,522117008813,0,522119501701,522119502111,522120171562,522120189512,522150342145,522119499441,16666666,522121075332,522121110202,522121160262,522121427362,522135880656,13379304,170200,522133769595,522135880656,522152134430,522121427362,
10-28 15:15:39.238  2542  2559 I System.out: 21 0,15281,522133675479,522133675479,0,522133865825,522133866275,522135074206,522135100276,522167008811,522133864545,16666666,522136260226,522136306296,522136348666,522136602586,522152419430,14643234,239240,522150530990,522152419430,522169032005,522136602586,
10-28 15:15:39.239  2542  2559 I System.out: 22 0,15308,522150342145,522150342145,0,522150564030,522150564340,522151052030,522151070340,522183675477,522150562990,16666666,522151999940,522152447580,522152496190,522152842511,522169220155,15254054,190260,522167111575,522169220155,522184888999,522152842511,
10-28 15:15:39.239  2542  2559 I System.out: 23 0,15325,522167008811,522167008811,0,522167193245,522167193465,522168916505,522168939185,522200342143,522167191975,16666666,522169961475,522170000555,522170049745,522170537185,522186116130,14721084,176290,522171342316,522186116130,522202176164,522170537185,
10-28 15:15:39.239  2542  2559 I System.out: 24 0,15347,522183675477,522183675477,0,522183861409,522183861759,522186193800,522186219250,522217008809,522183859969,16666666,522187378410,522187412690,522187454250,522187902960,522202470004,13590683,177990,522188838191,522202470004,522219092769,522187902960,
10-28 15:15:39.239  2542  2559 I System.out: 25 0,15355,522200342143,522200342143,0,522200561934,522200562624,522201742234,522201774684,522233675475,522200558724,16666666,522203031535,522203072095,522203100595,522203371775,522219257359,14912354,183330,522204285405,522219257359,522234870933,522203371775,
10-28 15:15:39.239  2542  2559 I System.out: 26 0,15376,522217008809,522217008809,0,522217203688,522217204068,522217815469,522217841069,522250342141,522217202218,16666666,522218874239,522219286119,522219336049,522219782989,522235266153,14683724,147860,522233757173,522235266153,522251694778,522219782989,
10-28 15:15:39.239  2542  2559 I System.out: 27 0,15386,522233675475,522233675475,0,522233843773,522233844093,522234061763,522234077713,522267008807,522233842213,16666666,522234107033,522235291823,522235338403,522235791974,522251947708,15235754,197590,522236664364,522251947708,522268616183,522235791974,
10-28 15:15:39.239  2542  2559 I System.out: 28 0,15407,522250342141,522250342141,0,522250559758,522250560158,522251004268,522251026498,522283675473,522250557808,16666666,522252203718,522252246318,522252284388,522252626988,522268458083,14920324,202861,522253435489,522268458083,0,522252626988,
10-28 15:15:39.239  2542  2559 I System.out: 29 0,15422,522267008807,522267008807,0,522267133512,522267133742,522269233903,522269255243,522300342139,522267132492,16666666,522270508253,522270547403,522270595883,522271070703,522285793908,13714323,225650,522283830697,522285793908,0,522271070703,
10-28 15:15:39.239  2542  2559 I System.out: 30 0,15440,522283675473,522283675473,0,522283906897,522283907237,522284844827,522284862567,522317008805,522283905547,16666666,522285286807,522285817518,522285860818,522288714678,522301588872,12151673,84901,522289403139,522301588872,0,522288714678,
10-28 15:15:39.239  2542  2559 I System.out: 31 0,15469,522300342139,522300342139,0,522300529872,522300530282,522300530472,522300733752,522333675471,522300527832,16666666,522300821382,522301605832,522301653232,522302009622,522318205427,15359964,82030,522302743142,522318205427,0,522302009622,
10-28 15:15:39.240  2542  2559 D Benchmark: Starting activity with command: am start  -W "intent:#Intent;action=android.intent.action.MAIN;category=android.intent.category.LAUNCHER;launchFlags=0x10008000;package=org.kaisipan.mobile;component=org.kaisipan.mobile/com.ustadmobile.port.android.view.AppActivity;end"
10-28 15:15:39.242  1493  3492 W MediaProvider: isAppCloneUserPair for user 0: false
10-28 15:15:39.243  1493  3492 V MediaProvider: Inserted id:1000000089 less than next row id backup:1000001000.
10-28 15:15:39.277   862   919 D SplashScreenView: Build android.window.SplashScreenView{2a4a6ca V.E...... ......ID 0,0-0,0}
10-28 15:15:39.277   862   919 D SplashScreenView: Icon: view: null drawable: null size: 0
10-28 15:15:39.277   862   919 D SplashScreenView: Branding: view: android.view.View{528c03b G.ED..... ......I. 0,0-0,0 #10204db android:id/splashscreen_branding_view} drawable: null size w: 0 h: 0
10-28 15:15:39.284  2633  2633 D AppActivity$onDestroy: AppActivity#onDestroy
10-28 15:15:39.286   584  1815 W InputManager-JNI: Input channel object 'fb9e90a org.kaisipan.mobile/com.ustadmobile.port.android.view.AppActivity (client)' was disposed without first being removed with the input manager!
10-28 15:15:39.298  2633  2633 W CustomTabsClient: Unable to find any Custom Tabs packages, you may need to add a <queries> element to your manifest. See the docs for CustomTabsClient#getPackageName.
10-28 15:15:39.298  2633  2633 W AppActivity$bindCustomTabsService: CustomTabs: Service NOT supported
10-28 15:15:39.303   862  1304 W Parcel  : Expecting binder but got null!
10-28 15:15:39.312  2633  2633 D AutofillManager: Fill dialog is enabled:false, hints=[]
10-28 15:15:39.317  2633  2633 W OnBackInvokedCallback: OnBackInvokedCallback is not enabled for the application.
10-28 15:15:39.317  2633  2633 W OnBackInvokedCallback: Set 'android:enableOnBackInvokedCallback="true"' in the application manifest.
10-28 15:15:39.323   584   942 D ConnectivityService: requestNetwork for uid/pid:10126/2633 activeRequest: null callbackRequest: 66 [NetworkRequest [ REQUEST id=67, [ Capabilities: INTERNET&NOT_RESTRICTED&TRUSTED&NOT_VCN_MANAGED Uid: 10126 RequestorUid: 10126 RequestorPkg: org.kaisipan.mobile UnderlyingNetworks: Null] ]] callback flags: 0 order: 2147483647
10-28 15:15:39.324   584   808 D ConnectivityService: NetReassign [67 : null → 100]
10-28 15:15:39.324   584   801 D WifiNetworkFactory: got request NetworkRequest [ REQUEST id=67, [ Capabilities: INTERNET&NOT_RESTRICTED&TRUSTED&NOT_VCN_MANAGED Uid: 10126 RequestorUid: 10126 RequestorPkg: org.kaisipan.mobile UnderlyingNetworks: Null] ]
10-28 15:15:39.324   584   801 D UntrustedWifiNetworkFactory: got request NetworkRequest [ REQUEST id=67, [ Capabilities: INTERNET&NOT_RESTRICTED&TRUSTED&NOT_VCN_MANAGED Uid: 10126 RequestorUid: 10126 RequestorPkg: org.kaisipan.mobile UnderlyingNetworks: Null] ]
10-28 15:15:39.325   584   801 D OemPaidWifiNetworkFactory: got request NetworkRequest [ REQUEST id=67, [ Capabilities: INTERNET&NOT_RESTRICTED&TRUSTED&NOT_VCN_MANAGED Uid: 10126 RequestorUid: 10126 RequestorPkg: org.kaisipan.mobile UnderlyingNetworks: Null] ]
10-28 15:15:39.325   584   801 D MultiInternetWifiNetworkFactory: got request NetworkRequest [ REQUEST id=67, [ Capabilities: INTERNET&NOT_RESTRICTED&TRUSTED&NOT_VCN_MANAGED Uid: 10126 RequestorUid: 10126 RequestorPkg: org.kaisipan.mobile UnderlyingNetworks: Null] ]
10-28 15:15:39.331  2633  2690 W Parcel  : Expecting binder but got null!
10-28 15:15:39.333   584   604 I ActivityTaskManager: Displayed org.kaisipan.mobile/com.ustadmobile.port.android.view.AppActivity: +61ms
10-28 15:15:39.337   424   463 W TransactionTracing: Could not find layer handle 0x70693503f290
10-28 15:15:39.341  2633  2633 D UstadViewModelFunKt$ustadViewModel$viewModel$invoke: ustadViewModel(): create viewmodel for: com.ustadmobile.core.viewmodel.redirect.RedirectViewModel
10-28 15:15:39.342  2633  2633 I System.out: com.ustadmobile.core.db.UmAppDatabase_DoorWrapper@229d481
10-28 15:15:39.345  2633  2633 D UstadNavControllerPreCompose$onCollectNavCommand: NavCommandEffect: Navigate: Go to Login
10-28 15:15:39.356  2542  2559 D Benchmark: Result: Starting: Intent { act=android.intent.action.MAIN cat=[android.intent.category.LAUNCHER] flg=0x10008000 pkg=org.kaisipan.mobile cmp=org.kaisipan.mobile/com.ustadmobile.port.android.view.AppActivity }
10-28 15:15:39.356  2542  2559 D Benchmark: Status: ok
10-28 15:15:39.356  2542  2559 D Benchmark: LaunchState: WARM
10-28 15:15:39.356  2542  2559 D Benchmark: Activity: org.kaisipan.mobile/com.ustadmobile.port.android.view.AppActivity
10-28 15:15:39.356  2542  2559 D Benchmark: TotalTime: 61
10-28 15:15:39.356  2542  2559 D Benchmark: WaitTime: 62
10-28 15:15:39.356  2542  2559 D Benchmark: Complete
10-28 15:15:39.359  2633  2633 D UstadViewModelFunKt$ustadViewModel$viewModel$invoke: ustadViewModel(): create viewmodel for: com.ustadmobile.core.viewmodel.login.LoginViewModel
10-28 15:15:39.364  2633  2744 V UstadCache: OKHttp-CacheInterceptor:  intercept: GET https://oer.kaisipan.org/v2/Site/verify
10-28 15:15:39.364  2633  2744 I UstadCache: UstadCache(): Retrieve https://oer.kaisipan.org/v2/Site/verify
10-28 15:15:39.365  2633  2744 D UstadCache: UstadCache(): FOUND https://oer.kaisipan.org/v2/Site/verify
10-28 15:15:39.372  2633  2744 D TrafficStats: tagSocket(100) with statsTag=0xffffffff, statsUid=-1
10-28 15:15:39.372  1493  1876 W MediaProvider: isAppCloneUserPair for user 0: false
10-28 15:15:39.372  1493  1876 V MediaProvider: Inserted id:1000000090 less than next row id backup:1000001000.
10-28 15:15:39.449  2542  2559 I System.out: 0 Flags,FrameTimelineVsyncId,IntendedVsync,Vsync,InputEventId,HandleInputStart,AnimationStart,PerformTraversalsStart,DrawStart,FrameDeadline,FrameInterval,FrameStartTime,SyncQueued,SyncStart,IssueDrawCommandsStart,SwapBuffers,FrameCompleted,DequeueBufferDuration,QueueBufferDuration,GpuCompleted,SwapBuffersCompleted,DisplayPresentTime,CommandSubmissionCompleted,
10-28 15:15:39.449  2542  2559 I System.out: 1 1,15793,546150341185,546167007851,0,546175271783,546175272033,546175272153,546193190118,546167007851,546175269853,16666666,546193558928,546193691328,546193789678,546193986488,546200485440,1770,100100,546200485440,546194451359,546202984501,546193986488,
10-28 15:15:39.449  2542  2559 I System.out: 2 0,15855,546183674517,546183674517,0,546197498659,546197499109,546207247842,546207268402,546233674515,546197497009,16666666,546207681532,546207710292,546207740572,546207828602,546217149425,1640,71480,546217149425,546208392012,497254662365,546207828602,
10-28 15:15:39.449  2542  2559 I System.out: 3 0,15930,546217007849,546217007849,0,546217472195,546217472355,546245547603,546245571733,546250341181,546217470535,16666666,546257208326,546257238986,546257317536,546257406916,546267213849,2850,172180,546267213849,546258038446,497302411298,546257406916,
10-28 15:15:39.449  2542  2559 I System.out: 4 0,15967,546233674515,546250341181,0,546259511947,546259512287,546271865880,546271886750,546300341179,546259510147,16666666,546278766832,546278819812,546278861582,546279316062,546283603543,2830,130460,546283603543,546280133032,497320352443,546279316062,
10-28 15:15:39.449  2542  2559 I System.out: 5 0,16045,546267007847,546267007847,0,546279662982,546279663242,546280982463,546280998003,546283674513,546279662102,16666666,546281874763,546281898223,546281940423,546283023843,497326986435,3611001,94520,497326986435,546287255824,497335520157,546283023843,
10-28 15:15:39.450  2542  2559 D UiDevice: Waiting 10000ms for SearchCondition[hasObject=BySelector [TEXT='\QGet Started\E']].
10-28 15:15:39.450  2542  2559 D UiDevice: Searching for node with selector: BySelector [TEXT='\QGet Started\E'].
10-28 15:15:39.473  2633  2744 D UstadCache: OKHttp-CacheInterceptor:  MISS(invalid) https://oer.kaisipan.org/v2/Site/verify
10-28 15:15:39.473  2633  2744 D UstadCache: OKHttp-CacheInterceptor:  newCacheAndStoreResponse: GET https://oer.kaisipan.org/v2/Site/verify 200 ()
10-28 15:15:39.473  2633  2744 V UstadCache: OKHttp-CacheInterceptor:  https://oer.kaisipan.org/v2/Site/verify MISS(invalid) can store/update 200  (contentType=application/json; charset=UTF-8, content-encoding=null content-length=177)
10-28 15:15:39.477  2633  2754 D UstadCache: UstadCache(): storerequest 1 entries
10-28 15:15:39.481  2633  2754 V UstadCache: UstadCache(): copied request data for https://oer.kaisipan.org/v2/Site/verify to /data/user/0/org.kaisipan.mobile/files/httpfiles/tmpwork/12.tmp (integrity=sha256-+Gj5X+R/uXuHkt8sVDRb99IojGPQMF8H9XLmkpGzlgU=)
10-28 15:15:39.481  2633  2754 V UstadCache: UstadCache(): cacheEntries created 1 entries
10-28 15:15:39.481  2633  2754 D UstadCache: UstadCache(): deleting 1 tmp files
10-28 15:15:39.481  2633  2754 D UstadCache: UstadCache(): db transaction completed
10-28 15:15:39.557  1339  1339 W FrameTracker: Missed SF frame:PREDICTION_ERROR, 15677, 4725909, CUJ=J<LAUNCHER_APP_CLOSE_TO_HOME>
10-28 15:15:39.557  1339  1339 W FrameTracker: Missed SF frame:PREDICTION_ERROR, 15727, 5519997, CUJ=J<LAUNCHER_APP_CLOSE_TO_HOME>
10-28 15:15:39.557  1339  1339 W FrameTracker: Missed SF frame:PREDICTION_ERROR, 15848, 5089230, CUJ=J<LAUNCHER_APP_CLOSE_TO_HOME>
10-28 15:15:39.557  1339  1339 W FrameTracker: Missed SF frame:PREDICTION_ERROR, 15921, 4838747, CUJ=J<LAUNCHER_APP_CLOSE_TO_HOME>
10-28 15:15:39.557  1339  1339 W FrameTracker: Missed SF frame:PREDICTION_ERROR, 16074, 3443631, CUJ=J<LAUNCHER_APP_CLOSE_TO_HOME>
10-28 15:15:39.557  1339  1339 W FrameTracker: Missed SF frame:PREDICTION_ERROR, 16182, 7221218, CUJ=J<LAUNCHER_APP_CLOSE_TO_HOME>
10-28 15:15:39.557  1339  1339 W FrameTracker: Missed SF frame:PREDICTION_ERROR, 16319, 3396572, CUJ=J<LAUNCHER_APP_CLOSE_TO_HOME>
10-28 15:15:39.558  1339  1698 V PerfettoTrigger: Not triggering com.android.telemetry.interaction-jank-monitor-9 - not enough time since last trigger
10-28 15:15:39.587   424   463 W TransactionTracing: Could not find layer handle 0x70693503f650
10-28 15:15:39.604   424   463 W TransactionTracing: Could not find layer handle 0x706935039a10
10-28 15:15:39.604   424   463 W TransactionTracing: Could not find layer handle 0x70693503cad0
10-28 15:15:39.604   424   463 W TransactionTracing: Could not find layer handle 0x706935039b90
10-28 15:15:39.604   424   463 W TransactionTracing: Could not find layer handle 0x7069350401f0
10-28 15:15:39.604   424   463 W TransactionTracing: Could not find layer handle 0x706935038f90
10-28 15:15:39.604   424   463 W TransactionTracing: Could not find layer handle 0x706935038f90
10-28 15:15:39.604   424   463 W TransactionTracing: Could not find layer handle 0x70693503cad0
10-28 15:15:39.604   424   463 W TransactionTracing: Could not find layer handle 0x706935039a10
10-28 15:15:39.624   584   942 W InputManager-JNI: Input channel object 'daf650f Splash Screen org.kaisipan.mobile (client)' was disposed without first being removed with the input manager!
10-28 15:15:39.653   424   463 W TransactionTracing: Could not find layer handle 0x706935038690
10-28 15:15:39.675   862   918 W FrameTracker: Missed SF frame:PREDICTION_ERROR, 15914, 6520068, CUJ=J<SPLASHSCREEN_EXIT_ANIM>
10-28 15:15:39.675   862   918 W FrameTracker: Missed SF frame:PREDICTION_ERROR, 15951, 0, CUJ=J<SPLASHSCREEN_EXIT_ANIM>
10-28 15:15:39.675   862   918 W FrameTracker: Missing HWUI jank callback for vsyncId: 15951, CUJ=J<SPLASHSCREEN_EXIT_ANIM>
10-28 15:15:39.675   862   918 W FrameTracker: Missed SF frame:PREDICTION_ERROR, 16002, 4254734, CUJ=J<SPLASHSCREEN_EXIT_ANIM>
10-28 15:15:39.675   862   918 W FrameTracker: Missing HWUI jank callback for vsyncId: 16031, CUJ=J<SPLASHSCREEN_EXIT_ANIM>
10-28 15:15:39.675   862   918 W FrameTracker: Missed SF frame:PREDICTION_ERROR, 16067, 4390782, CUJ=J<SPLASHSCREEN_EXIT_ANIM>
10-28 15:15:39.675   862   918 W FrameTracker: Missed SF frame:PREDICTION_ERROR, 16103, 7152521, CUJ=J<SPLASHSCREEN_EXIT_ANIM>
10-28 15:15:39.675   862   918 W FrameTracker: Missed SF frame:PREDICTION_ERROR, 16139, 0, CUJ=J<SPLASHSCREEN_EXIT_ANIM>
10-28 15:15:39.675   862   918 W FrameTracker: Missing HWUI jank callback for vsyncId: 16139, CUJ=J<SPLASHSCREEN_EXIT_ANIM>
10-28 15:15:39.675   862   918 W FrameTracker: Missed SF frame:PREDICTION_ERROR, 16175, 7511038, CUJ=J<SPLASHSCREEN_EXIT_ANIM>
10-28 15:15:39.675   862   918 W FrameTracker: Missed SF frame:PREDICTION_ERROR, 16312, 5384852, CUJ=J<SPLASHSCREEN_EXIT_ANIM>
10-28 15:15:39.675   862   918 W FrameTracker: Missed SF frame:PREDICTION_ERROR, 16341, 6208291, CUJ=J<SPLASHSCREEN_EXIT_ANIM>
10-28 15:15:39.675   862   918 W FrameTracker: Missed SF frame:PREDICTION_ERROR, 16370, 6642850, CUJ=J<SPLASHSCREEN_EXIT_ANIM>
10-28 15:15:39.675   862   918 W FrameTracker: Missed SF frame:PREDICTION_ERROR, 16399, 4411928, CUJ=J<SPLASHSCREEN_EXIT_ANIM>
10-28 15:15:39.675   862   918 W FrameTracker: Missing HWUI jank callback for vsyncId: 16435, CUJ=J<SPLASHSCREEN_EXIT_ANIM>
10-28 15:15:39.675   862   907 V PerfettoTrigger: Not triggering com.android.telemetry.interaction-jank-monitor-39 - not enough time since last trigger
10-28 15:15:39.804   424   463 W TransactionTracing: Could not find layer handle 0x70693503f770
10-28 15:15:39.804   424   463 W TransactionTracing: Could not find layer handle 0x706935040190
10-28 15:15:39.804   424   463 W TransactionTracing: Could not find layer handle 0x706935039ef0
10-28 15:15:39.804   424   463 W TransactionTracing: Could not find layer handle 0x706935039ef0
10-28 15:15:39.804   424   463 W TransactionTracing: Could not find layer handle 0x706935040190
10-28 15:15:39.913  2542  2559 D UiDevice: Searching for node with selector: BySelector [TEXT='\QGet Started\E'].
10-28 15:15:40.504  2542  2559 D UiDevice: Searching for node with selector: BySelector [TEXT='\QGet Started\E'].
10-28 15:15:40.607  2542  2559 D UiDevice: Searching for node with selector: BySelector [TEXT='\QGet Started\E'].
10-28 15:15:40.709  2542  2559 D UiDevice: Searching for node with selector: BySelector [TEXT='\QGet Started\E'].
10-28 15:15:40.812  2542  2559 D UiDevice: Searching for node with selector: BySelector [TEXT='\QGet Started\E'].
10-28 15:15:40.915  2542  2559 D UiDevice: Searching for node with selector: BySelector [TEXT='\QGet Started\E'].
10-28 15:15:41.018  2542  2559 D UiDevice: Searching for node with selector: BySelector [TEXT='\QGet Started\E'].
10-28 15:15:41.120  2542  2559 D UiDevice: Searching for node with selector: BySelector [TEXT='\QGet Started\E'].
10-28 15:15:41.223  2542  2559 D UiDevice: Searching for node with selector: BySelector [TEXT='\QGet Started\E'].
10-28 15:15:41.326  2542  2559 D UiDevice: Searching for node with selector: BySelector [TEXT='\QGet Started\E'].
10-28 15:15:41.429  2542  2559 D UiDevice: Searching for node with selector: BySelector [TEXT='\QGet Started\E'].
10-28 15:15:41.532  2542  2559 D UiDevice: Searching for node with selector: BySelector [TEXT='\QGet Started\E'].
10-28 15:15:41.635  2542  2559 D UiDevice: Searching for node with selector: BySelector [TEXT='\QGet Started\E'].
10-28 15:15:41.738  2542  2559 D UiDevice: Searching for node with selector: BySelector [TEXT='\QGet Started\E'].
10-28 15:15:41.841  2542  2559 D UiDevice: Searching for node with selector: BySelector [TEXT='\QGet Started\E'].
10-28 15:15:41.944  2542  2559 D UiDevice: Searching for node with selector: BySelector [TEXT='\QGet Started\E'].
10-28 15:15:42.047  2542  2559 D UiDevice: Searching for node with selector: BySelector [TEXT='\QGet Started\E'].
10-28 15:15:42.149  2542  2559 D UiDevice: Searching for node with selector: BySelector [TEXT='\QGet Started\E'].
10-28 15:15:42.252  2542  2559 D UiDevice: Searching for node with selector: BySelector [TEXT='\QGet Started\E'].
10-28 15:15:42.354  2542  2559 D UiDevice: Searching for node with selector: BySelector [TEXT='\QGet Started\E'].
10-28 15:15:42.457  2542  2559 D UiDevice: Searching for node with selector: BySelector [TEXT='\QGet Started\E'].
10-28 15:15:42.559  2542  2559 D UiDevice: Searching for node with selector: BySelector [TEXT='\QGet Started\E'].
10-28 15:15:42.662  2542  2559 D UiDevice: Searching for node with selector: BySelector [TEXT='\QGet Started\E'].
10-28 15:15:42.765  2542  2559 D UiDevice: Searching for node with selector: BySelector [TEXT='\QGet Started\E'].
10-28 15:15:42.868  2542  2559 D UiDevice: Searching for node with selector: BySelector [TEXT='\QGet Started\E'].
10-28 15:15:42.971  2542  2559 D UiDevice: Searching for node with selector: BySelector [TEXT='\QGet Started\E'].
10-28 15:15:43.074  2542  2559 D UiDevice: Searching for node with selector: BySelector [TEXT='\QGet Started\E'].
10-28 15:15:43.177  2542  2559 D UiDevice: Searching for node with selector: BySelector [TEXT='\QGet Started\E'].
10-28 15:15:43.280  2542  2559 D UiDevice: Searching for node with selector: BySelector [TEXT='\QGet Started\E'].
10-28 15:15:43.383  2542  2559 D UiDevice: Searching for node with selector: BySelector [TEXT='\QGet Started\E'].
10-28 15:15:43.486  2542  2559 D UiDevice: Searching for node with selector: BySelector [TEXT='\QGet Started\E'].
10-28 15:15:43.589  2542  2559 D UiDevice: Searching for node with selector: BySelector [TEXT='\QGet Started\E'].
10-28 15:15:43.692  2542  2559 D UiDevice: Searching for node with selector: BySelector [TEXT='\QGet Started\E'].
10-28 15:15:43.795  2542  2559 D UiDevice: Searching for node with selector: BySelector [TEXT='\QGet Started\E'].
10-28 15:15:43.898  2542  2559 D UiDevice: Searching for node with selector: BySelector [TEXT='\QGet Started\E'].
10-28 15:15:44.001  2542  2559 D UiDevice: Searching for node with selector: BySelector [TEXT='\QGet Started\E'].
10-28 15:15:44.104  2542  2559 D UiDevice: Searching for node with selector: BySelector [TEXT='\QGet Started\E'].
10-28 15:15:44.208  2542  2559 D UiDevice: Searching for node with selector: BySelector [TEXT='\QGet Started\E'].
10-28 15:15:44.311  2542  2559 D UiDevice: Searching for node with selector: BySelector [TEXT='\QGet Started\E'].
10-28 15:15:44.414  2542  2559 D UiDevice: Searching for node with selector: BySelector [TEXT='\QGet Started\E'].
10-28 15:15:44.516  2542  2559 D UiDevice: Searching for node with selector: BySelector [TEXT='\QGet Started\E'].
10-28 15:15:44.619  2542  2559 D UiDevice: Searching for node with selector: BySelector [TEXT='\QGet Started\E'].
10-28 15:15:44.723  2542  2559 D UiDevice: Searching for node with selector: BySelector [TEXT='\QGet Started\E'].
10-28 15:15:44.826  2542  2559 D UiDevice: Searching for node with selector: BySelector [TEXT='\QGet Started\E'].
10-28 15:15:44.929  2542  2559 D UiDevice: Searching for node with selector: BySelector [TEXT='\QGet Started\E'].
10-28 15:15:45.032  2542  2559 D UiDevice: Searching for node with selector: BySelector [TEXT='\QGet Started\E'].
10-28 15:15:45.135  2542  2559 D UiDevice: Searching for node with selector: BySelector [TEXT='\QGet Started\E'].
10-28 15:15:45.238  2542  2559 D UiDevice: Searching for node with selector: BySelector [TEXT='\QGet Started\E'].
10-28 15:15:45.341  2542  2559 D UiDevice: Searching for node with selector: BySelector [TEXT='\QGet Started\E'].
10-28 15:15:45.429  2633  2653 D UstadCache: CacheTrimmer:  Trim cache run: max (evictable) size = 100000000 bytes
10-28 15:15:45.430  2633  2653 V UstadCache: CacheTrimmer:  deleting
10-28 15:15:45.444  2542  2559 D UiDevice: Searching for node with selector: BySelector [TEXT='\QGet Started\E'].
10-28 15:15:45.547  2542  2559 D UiDevice: Searching for node with selector: BySelector [TEXT='\QGet Started\E'].
10-28 15:15:45.650  2542  2559 D UiDevice: Searching for node with selector: BySelector [TEXT='\QGet Started\E'].
10-28 15:15:45.753  2542  2559 D UiDevice: Searching for node with selector: BySelector [TEXT='\QGet Started\E'].
10-28 15:15:45.856  2542  2559 D UiDevice: Searching for node with selector: BySelector [TEXT='\QGet Started\E'].
10-28 15:15:45.959  2542  2559 D UiDevice: Searching for node with selector: BySelector [TEXT='\QGet Started\E'].
10-28 15:15:46.062  2542  2559 D UiDevice: Searching for node with selector: BySelector [TEXT='\QGet Started\E'].
10-28 15:15:46.164  2542  2559 D UiDevice: Searching for node with selector: BySelector [TEXT='\QGet Started\E'].
10-28 15:15:46.268  2542  2559 D UiDevice: Searching for node with selector: BySelector [TEXT='\QGet Started\E'].
10-28 15:15:46.371  2542  2559 D UiDevice: Searching for node with selector: BySelector [TEXT='\QGet Started\E'].
10-28 15:15:46.474  2542  2559 D UiDevice: Searching for node with selector: BySelector [TEXT='\QGet Started\E'].
10-28 15:15:46.578  2542  2559 D UiDevice: Searching for node with selector: BySelector [TEXT='\QGet Started\E'].
10-28 15:15:46.681  2542  2559 D UiDevice: Searching for node with selector: BySelector [TEXT='\QGet Started\E'].
10-28 15:15:46.784  2542  2559 D UiDevice: Searching for node with selector: BySelector [TEXT='\QGet Started\E'].
10-28 15:15:46.887  2542  2559 D UiDevice: Searching for node with selector: BySelector [TEXT='\QGet Started\E'].
10-28 15:15:46.990  2542  2559 D UiDevice: Searching for node with selector: BySelector [TEXT='\QGet Started\E'].
10-28 15:15:47.092  2542  2559 D UiDevice: Searching for node with selector: BySelector [TEXT='\QGet Started\E'].
10-28 15:15:47.195  2542  2559 D UiDevice: Searching for node with selector: BySelector [TEXT='\QGet Started\E'].
10-28 15:15:47.298  2542  2559 D UiDevice: Searching for node with selector: BySelector [TEXT='\QGet Started\E'].
10-28 15:15:47.401  2542  2559 D UiDevice: Searching for node with selector: BySelector [TEXT='\QGet Started\E'].
10-28 15:15:47.504  2542  2559 D UiDevice: Searching for node with selector: BySelector [TEXT='\QGet Started\E'].
10-28 15:15:47.606  2542  2559 D UiDevice: Searching for node with selector: BySelector [TEXT='\QGet Started\E'].
10-28 15:15:47.709  2542  2559 D UiDevice: Searching for node with selector: BySelector [TEXT='\QGet Started\E'].
10-28 15:15:47.812  2542  2559 D UiDevice: Searching for node with selector: BySelector [TEXT='\QGet Started\E'].
10-28 15:15:47.915  2542  2559 D UiDevice: Searching for node with selector: BySelector [TEXT='\QGet Started\E'].
