10-28 15:16:51.902  2542  2559 I System.out: 2 0,18295,594633672579,594650339245,0,594653699089,594653699609,594658344770,594658366580,594683672577,594653695989,16666666,594658762510,594658787700,594658817460,594658932900,594659621841,1990,331761,594659601461,594659621841,594668485083,594658932900,
10-28 15:16:51.902  2542  2559 I System.out: 3 0,18367,594667005911,594667005911,0,594669497613,594669497803,594690111629,594690142949,594700339243,594669494763,16666666,594696549181,594696572531,594696615991,594696689281,594697506261,1930,459890,594697484641,594697506261,594703340813,594696689281,
10-28 15:16:51.902  2542  2559 I System.out: 4 0,18410,594683672577,594683672577,0,594698345801,594698346101,594708870854,594708905234,594717005909,594698344911,16666666,594715899626,594715935856,594715995426,594716546326,594720011167,2850,135340,594719972087,594720011167,594736338912,594716546326,
10-28 15:16:51.902  2542  2559 I System.out: 5 0,18453,594700339243,594717005909,0,594717009406,594717009636,594720681188,594720695808,594750339241,594717007236,16666666,594721572088,594721601558,594721679898,594722857258,594737052352,13072904,72870,594733787211,594737052352,594752596316,594722857258,
10-28 15:16:51.902  2542  2559 I System.out: 6 0,18518,594733672575,594733672575,0,594738630863,594738631493,594741865793,594741893823,594767005907,594738628673,16666666,594743362444,594743406714,594743458824,594744106224,594753053957,8399193,65630,594750451786,594753053957,594770470881,594744106224,
10-28 15:16:51.902  2542  2559 I System.out: 7 0,18554,594750339241,594750339241,0,594751457386,594751457746,594753381337,594753400387,594783672573,594751455456,16666666,594754600837,594754620577,594754668327,594755436737,594770764351,14364974,78010,594767127570,594770764351,594786707836,594755436737,
10-28 15:16:51.902  2542  2559 I System.out: 8 0,18590,594767005907,594767005907,0,594767928701,594767928981,594770594151,594770619141,594800339239,594767926531,16666666,594772372442,594772427592,594772492712,594773402062,594787237976,12980994,88120,594783768415,594787237976,594801476660,594773402062,
10-28 15:16:51.902  2542  2559 I System.out: 9 0,18626,594783672573,594783672573,0,594789740507,594789740927,594791832247,594791853247,594817005905,594789738077,16666666,594793112068,594793153038,594793272658,594793904218,594801769210,6940542,116930,594800488510,594801769210,594820488975,594793904218,
10-28 15:16:51.902  2542  2559 I System.out: 10 0,18662,594800339239,594800339239,0,594800751570,594800751810,594812075383,594812098393,594833672571,594800750880,16666666,594814712114,594814747034,594814788594,594815522284,594820786705,4359221,141180,594817133564,594820786705,594838259320,594815522284,
10-28 15:16:51.902  2542  2559 I System.out: 11 0,18698,594817005905,594817005905,0,594817554434,594817554614,594819608535,594819627275,594850339237,594817553534,16666666,594820624375,594820837605,594820880285,594821906696,594838694410,15710374,73420,594833761239,594838694410,594854667905,594821906696,
10-28 15:16:51.902  2542  2559 I System.out: 12 0,18734,594833672571,594833672571,0,594834055709,594834056009,594836035260,594836055930,594867005903,594834054249,16666666,594837239000,594838733450,594838800290,594839434151,594854982345,14725434,85370,594850465884,594854982345,594872700090,594839434151,
10-28 15:16:51.902  2542  2559 I System.out: 13 0,18763,594850339237,594850339237,0,594850535814,594850536154,594852705234,594852731344,594883672569,594850534534,16666666,594854696135,594855010725,594855070615,594856153395,594873123190,16112085,76420,594867157378,594873123190,594888309234,594856153395,
10-28 15:16:51.902  2542  2559 I System.out: 14 0,18799,594867005903,594867005903,0,594867251488,594867251688,594868859189,594868881539,594900339235,594867250898,16666666,594869997979,594873149270,594873294760,594874362850,594888579854,13316234,92470,594883811233,594888579854,594902820408,594874362850,
10-28 15:16:51.902  2542  2559 I System.out: 15 0,18821,594883672569,594883672569,0,594883915123,594883915503,594886186853,594886212903,594917005901,594883913253,16666666,594887507564,594888607894,594888661394,594889407074,594902833498,11682543,90670,594900455487,594902833498,594920362273,594889407074,
10-28 15:16:51.902  2542  2559 I System.out: 16 0,18857,594900339235,594900339235,0,594900775188,594900775318,594902931008,594902953558,594933672567,594900773828,16666666,594904458139,594904511979,594904573539,594905804949,594920246083,13527844,132940,594917166412,594920246083,594937012568,594905804949,
10-28 15:16:51.902  2542  2559 I System.out: 17 0,18889,594917005901,594917005901,0,594917203742,594917204052,594919345173,594919367793,594950339233,594917202162,16666666,594920837023,594920869283,594920917053,594921880503,594935258537,11122243,69830,594933811457,594935258537,594953217662,594921880503,
10-28 15:16:51.902  2542  2559 I System.out: 18 0,18915,594933672567,594933672567,0,594934163307,594934163707,594936082357,594936103477,594967005899,594934161557,16666666,594936992358,594937040718,594937103608,594937926188,594953536962,14607864,156280,594938884808,594953536962,594969179267,594937926188,
10-28 15:16:51.902  2542  2559 I System.out: 19 0,18944,594950339233,594950339233,0,594950538721,594950539161,594952586652,594952613692,594983672565,594950536581,16666666,594953966112,594953993882,594954040272,594954762723,594969381947,13584434,92470,594967117106,594969381947,594985884061,594954762723,
10-28 15:16:51.902  2542  2559 I System.out: 20 0,18960,594967005899,594967005899,0,594967197126,594967197516,594969946647,594969976547,595000339231,594967195866,16666666,594971335047,594971369837,594971411307,594972178037,594986186211,12919193,115500,594983760981,594986186211,595002348766,594972178037,
10-28 15:16:51.902  2542  2559 I System.out: 21 0,18988,594983672565,594983672565,0,594983846201,594983846541,594984232671,594984250271,595017005897,594983845241,16666666,594984968851,594986217801,594986272891,594986623671,595002478696,14708934,201940,595000419315,595002478696,595018139060,594986623671,
10-28 15:16:51.902  2542  2559 I System.out: 22 0,18996,595000339231,595000339231,0,595000498025,595000498425,595001094785,595001117865,595033672563,595000495735,16666666,595001974006,595002501526,595002541306,595002836036,595018373190,14485084,103370,595017130300,595018373190,595035526545,595002836036,
10-28 15:16:51.902  2542  2559 I System.out: 23 0,19011,595017005897,595017005897,0,595017214820,595017215350,595019556091,595019581221,595050339229,595017213280,16666666,595020633651,595020670911,595020723321,595021214251,595035976155,13733104,201600,595022190891,595035976155,595052537190,595021214251,
10-28 15:16:51.902  2542  2559 I System.out: 24 0,19033,595033672563,595033672563,0,595033840615,595033840985,595035675035,595035703335,595067005895,595033839365,16666666,595036695425,595036735145,595036782375,595037191605,595052773710,14757744,155800,595037964486,595052773710,595069132364,595037191605,
10-28 15:16:51.902  2542  2559 I System.out: 25 0,19041,595050339229,595050339229,0,595050534119,595050534659,595051226359,595051250399,595083672561,595050532659,16666666,595052374710,595052812550,595052859550,595053255790,595069357364,15202534,238270,595054118450,595069357364,595084826089,595053255790,
10-28 15:16:51.902  2542  2559 I System.out: 26 0,19061,595067005895,595067005895,0,595067213564,595067213994,595067931634,595068008144,595100339227,595067211874,16666666,595069039984,595069375034,595069398674,595069706674,595085093839,14503374,145410,595070522715,595085093839,595101697163,595069706674,
10-28 15:16:51.902  2542  2559 I System.out: 27 0,19071,595083672561,595083672561,0,595083828228,595083828488,595084060378,595084078858,595117005893,595083827218,16666666,595084113588,595085116179,595085148819,595085509739,595101578283,15129784,100660,595100441433,595101578283,595119001488,595085509739,
10-28 15:16:51.902  2542  2559 I System.out: 28 0,19093,595100339227,595100339227,0,595100510003,595100510303,595101243923,595101261693,595133672559,595100508293,16666666,595102486074,595102566784,595102620134,595103135004,595119153318,15216364,121940,595117150738,595119153318,288234774265332736,595103135004,
10-28 15:16:51.903  2542  2559 I System.out: 29 0,19109,595117005893,595117005893,0,595117209748,595117210068,595119855988,595119886738,595150339225,595117208518,16666666,595121995039,595122039159,595122099719,595122486899,595134891133,11670734,104580,595123168479,595134891133,288234774265332736,595122486899,
10-28 15:16:51.903  2542  2559 I System.out: 30 0,19144,595133672559,595133672559,0,595134372952,595134373342,595135307663,595135332623,595167005891,595134371782,16666666,595135671433,595135714883,595135770003,595136322613,595151748717,14345224,206040,595137365353,595151748717,288234774265332736,595136322613,
10-28 15:16:51.903  2542  2559 I System.out: 31 0,19166,595150339225,595150339225,0,595150536817,595150537117,595150537707,595150800017,595183672557,595150535707,16666666,595150878937,595151770297,595151801497,595152100307,595168159232,15248134,82210,595167108972,595168159232,288234774265332736,595152100307,
10-28 15:16:51.903  2542  2559 D Benchmark: Starting activity with command: am start  -W "intent:#Intent;action=android.intent.action.MAIN;category=android.intent.category.LAUNCHER;launchFlags=0x10008000;package=org.kaisipan.mobile;component=org.kaisipan.mobile/com.ustadmobile.port.android.view.AppActivity;end"
10-28 15:16:51.905  1493  1676 W MediaProvider: isAppCloneUserPair for user 0: false
10-28 15:16:51.905  1493  1676 V MediaProvider: Inserted id:1000000107 less than next row id backup:1000001000.
10-28 15:16:51.943   862   919 D SplashScreenView: Build android.window.SplashScreenView{44540d7 V.E...... ......ID 0,0-0,0}
10-28 15:16:51.943   862   919 D SplashScreenView: Icon: view: null drawable: null size: 0
10-28 15:16:51.943   862   919 D SplashScreenView: Branding: view: android.view.View{8884dc4 G.ED..... ......I. 0,0-0,0 #10204db android:id/splashscreen_branding_view} drawable: null size w: 0 h: 0
10-28 15:16:51.949  2633  2633 D AppActivity$onDestroy: AppActivity#onDestroy
10-28 15:16:51.951   584  1007 W InputManager-JNI: Input channel object '63dccb0 org.kaisipan.mobile/com.ustadmobile.port.android.view.AppActivity (client)' was disposed without first being removed with the input manager!
10-28 15:16:51.958  2633  2633 W CustomTabsClient: Unable to find any Custom Tabs packages, you may need to add a <queries> element to your manifest. See the docs for CustomTabsClient#getPackageName.
10-28 15:16:51.958  2633  2633 W AppActivity$bindCustomTabsService: CustomTabs: Service NOT supported
10-28 15:16:51.977  2633  2633 D AutofillManager: Fill dialog is enabled:false, hints=[]
10-28 15:16:51.978   862  1304 W Parcel  : Expecting binder but got null!
10-28 15:16:51.984  2633  2633 W OnBackInvokedCallback: OnBackInvokedCallback is not enabled for the application.
10-28 15:16:51.984  2633  2633 W OnBackInvokedCallback: Set 'android:enableOnBackInvokedCallback="true"' in the application manifest.
10-28 15:16:51.988   584   942 D ConnectivityService: requestNetwork for uid/pid:10126/2633 activeRequest: null callbackRequest: 72 [NetworkRequest [ REQUEST id=73, [ Capabilities: INTERNET&NOT_RESTRICTED&TRUSTED&NOT_VCN_MANAGED Uid: 10126 RequestorUid: 10126 RequestorPkg: org.kaisipan.mobile UnderlyingNetworks: Null] ]] callback flags: 0 order: 2147483647
10-28 15:16:51.991   584   808 D ConnectivityService: NetReassign [73 : null → 100]
10-28 15:16:51.992   584   801 D WifiNetworkFactory: got request NetworkRequest [ REQUEST id=73, [ Capabilities: INTERNET&NOT_RESTRICTED&TRUSTED&NOT_VCN_MANAGED Uid: 10126 RequestorUid: 10126 RequestorPkg: org.kaisipan.mobile UnderlyingNetworks: Null] ]
10-28 15:16:51.992   584   801 D UntrustedWifiNetworkFactory: got request NetworkRequest [ REQUEST id=73, [ Capabilities: INTERNET&NOT_RESTRICTED&TRUSTED&NOT_VCN_MANAGED Uid: 10126 RequestorUid: 10126 RequestorPkg: org.kaisipan.mobile UnderlyingNetworks: Null] ]
10-28 15:16:51.992   584   801 D OemPaidWifiNetworkFactory: got request NetworkRequest [ REQUEST id=73, [ Capabilities: INTERNET&NOT_RESTRICTED&TRUSTED&NOT_VCN_MANAGED Uid: 10126 RequestorUid: 10126 RequestorPkg: org.kaisipan.mobile UnderlyingNetworks: Null] ]
10-28 15:16:51.992   584   801 D MultiInternetWifiNetworkFactory: got request NetworkRequest [ REQUEST id=73, [ Capabilities: INTERNET&NOT_RESTRICTED&TRUSTED&NOT_VCN_MANAGED Uid: 10126 RequestorUid: 10126 RequestorPkg: org.kaisipan.mobile UnderlyingNetworks: Null] ]
10-28 15:16:51.996  2633  2690 W Parcel  : Expecting binder but got null!
10-28 15:16:52.000   584   604 I ActivityTaskManager: Displayed org.kaisipan.mobile/com.ustadmobile.port.android.view.AppActivity: +62ms
10-28 15:16:52.000  2633  2633 D UstadViewModelFunKt$ustadViewModel$viewModel$invoke: ustadViewModel(): create viewmodel for: com.ustadmobile.core.viewmodel.redirect.RedirectViewModel
10-28 15:16:52.001  2633  2633 I System.out: com.ustadmobile.core.db.UmAppDatabase_DoorWrapper@229d481
10-28 15:16:52.003   424   463 W TransactionTracing: Could not find layer handle 0x706935040bb0
10-28 15:16:52.011  2633  2633 D UstadNavControllerPreCompose$onCollectNavCommand: NavCommandEffect: Navigate: Go to Login
10-28 15:16:52.014  2633  2633 D UstadViewModelFunKt$ustadViewModel$viewModel$invoke: ustadViewModel(): create viewmodel for: com.ustadmobile.core.viewmodel.login.LoginViewModel
10-28 15:16:52.016  2633  2744 V UstadCache: OKHttp-CacheInterceptor:  intercept: GET https://oer.kaisipan.org/v2/Site/verify
10-28 15:16:52.016  2633  2744 I UstadCache: UstadCache(): Retrieve https://oer.kaisipan.org/v2/Site/verify
10-28 15:16:52.017  2633  2744 D UstadCache: UstadCache(): FOUND https://oer.kaisipan.org/v2/Site/verify
10-28 15:16:52.019  2633  2744 D TrafficStats: tagSocket(100) with statsTag=0xffffffff, statsUid=-1
10-28 15:16:52.020  2542  2559 D Benchmark: Result: Starting: Intent { act=android.intent.action.MAIN cat=[android.intent.category.LAUNCHER] flg=0x10008000 pkg=org.kaisipan.mobile cmp=org.kaisipan.mobile/com.ustadmobile.port.android.view.AppActivity }
10-28 15:16:52.020  2542  2559 D Benchmark: Status: ok
10-28 15:16:52.020  2542  2559 D Benchmark: LaunchState: WARM
10-28 15:16:52.020  2542  2559 D Benchmark: Activity: org.kaisipan.mobile/com.ustadmobile.port.android.view.AppActivity
10-28 15:16:52.020  2542  2559 D Benchmark: TotalTime: 62
10-28 15:16:52.020  2542  2559 D Benchmark: WaitTime: 63
10-28 15:16:52.020  2542  2559 D Benchmark: Complete
10-28 15:16:52.039  1493  1676 W MediaProvider: isAppCloneUserPair for user 0: false
10-28 15:16:52.040  1493  1676 V MediaProvider: Inserted id:1000000108 less than next row id backup:1000001000.
10-28 15:16:52.097  2542  2559 I System.out: 0 Flags,FrameTimelineVsyncId,IntendedVsync,Vsync,InputEventId,HandleInputStart,AnimationStart,PerformTraversalsStart,DrawStart,FrameDeadline,FrameInterval,FrameStartTime,SyncQueued,SyncStart,IssueDrawCommandsStart,SwapBuffers,FrameCompleted,DequeueBufferDuration,QueueBufferDuration,GpuCompleted,SwapBuffersCompleted,DisplayPresentTime,CommandSubmissionCompleted,
10-28 15:16:52.098  2542  2559 I System.out: 1 1,19449,618817004945,618833671611,0,618839760617,618839761017,618839809927,618859265482,618833671611,618839758377,16666666,618859620503,618859709743,618859772503,618859900463,618867196515,1140,70780,618867196515,618860301773,618868742645,618859900463,
10-28 15:16:52.098  2542  2559 I System.out: 2 0,19507,618850338277,618850338277,0,618862174293,618862174563,618866390934,618866412534,618900338275,618862173113,16666666,618866808805,618866841945,618866866055,618866971075,618869372555,2310,90030,618869343385,618869372555,570487923666,618866971075,
10-28 15:16:52.098  2542  2559 I System.out: 3 0,19550,618867004943,618867004943,0,618875255107,618875256087,618894153522,618894176742,618917004941,618875253067,16666666,618902262364,618902333074,618902372864,618902435034,618904749015,3450,663440,618904678685,618904749015,570536121150,618902435034,
10-28 15:16:52.098  2542  2559 I System.out: 4 0,19593,618883671609,618900338275,0,618904416095,618904416495,618915285388,618915313958,618933671607,618904413045,16666666,618925254791,618925290271,618925340211,618925811691,618929844382,1720,67830,618929844382,618926451651,570552912985,618925811691,
10-28 15:16:52.098  2542  2559 I System.out: 5 0,19672,618917004941,618917004941,0,618926419211,618926419521,618927817511,618927836581,618933671607,618926418031,16666666,618928674072,618928693602,618928725802,618929409832,570554485845,8303662,102250,570550457774,618938189684,570571156110,618929409832,
10-28 15:16:52.098  2542  2559 D UiDevice: Waiting 10000ms for SearchCondition[hasObject=BySelector [TEXT='\QGet Started\E']].
10-28 15:16:52.098  2542  2559 D UiDevice: Searching for node with selector: BySelector [TEXT='\QGet Started\E'].
10-28 15:16:52.127  2633  2744 D UstadCache: OKHttp-CacheInterceptor:  MISS(invalid) https://oer.kaisipan.org/v2/Site/verify
10-28 15:16:52.127  2633  2744 D UstadCache: OKHttp-CacheInterceptor:  newCacheAndStoreResponse: GET https://oer.kaisipan.org/v2/Site/verify 200 ()
10-28 15:16:52.127  2633  2744 V UstadCache: OKHttp-CacheInterceptor:  https://oer.kaisipan.org/v2/Site/verify MISS(invalid) can store/update 200  (contentType=application/json; charset=UTF-8, content-encoding=null content-length=177)
10-28 15:16:52.129  2633  2754 D UstadCache: UstadCache(): storerequest 1 entries
10-28 15:16:52.130  2633  2754 V UstadCache: UstadCache(): copied request data for https://oer.kaisipan.org/v2/Site/verify to /data/user/0/org.kaisipan.mobile/files/httpfiles/tmpwork/15.tmp (integrity=sha256-+Gj5X+R/uXuHkt8sVDRb99IojGPQMF8H9XLmkpGzlgU=)
10-28 15:16:52.131  2633  2754 V UstadCache: UstadCache(): cacheEntries created 1 entries
10-28 15:16:52.131  2633  2754 D UstadCache: UstadCache(): deleting 1 tmp files
10-28 15:16:52.131  2633  2754 D UstadCache: UstadCache(): db transaction completed
10-28 15:16:52.225  1339  1339 W FrameTracker: Missed SF frame:PREDICTION_ERROR, 19383, 4260851, CUJ=J<LAUNCHER_APP_CLOSE_TO_HOME>
10-28 15:16:52.225  1339  1339 W FrameTracker: Missed SF frame:PREDICTION_ERROR, 19413, 3188738, CUJ=J<LAUNCHER_APP_CLOSE_TO_HOME>
10-28 15:16:52.225  1339  1339 W FrameTracker: Missed SF frame:PREDICTION_ERROR, 19500, 5943615, CUJ=J<LAUNCHER_APP_CLOSE_TO_HOME>
10-28 15:16:52.225  1339  1339 W FrameTracker: Missed SF frame:PREDICTION_ERROR, 19629, 7163951, CUJ=J<LAUNCHER_APP_CLOSE_TO_HOME>
10-28 15:16:52.225  1339  1339 W FrameTracker: Missed SF frame:PREDICTION_ERROR, 19665, 3561278, CUJ=J<LAUNCHER_APP_CLOSE_TO_HOME>
10-28 15:16:52.225  1339  1339 W FrameTracker: Missed SF frame:PREDICTION_ERROR, 19701, 4563297, CUJ=J<LAUNCHER_APP_CLOSE_TO_HOME>
10-28 15:16:52.225  1339  1339 W FrameTracker: Missed SF frame:PREDICTION_ERROR, 19773, 5060075, CUJ=J<LAUNCHER_APP_CLOSE_TO_HOME>
10-28 15:16:52.225  1339  1339 W FrameTracker: Missed SF frame:PREDICTION_ERROR, 19845, 2971851, CUJ=J<LAUNCHER_APP_CLOSE_TO_HOME>
10-28 15:16:52.225  1339  1339 W FrameTracker: Missed SF frame:PREDICTION_ERROR, 19917, 4854599, CUJ=J<LAUNCHER_APP_CLOSE_TO_HOME>
10-28 15:16:52.225  1339  1339 W FrameTracker: Missed SF frame:PREDICTION_ERROR, 19953, 5589258, CUJ=J<LAUNCHER_APP_CLOSE_TO_HOME>
10-28 15:16:52.226  1339  1698 V PerfettoTrigger: Triggering /system/bin/trigger_perfetto com.android.telemetry.interaction-jank-monitor-9
10-28 15:16:52.253   424   463 W TransactionTracing: Could not find layer handle 0x70693503c6b0
10-28 15:16:52.272   424   463 W TransactionTracing: Could not find layer handle 0x70693503cbf0
10-28 15:16:52.272   424   463 W TransactionTracing: Could not find layer handle 0x706935037a90
10-28 15:16:52.272   424   463 W TransactionTracing: Could not find layer handle 0x706935037cd0
10-28 15:16:52.272   424   463 W TransactionTracing: Could not find layer handle 0x706935040c70
10-28 15:16:52.272   424   463 W TransactionTracing: Could not find layer handle 0x706935039b30
10-28 15:16:52.272   424   463 W TransactionTracing: Could not find layer handle 0x706935037a90
10-28 15:16:52.272   424   463 W TransactionTracing: Could not find layer handle 0x706935039b30
10-28 15:16:52.272   424   463 W TransactionTracing: Could not find layer handle 0x70693503cbf0
10-28 15:16:52.291   584  2417 W InputManager-JNI: Input channel object 'a3ccc1b Splash Screen org.kaisipan.mobile (client)' was disposed without first being removed with the input manager!
10-28 15:16:52.320   424   463 W TransactionTracing: Could not find layer handle 0x7069350371f0
10-28 15:16:52.340   862   918 W FrameTracker: Missed SF frame:PREDICTION_ERROR, 19572, 0, CUJ=J<SPLASHSCREEN_EXIT_ANIM>
10-28 15:16:52.340   862   918 W FrameTracker: Missing HWUI jank callback for vsyncId: 19572, CUJ=J<SPLASHSCREEN_EXIT_ANIM>
10-28 15:16:52.340   862   918 W FrameTracker: Missed SF frame:PREDICTION_ERROR, 19612, 5267780, CUJ=J<SPLASHSCREEN_EXIT_ANIM>
10-28 15:16:52.340   862   918 W FrameTracker: Missed SF frame:PREDICTION_ERROR, 19658, 5422469, CUJ=J<SPLASHSCREEN_EXIT_ANIM>
10-28 15:16:52.340   862   918 W FrameTracker: Missed SF frame:PREDICTION_ERROR, 19694, 7370858, CUJ=J<SPLASHSCREEN_EXIT_ANIM>
10-28 15:16:52.340   862   918 W FrameTracker: Missed SF frame:PREDICTION_ERROR, 19730, 5621436, CUJ=J<SPLASHSCREEN_EXIT_ANIM>
10-28 15:16:52.340   862   918 W FrameTracker: Missed SF frame:PREDICTION_ERROR, 19766, 4882545, CUJ=J<SPLASHSCREEN_EXIT_ANIM>
10-28 15:16:52.340   862   918 W FrameTracker: Missed SF frame:PREDICTION_ERROR, 19802, 0, CUJ=J<SPLASHSCREEN_EXIT_ANIM>
10-28 15:16:52.340   862   918 W FrameTracker: Missing HWUI jank callback for vsyncId: 19802, CUJ=J<SPLASHSCREEN_EXIT_ANIM>
10-28 15:16:52.340   862   918 W FrameTracker: Missed SF frame:PREDICTION_ERROR, 19838, 4724692, CUJ=J<SPLASHSCREEN_EXIT_ANIM>
10-28 15:16:52.340   862   918 W FrameTracker: Missed SF frame:PREDICTION_ERROR, 19874, 8597382, CUJ=J<SPLASHSCREEN_EXIT_ANIM>
10-28 15:16:52.340   862   918 W FrameTracker: Missed SF frame:PREDICTION_ERROR, 20004, 5572185, CUJ=J<SPLASHSCREEN_EXIT_ANIM>
10-28 15:16:52.340   862   918 W FrameTracker: Missed SF frame:PREDICTION_ERROR, 20063, 4836602, CUJ=J<SPLASHSCREEN_EXIT_ANIM>
10-28 15:16:52.341   862   907 V PerfettoTrigger: Triggering /system/bin/trigger_perfetto com.android.telemetry.interaction-jank-monitor-39
10-28 15:16:52.470   424   463 W TransactionTracing: Could not find layer handle 0x706935035870
10-28 15:16:52.470   424   463 W TransactionTracing: Could not find layer handle 0x706935036ad0
10-28 15:16:52.470   424   463 W TransactionTracing: Could not find layer handle 0x706935039a10
10-28 15:16:52.470   424   463 W TransactionTracing: Could not find layer handle 0x706935036ad0
10-28 15:16:52.471   424   463 W TransactionTracing: Could not find layer handle 0x706935039a10
10-28 15:16:52.591  2542  2559 D UiDevice: Searching for node with selector: BySelector [TEXT='\QGet Started\E'].
10-28 15:16:53.185  2542  2559 D UiDevice: Searching for node with selector: BySelector [TEXT='\QGet Started\E'].
10-28 15:16:53.288  2542  2559 D UiDevice: Searching for node with selector: BySelector [TEXT='\QGet Started\E'].
10-28 15:16:53.390  2542  2559 D UiDevice: Searching for node with selector: BySelector [TEXT='\QGet Started\E'].
10-28 15:16:53.493  2542  2559 D UiDevice: Searching for node with selector: BySelector [TEXT='\QGet Started\E'].
10-28 15:16:53.595  2542  2559 D UiDevice: Searching for node with selector: BySelector [TEXT='\QGet Started\E'].
10-28 15:16:53.698  2542  2559 D UiDevice: Searching for node with selector: BySelector [TEXT='\QGet Started\E'].
10-28 15:16:53.800  2542  2559 D UiDevice: Searching for node with selector: BySelector [TEXT='\QGet Started\E'].
10-28 15:16:53.903  2542  2559 D UiDevice: Searching for node with selector: BySelector [TEXT='\QGet Started\E'].
10-28 15:16:54.005  2542  2559 D UiDevice: Searching for node with selector: BySelector [TEXT='\QGet Started\E'].
10-28 15:16:54.108  2542  2559 D UiDevice: Searching for node with selector: BySelector [TEXT='\QGet Started\E'].
10-28 15:16:54.210  2542  2559 D UiDevice: Searching for node with selector: BySelector [TEXT='\QGet Started\E'].
10-28 15:16:54.312  2542  2559 D UiDevice: Searching for node with selector: BySelector [TEXT='\QGet Started\E'].
10-28 15:16:54.415  2542  2559 D UiDevice: Searching for node with selector: BySelector [TEXT='\QGet Started\E'].
10-28 15:16:54.517  2542  2559 D UiDevice: Searching for node with selector: BySelector [TEXT='\QGet Started\E'].
10-28 15:16:54.620  2542  2559 D UiDevice: Searching for node with selector: BySelector [TEXT='\QGet Started\E'].
10-28 15:16:54.722  2542  2559 D UiDevice: Searching for node with selector: BySelector [TEXT='\QGet Started\E'].
10-28 15:16:54.825  2542  2559 D UiDevice: Searching for node with selector: BySelector [TEXT='\QGet Started\E'].
10-28 15:16:54.927  2542  2559 D UiDevice: Searching for node with selector: BySelector [TEXT='\QGet Started\E'].
10-28 15:16:55.030  2542  2559 D UiDevice: Searching for node with selector: BySelector [TEXT='\QGet Started\E'].
10-28 15:16:55.133  2542  2559 D UiDevice: Searching for node with selector: BySelector [TEXT='\QGet Started\E'].
10-28 15:16:55.235  2542  2559 D UiDevice: Searching for node with selector: BySelector [TEXT='\QGet Started\E'].
10-28 15:16:55.338  2542  2559 D UiDevice: Searching for node with selector: BySelector [TEXT='\QGet Started\E'].
10-28 15:16:55.441  2542  2559 D UiDevice: Searching for node with selector: BySelector [TEXT='\QGet Started\E'].
10-28 15:16:55.544  2542  2559 D UiDevice: Searching for node with selector: BySelector [TEXT='\QGet Started\E'].
10-28 15:16:55.646  2542  2559 D UiDevice: Searching for node with selector: BySelector [TEXT='\QGet Started\E'].
10-28 15:16:55.749  2542  2559 D UiDevice: Searching for node with selector: BySelector [TEXT='\QGet Started\E'].
10-28 15:16:55.851  2542  2559 D UiDevice: Searching for node with selector: BySelector [TEXT='\QGet Started\E'].
10-28 15:16:55.954  2542  2559 D UiDevice: Searching for node with selector: BySelector [TEXT='\QGet Started\E'].
10-28 15:16:56.057  2542  2559 D UiDevice: Searching for node with selector: BySelector [TEXT='\QGet Started\E'].
10-28 15:16:56.160  2542  2559 D UiDevice: Searching for node with selector: BySelector [TEXT='\QGet Started\E'].
10-28 15:16:56.263  2542  2559 D UiDevice: Searching for node with selector: BySelector [TEXT='\QGet Started\E'].
10-28 15:16:56.365  2542  2559 D UiDevice: Searching for node with selector: BySelector [TEXT='\QGet Started\E'].
10-28 15:16:56.468  2542  2559 D UiDevice: Searching for node with selector: BySelector [TEXT='\QGet Started\E'].
10-28 15:16:56.571  2542  2559 D UiDevice: Searching for node with selector: BySelector [TEXT='\QGet Started\E'].
10-28 15:16:56.673  2542  2559 D UiDevice: Searching for node with selector: BySelector [TEXT='\QGet Started\E'].
10-28 15:16:56.775  2542  2559 D UiDevice: Searching for node with selector: BySelector [TEXT='\QGet Started\E'].
10-28 15:16:56.878  2542  2559 D UiDevice: Searching for node with selector: BySelector [TEXT='\QGet Started\E'].
10-28 15:16:56.981  2542  2559 D UiDevice: Searching for node with selector: BySelector [TEXT='\QGet Started\E'].
10-28 15:16:57.083  2542  2559 D UiDevice: Searching for node with selector: BySelector [TEXT='\QGet Started\E'].
10-28 15:16:57.186  2542  2559 D UiDevice: Searching for node with selector: BySelector [TEXT='\QGet Started\E'].
10-28 15:16:57.289  2542  2559 D UiDevice: Searching for node with selector: BySelector [TEXT='\QGet Started\E'].
10-28 15:16:57.391  2542  2559 D UiDevice: Searching for node with selector: BySelector [TEXT='\QGet Started\E'].
10-28 15:16:57.494  2542  2559 D UiDevice: Searching for node with selector: BySelector [TEXT='\QGet Started\E'].
10-28 15:16:57.596  2542  2559 D UiDevice: Searching for node with selector: BySelector [TEXT='\QGet Started\E'].
10-28 15:16:57.699  2542  2559 D UiDevice: Searching for node with selector: BySelector [TEXT='\QGet Started\E'].
10-28 15:16:57.802  2542  2559 D UiDevice: Searching for node with selector: BySelector [TEXT='\QGet Started\E'].
10-28 15:16:57.904  2542  2559 D UiDevice: Searching for node with selector: BySelector [TEXT='\QGet Started\E'].
10-28 15:16:58.006  2542  2559 D UiDevice: Searching for node with selector: BySelector [TEXT='\QGet Started\E'].
10-28 15:16:58.109  2542  2559 D UiDevice: Searching for node with selector: BySelector [TEXT='\QGet Started\E'].
10-28 15:16:58.211  2542  2559 D UiDevice: Searching for node with selector: BySelector [TEXT='\QGet Started\E'].
10-28 15:16:58.314  2542  2559 D UiDevice: Searching for node with selector: BySelector [TEXT='\QGet Started\E'].
10-28 15:16:58.416  2542  2559 D UiDevice: Searching for node with selector: BySelector [TEXT='\QGet Started\E'].
10-28 15:16:58.519  2542  2559 D UiDevice: Searching for node with selector: BySelector [TEXT='\QGet Started\E'].
10-28 15:16:58.621  2542  2559 D UiDevice: Searching for node with selector: BySelector [TEXT='\QGet Started\E'].
10-28 15:16:58.724  2542  2559 D UiDevice: Searching for node with selector: BySelector [TEXT='\QGet Started\E'].
10-28 15:16:58.826  2542  2559 D UiDevice: Searching for node with selector: BySelector [TEXT='\QGet Started\E'].
10-28 15:16:58.929  2542  2559 D UiDevice: Searching for node with selector: BySelector [TEXT='\QGet Started\E'].
10-28 15:16:59.031  2542  2559 D UiDevice: Searching for node with selector: BySelector [TEXT='\QGet Started\E'].
10-28 15:16:59.133  2542  2559 D UiDevice: Searching for node with selector: BySelector [TEXT='\QGet Started\E'].
10-28 15:16:59.236  2542  2559 D UiDevice: Searching for node with selector: BySelector [TEXT='\QGet Started\E'].
10-28 15:16:59.339  2542  2559 D UiDevice: Searching for node with selector: BySelector [TEXT='\QGet Started\E'].
10-28 15:16:59.441  2542  2559 D UiDevice: Searching for node with selector: BySelector [TEXT='\QGet Started\E'].
10-28 15:16:59.544  2542  2559 D UiDevice: Searching for node with selector: BySelector [TEXT='\QGet Started\E'].
10-28 15:16:59.647  2542  2559 D UiDevice: Searching for node with selector: BySelector [TEXT='\QGet Started\E'].
10-28 15:16:59.749  2542  2559 D UiDevice: Searching for node with selector: BySelector [TEXT='\QGet Started\E'].
10-28 15:16:59.852  2542  2559 D UiDevice: Searching for node with selector: BySelector [TEXT='\QGet Started\E'].
10-28 15:16:59.954  2542  2559 D UiDevice: Searching for node with selector: BySelector [TEXT='\QGet Started\E'].
10-28 15:17:00.008   862  1304 D EGL_emulation: app_time_stats: avg=271.54ms min=12.10ms max=7400.81ms count=30
10-28 15:17:00.057  2542  2559 D UiDevice: Searching for node with selector: BySelector [TEXT='\QGet Started\E'].
10-28 15:17:00.706  2542  2559 D UiDevice: Searching for node with selector: BySelector [TEXT='\QGet Started\E'].
10-28 15:17:00.809  2542  2559 D UiDevice: Searching for node with selector: BySelector [TEXT='\QGet Started\E'].
10-28 15:17:00.912  2542  2559 D UiDevice: Searching for node with selector: BySelector [TEXT='\QGet Started\E'].
10-28 15:17:01.015  2542  2559 D UiDevice: Searching for node with selector: BySelector [TEXT='\QGet Started\E'].
10-28 15:17:01.118  2542  2559 D UiDevice: Searching for node with selector: BySelector [TEXT='\QGet Started\E'].
10-28 15:17:01.221  2542  2559 D UiDevice: Searching for node with selector: BySelector [TEXT='\QGet Started\E'].
10-28 15:17:01.323  2542  2559 D UiDevice: Searching for node with selector: BySelector [TEXT='\QGet Started\E'].
10-28 15:17:01.426  2542  2559 D UiDevice: Searching for node with selector: BySelector [TEXT='\QGet Started\E'].
10-28 15:17:01.529  2542  2559 D UiDevice: Searching for node with selector: BySelector [TEXT='\QGet Started\E'].
10-28 15:17:01.631  2542  2559 D UiDevice: Searching for node with selector: BySelector [TEXT='\QGet Started\E'].
10-28 15:17:01.734  2542  2559 D UiDevice: Searching for node with selector: BySelector [TEXT='\QGet Started\E'].
10-28 15:17:01.836  2542  2559 D UiDevice: Searching for node with selector: BySelector [TEXT='\QGet Started\E'].
10-28 15:17:01.939  2542  2559 D UiDevice: Searching for node with selector: BySelector [TEXT='\QGet Started\E'].
10-28 15:17:01.994   394   394 E android.hardware.power.stats@1.0-service-mock: Failed to getEnergyData
10-28 15:17:02.042  2542  2559 D UiDevice: Searching for node with selector: BySelector [TEXT='\QGet Started\E'].
10-28 15:17:02.144  2542  2559 D UiDevice: Searching for node with selector: BySelector [TEXT='\QGet Started\E'].
10-28 15:17:02.994   862   925 D ControlsListingControllerImpl: Subscribing callback, service count: 0
10-28 15:17:03.009   862   925 D ControlsListingControllerImpl: Unsubscribing callback
10-28 15:17:03.148  2542  2559 D UiDevice: Retrieving node with selector: BySelector [TEXT='\QGet Started\E'].
10-28 15:17:03.151  2542  2559 D UiDevice: Node not found with selector: BySelector [TEXT='\QGet Started\E'].
10-28 15:17:08.151  2542  2559 D Benchmark: Profile Installer - Save Profile
10-28 15:17:08.196  2633  2633 I Process : Sending signal. PID: 2633 SIG: 10
10-28 15:17:08.196  2633  2638 I kaisipan.mobile: Thread[3,tid=2638,WaitingInMainSignalCatcherLoop,Thread*=0x736948fad6f0,peer=0x137820f0,"Signal Catcher"]: reacting to signal 10
10-28 15:17:08.196  2633  2638 I kaisipan.mobile:
10-28 15:17:08.196  2633  2638 I kaisipan.mobile: SIGUSR1 forcing GC (no HPROF) and profile save
10-28 15:17:08.198   372   372 I Zygote  : Process 2094 exited due to signal 9 (Killed)
10-28 15:17:08.200  2633  2633 D ProfileInstaller:
10-28 15:17:08.201   372   372 I Zygote  : Process 1231 exited due to signal 9 (Killed)
10-28 15:17:08.201   372   372 I Zygote  : Process 2114 exited due to signal 9 (Killed)
10-28 15:17:08.204   372   372 I Zygote  : Process 1790 exited due to signal 9 (Killed)
10-28 15:17:08.204   372   372 I Zygote  : Process 2038 exited due to signal 9 (Killed)
10-28 15:17:08.206   584   617 I libprocessgroup: Successfully killed process cgroup uid 10053 pid 1790 in 37ms
10-28 15:17:08.206   584   617 I libprocessgroup: Successfully killed process cgroup uid 1000 pid 2114 in 0ms
10-28 15:17:08.207   584   617 I libprocessgroup: Successfully killed process cgroup uid 1000 pid 2094 in 0ms
10-28 15:17:08.207   584   617 I libprocessgroup: Successfully killed process cgroup uid 10098 pid 1231 in 0ms
10-28 15:17:08.207   584   617 I libprocessgroup: Successfully killed process cgroup uid 10085 pid 2072 in 0ms
10-28 15:17:08.216   372   372 I Zygote  : Process 1487 exited due to signal 9 (Killed)
10-28 15:17:08.219   372   372 I Zygote  : Process 1504 exited due to signal 9 (Killed)
10-28 15:17:08.220  1036  1036 V MediaPlayerList: onActiveSessionsChanged: number of controllers: 0
10-28 15:17:08.225   372   372 I Zygote  : Process 1995 exited due to signal 9 (Killed)
10-28 15:17:08.226   372   372 I Zygote  : Process 1708 exited due to signal 9 (Killed)
10-28 15:17:08.227   372   372 I Zygote  : Process 1903 exited due to signal 9 (Killed)
10-28 15:17:08.227   372   372 I Zygote  : Process 2072 exited due to signal 9 (Killed)
10-28 15:17:08.230   584   617 I libprocessgroup: Successfully killed process cgroup uid 10089 pid 2038 in 0ms
10-28 15:17:08.230   584   617 I libprocessgroup: Successfully killed process cgroup uid 10094 pid 2016 in 0ms
10-28 15:17:08.230  2633  2638 I kaisipan.mobile: Explicit concurrent copying GC freed 184246(7052KB) AllocSpace objects, 11(292KB) LOS objects, 49% free, 7950KB/15MB, paused 13us,15us total 34.033ms
10-28 15:17:08.232  2633  2644 W System  : A resource failed to call close.
10-28 15:17:08.234   372   372 I Zygote  : Process 1763 exited due to signal 9 (Killed)
10-28 15:17:08.235   372   372 I Zygote  : Process 2016 exited due to signal 9 (Killed)
10-28 15:17:08.236   584   617 I libprocessgroup: Successfully killed process cgroup uid 1000 pid 1995 in 0ms
10-28 15:17:08.236   584   617 I libprocessgroup: Successfully killed process cgroup uid 10081 pid 1903 in 0ms
10-28 15:17:08.236   584   617 I libprocessgroup: Successfully killed process cgroup uid 10093 pid 1758 in 0ms
10-28 15:17:08.238   372   372 I Zygote  : Process 1602 exited due to signal 9 (Killed)
10-28 15:17:08.238   372   372 I Zygote  : Process 1814 exited due to signal 9 (Killed)
10-28 15:17:08.239   372   372 I Zygote  : Process 1758 exited due to signal 9 (Killed)
10-28 15:17:08.240   372   372 I Zygote  : Process 1536 exited due to signal 9 (Killed)
10-28 15:17:08.241   584   617 I libprocessgroup: Successfully killed process cgroup uid 10047 pid 1763 in 0ms
10-28 15:17:08.241   584   617 I libprocessgroup: Successfully killed process cgroup uid 10105 pid 1814 in 0ms
10-28 15:17:08.241   584   617 I libprocessgroup: Successfully killed process cgroup uid 10100 pid 1602 in 0ms
10-28 15:17:08.241   584   617 I libprocessgroup: Successfully killed process cgroup uid 1000 pid 1487 in 0ms
10-28 15:17:08.241   584   617 I libprocessgroup: Successfully killed process cgroup uid 10059 pid 1708 in 0ms
10-28 15:17:08.242   584   617 I libprocessgroup: Successfully killed process cgroup uid 10072 pid 1536 in 0ms
10-28 15:17:08.242   584   617 I libprocessgroup: Successfully killed process cgroup uid 10092 pid 1504 in 0ms
10-28 15:17:08.719  2542  2559 D Benchmark: Killing process org.kaisipan.mobile
10-28 15:17:08.719  2542  2559 D UiDevice: Executing shell command: killall org.kaisipan.mobile
10-28 15:17:08.735  1493  1676 W MediaProvider: isAppCloneUserPair for user 0: false
10-28 15:17:08.735  1493  1676 V MediaProvider: Inserted id:1000000109 less than next row id backup:1000001000.
10-28 15:17:08.776   584  2157 I PackageDexOptimizer: Running dexopt (dexoptNeeded=-3) on: /data/app/~~EFLmwlxs6fLx-EpFxvJ9lg==/org.kaisipan.mobile-TVisp_8JWhaVjfznyxZtdQ==/base.apk pkg=org.kaisipan.mobile isa=x86_64 dexoptFlags=boot_complete,profile_guided,force,enable_hidden_api_checks targetFilter=speed-profile oatDir=/data/app/~~EFLmwlxs6fLx-EpFxvJ9lg==/org.kaisipan.mobile-TVisp_8JWhaVjfznyxZtdQ==/oat classLoaderContext=PCL[]{PCL[/system_ext/framework/androidx.window.extensions.jar]#PCL[/system_ext/framework/androidx.window.sidecar.jar]}
10-28 15:17:08.776   489   515 V installd: DexInv: --- BEGIN '/data/app/~~EFLmwlxs6fLx-EpFxvJ9lg==/org.kaisipan.mobile-TVisp_8JWhaVjfznyxZtdQ==/base.apk' ---
10-28 15:17:08.776   489   515 V installd: Running /apex/com.android.art/bin/dex2oat64 in=base.apk out=/data/app/~~EFLmwlxs6fLx-EpFxvJ9lg==/org.kaisipan.mobile-TVisp_8JWhaVjfznyxZtdQ==/oat/x86_64/base.odex
10-28 15:17:08.784  4369  4369 W dex2oat64: Unexpected CPU variant for x86: x86_64.
10-28 15:17:08.784  4369  4369 W dex2oat64: Known variants: atom, sandybridge, silvermont, kabylake, default
10-28 15:17:08.785  4369  4369 W dex2oat64: Mismatch between dex2oat instruction set features to use (ISA: X86_64 Feature string: -ssse3,-sse4.1,-sse4.2,-avx,-avx2,-popcnt) and those from CPP defines (ISA: X86_64 Feature string: ssse3,sse4.1,sse4.2,-avx,-avx2,popcnt) for the command line:
10-28 15:17:08.785  4369  4369 W dex2oat64: /apex/com.android.art/bin/dex2oat64 --zip-fd=8 --zip-location=base.apk --oat-fd=9 --oat-location=/data/app/~~EFLmwlxs6fLx-EpFxvJ9lg==/org.kaisipan.mobile-TVisp_8JWhaVjfznyxZtdQ==/oat/x86_64/base.odex --input-vdex-fd=11 --output-vdex-fd=10 --app-image-fd=14 --image-format=lz4 --profile-file-fd=13 --swap-fd=12 --classpath-dir=/data/app/~~EFLmwlxs6fLx-EpFxvJ9lg==/org.kaisipan.mobile-TVisp_8JWhaVjfznyxZtdQ== --class-loader-context=PCL[]{PCL[/system_ext/framework/androidx.window.extensions.jar]#PCL[/system_ext/framework/androidx.window.sidecar.jar]} --instruction-set=x86_64 --instruction-set-features=default --instruction-set-variant=x86_64 --compiler-filter=speed-profile --compilation-reason=cmdline --max-image-block-size=524288 --resolve-startup-const-strings=true --generate-mini-debug-info --runtime-arg -Xtarget-sdk-version:34 --runtime-arg -Xhidden-api-policy:enabled --runtime-arg -Xms64m --runtime-arg -Xmx512m
10-28 15:17:08.789  4369  4369 I dex2oat64: /apex/com.android.art/bin/dex2oat64 --input-vdex-fd=11 --output-vdex-fd=10 --profile-file-fd=13 --classpath-dir=/data/app/~~EFLmwlxs6fLx-EpFxvJ9lg==/org.kaisipan.mobile-TVisp_8JWhaVjfznyxZtdQ== --class-loader-context=PCL[]{PCL[/system_ext/framework/androidx.window.extensions.jar]#PCL[/system_ext/framework/androidx.window.sidecar.jar]} --compiler-filter=speed-profile --compilation-reason=cmdline --max-image-block-size=524288 --resolve-startup-const-strings=true --generate-mini-debug-info
10-28 15:17:12.339  4369  4369 W dex2oat64: Accessing hidden method Landroid/window/BackEvent;->getProgress()F (blocked, linking, denied)
10-28 15:17:12.340  4369  4369 W dex2oat64: Accessing hidden method Landroid/window/BackEvent;->getSwipeEdge()I (blocked, linking, denied)
10-28 15:17:12.340  4369  4369 W dex2oat64: Accessing hidden method Landroid/window/BackEvent;->getTouchX()F (blocked, linking, denied)
10-28 15:17:12.340  4369  4369 W dex2oat64: Accessing hidden method Landroid/window/BackEvent;->getTouchY()F (blocked, linking, denied)
10-28 15:17:12.570  4369  4372 W dex2oat64: Method java.lang.Object androidx.compose.runtime.snapshots.SnapshotStateMap.mutate(kotlin.jvm.functions.Function1) failed lock verification and will run slower.
10-28 15:17:12.570  4369  4372 W dex2oat64: Common causes for lock verification issues are non-optimized dex code
10-28 15:17:12.570  4369  4372 W dex2oat64: and incorrect proguard optimizations.
10-28 15:17:12.571  4369  4372 W dex2oat64: Method void androidx.compose.runtime.snapshots.SnapshotStateMap.update(kotlin.jvm.functions.Function1) failed lock verification and will run slower.
10-28 15:17:12.572  4369  4372 W dex2oat64: Method boolean androidx.compose.runtime.snapshots.SnapshotStateMap.removeIf$runtime_release(kotlin.jvm.functions.Function1) failed lock verification and will run slower.
10-28 15:17:12.621  4369  4373 W dex2oat64: Method boolean androidx.compose.runtime.snapshots.SnapshotStateList.conditionalUpdate(boolean, kotlin.jvm.functions.Function1) failed lock verification and will run slower.
10-28 15:17:12.622  4369  4373 W dex2oat64: Method boolean androidx.compose.runtime.snapshots.SnapshotStateList.conditionalUpdate$default(androidx.compose.runtime.snapshots.SnapshotStateList, boolean, kotlin.jvm.functions.Function1, int, java.lang.Object) failed lock verification and will run slower.
10-28 15:17:12.622  4369  4373 W dex2oat64: Method java.lang.Object androidx.compose.runtime.snapshots.SnapshotStateList.mutate(kotlin.jvm.functions.Function1) failed lock verification and will run slower.
10-28 15:17:12.623  4369  4373 W dex2oat64: Method void androidx.compose.runtime.snapshots.SnapshotStateList.update(boolean, kotlin.jvm.functions.Function1) failed lock verification and will run slower.
10-28 15:17:12.624  4369  4373 W dex2oat64: Method void androidx.compose.runtime.snapshots.SnapshotStateList.update$default(androidx.compose.runtime.snapshots.SnapshotStateList, boolean, kotlin.jvm.functions.Function1, int, java.lang.Object) failed lock verification and will run slower.
10-28 15:17:15.058  4369  4369 I dex2oat64: Explicit concurrent copying GC freed 197117(31MB) AllocSpace objects, 0(0B) LOS objects, 49% free, 2154KB/4309KB, paused 23us,3us total 16.934ms
10-28 15:17:15.409  4369  4369 I dex2oat64: dex2oat took 6.625s (12.341s cpu) (threads: 4) arena alloc=10MB (10867624B) java alloc=2154KB (2206680B) native alloc=22MB (23468000B) free=145MB (152767520B)
10-28 15:17:15.435  2633  2701 D UstadCache: CacheTrimmer:  Trim cache run: max (evictable) size = 100000000 bytes
10-28 15:17:15.436  2633  2701 V UstadCache: CacheTrimmer:  deleting
10-28 15:17:15.451   489   515 V installd: DexInv: --- END '/data/app/~~EFLmwlxs6fLx-EpFxvJ9lg==/org.kaisipan.mobile-TVisp_8JWhaVjfznyxZtdQ==/base.apk' (success) ---
10-28 15:17:15.519  1493  3492 W MediaProvider: isAppCloneUserPair for user 0: false
10-28 15:17:15.520  1493  3492 V MediaProvider: Inserted id:1000000110 less than next row id backup:1000001000.
10-28 15:17:15.949  4389  4389 W profman : profman took 390.726ms
10-28 15:17:15.972  1493  1680 W MediaProvider: isAppCloneUserPair for user 0: false
10-28 15:17:15.972  1493  1680 V MediaProvider: Inserted id:1000000111 less than next row id backup:1000001000.
10-28 15:17:16.129  1493  1680 I MediaProvider: Deleted 0 0 0 0 0 0 0 items on external_primary due to com.ustadmobile.app_android_baselineprofile
10-28 15:17:16.921  2542  2559 D Benchmark: Unstable profiles during iteration 15
10-28 15:17:17.676  1493  3492 W MediaProvider: isAppCloneUserPair for user 0: false
10-28 15:17:17.677  1493  3492 V MediaProvider: Inserted id:1000000112 less than next row id backup:1000001000.
10-28 15:17:17.696  2542  2559 D Benchmark: Moving /storage/emulated/0/Android/media/com.ustadmobile.app_android_baselineprofile/BaselineProfileGenerator_generate-startup-prof.txt to /sdcard/Android/media/com.ustadmobile.app_android_baselineprofile/additional_test_output/BaselineProfileGenerator_generate-startup-prof.txt
10-28 15:17:17.700  1493  1676 W MediaProvider: Forgot to handle a top level directory in getContentUriForFile?
10-28 15:17:17.702  1493  1676 V MediaProvider: Inserted id:1000000112 less than next row id backup:1000001000.
10-28 15:17:17.705  2542  2559 D Benchmark: Pull Baseline Profile with: `adb pull "/storage/emulated/0/Android/media/com.ustadmobile.app_android_baselineprofile/BaselineProfileGenerator_generate-startup-prof-2024-10-28-14-17-17.txt" .`
10-28 15:17:17.709  1493  1676 W MediaProvider: isAppCloneUserPair for user 0: false
10-28 15:17:17.710  1493  1676 V MediaProvider: Inserted id:1000000113 less than next row id backup:1000001000.
10-28 15:17:17.720  2542  2559 D Benchmark: Moving /storage/emulated/0/Android/media/com.ustadmobile.app_android_baselineprofile/BaselineProfileGenerator_generate-startup-prof-2024-10-28-14-17-17.txt to /sdcard/Android/media/com.ustadmobile.app_android_baselineprofile/additional_test_output/BaselineProfileGenerator_generate-startup-prof-2024-10-28-14-17-17.txt
10-28 15:17:17.723  1493  1680 W MediaProvider: Forgot to handle a top level directory in getContentUriForFile?
10-28 15:17:17.724  1493  1680 V MediaProvider: Inserted id:1000000113 less than next row id backup:1000001000.
10-28 15:17:17.729  2542  2559 D Benchmark: Total Run Time Ns: 374342429369
10-28 15:17:17.729  2542  2559 D Benchmark: Killing process org.kaisipan.mobile
10-28 15:17:17.729  2542  2559 D UiDevice: Executing shell command: killall org.kaisipan.mobile
10-28 15:17:17.747  2542  2559 I TestRunner: finished: generate(com.ustadmobile.app_android_baselineprofile.BaselineProfileGenerator)
