10-28 15:13:33.070  3348  3351 W dex2oat64: Method java.lang.Object androidx.compose.runtime.snapshots.SnapshotStateList.mutate(kotlin.jvm.functions.Function1) failed lock verification and will run slower.
10-28 15:13:33.070  3348  3351 W dex2oat64: Method void androidx.compose.runtime.snapshots.SnapshotStateList.update(boolean, kotlin.jvm.functions.Function1) failed lock verification and will run slower.
10-28 15:13:33.070  3348  3351 W dex2oat64: Method void androidx.compose.runtime.snapshots.SnapshotStateList.update$default(androidx.compose.runtime.snapshots.SnapshotStateList, boolean, kotlin.jvm.functions.Function1, int, java.lang.Object) failed lock verification and will run slower.
10-28 15:13:34.316  3348  3348 I dex2oat64: Explicit concurrent copying GC freed 197118(31MB) AllocSpace objects, 0(0B) LOS objects, 49% free, 2154KB/4309KB, paused 15us,3us total 8.117ms
10-28 15:13:34.642  3348  3348 I dex2oat64: dex2oat took 6.551s (9.981s cpu) (threads: 4) arena alloc=11MB (12197464B) java alloc=2154KB (2206680B) native alloc=22MB (23434736B) free=145MB (152767568B)
10-28 15:13:34.675   489   515 V installd: DexInv: --- END '/data/app/~~EFLmwlxs6fLx-EpFxvJ9lg==/org.kaisipan.mobile-TVisp_8JWhaVjfznyxZtdQ==/base.apk' (success) ---
10-28 15:13:34.737  1493  2742 W MediaProvider: isAppCloneUserPair for user 0: false
10-28 15:13:34.739  1493  2742 V MediaProvider: Inserted id:1000000056 less than next row id backup:1000001000.
10-28 15:13:35.157  3368  3368 W profman : profman took 378.079ms
10-28 15:13:35.180  1493  2742 W MediaProvider: isAppCloneUserPair for user 0: false
10-28 15:13:35.180  1493  2742 V MediaProvider: Inserted id:1000000057 less than next row id backup:1000001000.
10-28 15:13:35.975  1493  1876 I MediaProvider: Deleted 0 0 0 0 0 0 0 items on external_primary due to com.ustadmobile.app_android_baselineprofile
10-28 15:13:36.778  2542  2559 D Benchmark: Unstable profiles during iteration 6
10-28 15:13:36.778  2542  2559 D Benchmark: Killing package org.kaisipan.mobile
10-28 15:13:36.778  2542  2559 D Benchmark: Killing process org.kaisipan.mobile
10-28 15:13:36.778  2542  2559 D UiDevice: Executing shell command: killall org.kaisipan.mobile
10-28 15:13:36.794  2542  2559 D Benchmark: Compile iteration (7) for org.kaisipan.mobile
10-28 15:13:36.794  2542  2559 D UiDevice: Pressing home button.
10-28 15:13:36.812   862   862 V ShadeControllerImpl: NotificationShadeWindow: com.android.systemui.shade.NotificationShadeWindowView{86d7116 I.E...... ......ID 0,0-320,640} canPanelBeCollapsed(): false
10-28 15:13:36.817  1339  1339 D TaplTarget: Launcher.onNewIntent: Intent { act=android.intent.action.MAIN cat=[android.intent.category.HOME] flg=0x10400100 cmp=com.android.launcher3/.uioverrides.QuickstepLauncher (has extras) }
10-28 15:13:36.823   862   862 V ShadeControllerImpl: NotificationShadeWindow: com.android.systemui.shade.NotificationShadeWindowView{86d7116 I.E...... ......ID 0,0-320,640} canPanelBeCollapsed(): false
10-28 15:13:36.836   424   424 I BpBinder: onLastStrongRef automatically unlinking death recipients: <uncached descriptor>
10-28 15:13:36.855   424   463 W TransactionTracing: Could not find layer handle 0x70693503e090
10-28 15:13:36.862   862  1304 D EGL_emulation: app_time_stats: avg=916.69ms min=7.54ms max=24938.23ms count=28
10-28 15:13:36.864  1493  1676 W MediaProvider: isAppCloneUserPair for user 0: false
10-28 15:13:36.865  1493  1676 V MediaProvider: Inserted id:1000000058 less than next row id backup:1000001000.
10-28 15:13:36.889   424   463 W TransactionTracing: Could not find layer handle 0x70693503daf0
10-28 15:13:36.919  2542  2559 I System.out: 0 Flags,FrameTimelineVsyncId,IntendedVsync,Vsync,InputEventId,HandleInputStart,AnimationStart,PerformTraversalsStart,DrawStart,FrameDeadline,FrameInterval,FrameStartTime,SyncQueued,SyncStart,IssueDrawCommandsStart,SwapBuffers,FrameCompleted,DequeueBufferDuration,QueueBufferDuration,GpuCompleted,SwapBuffersCompleted,DisplayPresentTime,CommandSubmissionCompleted,
10-28 15:13:36.919  2542  2559 I System.out: 1 1,8450,398150347105,398150347105,0,398165779521,398165779751,398165779871,398182270776,398167013771,398165778291,16666666,398182776456,398182866856,398182938336,398183078126,398183915096,1230,77460,398183915096,398183467106,398186776607,398183078126,
10-28 15:13:36.919  2542  2559 I System.out: 2 0,8493,398167013771,398183680437,0,398191205168,398191205508,398199529620,398199551120,398217013769,398191203268,16666666,398200072801,398200100741,398200130241,398200490191,398201076341,3240,139920,398201048761,398201076341,398223802737,398200490191,
10-28 15:13:36.919  2542  2559 I System.out: 3 0,8565,398200347103,398200347103,0,398203764972,398203765462,398230021789,398230050219,398233680435,398203762692,16666666,398242236442,398242261282,398242299272,398242381592,398250462975,2040,135420,398250462975,398242897632,398253229605,398242381592,
10-28 15:13:36.919  2542  2559 I System.out: 4 0,8608,398217013769,398233680435,0,398246068153,398246068623,398266782809,398266805059,398283680433,398246066213,16666666,398276944762,398276991712,398277048712,398277429552,398283809414,1960,89370,398283809414,398278040402,398285735854,398277429552,
10-28 15:13:36.919  2542  2559 I System.out: 5 0,8680,398250347101,398267013767,0,398279756703,398279757323,398282204813,398282228113,398317013765,398279754913,16666666,398288248285,398288304755,398288357475,398289349585,398291862686,1830,132820,398291840196,398291862686,398302481829,398289349585,
10-28 15:13:36.919  2542  2559 I System.out: 6 0,8745,398283680433,398283680433,0,398289161205,398289161535,398294572607,398294597527,398333680431,398289160185,16666666,398296351927,398296390307,398296438677,398297048328,398303103169,5385891,98090,398300461318,398303103169,398318933224,398297048328,
10-28 15:13:36.919  2542  2559 I System.out: 7 0,8781,398300347099,398300347099,0,398304855110,398304855760,398307747031,398307770291,398350347097,398304852780,16666666,398309683401,398309717031,398309766881,398310383491,398318952764,7965583,62860,398317120923,398318952764,398337153819,398310383491,
10-28 15:13:36.919  2542  2559 I System.out: 8 0,8817,398317013765,398317013765,0,398318630114,398318630514,398320910764,398320935534,398367013763,398318629034,16666666,398322905625,398322974385,398323050515,398324400865,398337442669,12213794,110540,398333805368,398337442669,398353341013,398324400865,
10-28 15:13:36.919  2542  2559 I System.out: 9 0,8853,398333680431,398333680431,0,398334190538,398334190788,398339778759,398339806309,398383680429,398334189518,16666666,398342124680,398342178510,398342245650,398343329420,398353930313,9590012,213460,398344276281,398353930313,398369243658,398343329420,
10-28 15:13:36.919  2542  2559 I System.out: 10 0,8889,398350347097,398350347097,0,398350727422,398350727652,398365246736,398365275576,398400347095,398350725932,16666666,398370370998,398370409468,398370467758,398371370558,398373011549,1590,84280,398372990119,398373011549,398387175953,398371370558,
10-28 15:13:36.919  2542  2559 I System.out: 11 0,8925,398367013763,398367013763,0,398371536848,398371537058,398373728549,398373750589,398417013761,398371535518,16666666,398374950269,398374991999,398375013559,398375498829,398386702142,10410002,101040,398383789052,398386702142,398402730317,398375498829,
10-28 15:13:36.919  2542  2559 I System.out: 12 0,8954,398383680429,398383680429,0,398384201482,398384201582,398387461773,398387493193,398433680427,398384200952,16666666,398390006253,398390049373,398390099023,398390784074,398403120317,11462033,111860,398400492816,398403120317,398420269102,398390784074,
10-28 15:13:36.919  2542  2559 I System.out: 13 0,8983,398400347095,398400347095,0,398400673616,398400673736,398402386477,398402420557,398450347093,398400673056,16666666,398404004867,398404051607,398404103237,398405019018,398422457302,16484674,73050,398417123111,398422457302,398436344866,398405019018,
10-28 15:13:36.919  2542  2559 I System.out: 14 0,9019,398417013761,398417013761,0,398417457731,398417457841,398420006412,398420026582,398467013759,398417457151,16666666,398422426842,398422479552,398422538342,398423393213,398438022377,13581804,237430,398424391023,398438022377,398453200561,398423393213,
10-28 15:13:36.919  2542  2559 I System.out: 15 0,9048,398433680427,398433680427,0,398433918276,398433918476,398436862716,398436883626,398483680425,398433917506,16666666,398438624637,398438664327,398438719557,398439511017,398453242331,12761764,143110,398450507680,398453242331,398468304805,398439511017,
10-28 15:13:36.919  2542  2559 I System.out: 16 0,9084,398450347093,398450347093,0,398450701090,398450701220,398454630031,398454660061,398500347091,398450700400,16666666,398457451022,398457584662,398457674972,398459161863,398468781155,8614592,157160,398467159695,398468781155,398486001130,398459161863,
10-28 15:13:36.919  2542  2559 I System.out: 17 0,9106,398467013759,398467013759,0,398467273345,398467274165,398471669786,398471698776,398517013757,398467269885,16666666,398474120457,398474176587,398474231907,398474952757,398486114620,10250013,90800,398483838019,398486114620,398502018864,398474952757,
10-28 15:13:36.920  2542  2559 I System.out: 18 0,9135,398483680425,398483680425,0,398483892749,398483893129,398486805340,398486847190,398533680423,398483891749,16666666,398488898601,398488925321,398488971451,398489594601,398502198895,11642254,89280,398500523784,398502198895,398519360119,398489594601,
10-28 15:13:36.920  2542  2559 I System.out: 19 0,9150,398500347091,398500347091,0,398500592094,398500592504,398502921175,398502943385,398550347089,398500590894,16666666,398504518035,398504563565,398504611395,398505552635,398519689609,13161393,94890,398517161379,398519689609,398535659654,398505552635,
10-28 15:13:36.920  2542  2559 I System.out: 20 0,9179,398517013757,398517013757,0,398517210549,398517210909,398519670069,398519691479,398567013755,398517209259,16666666,398521342060,398521388580,398521439370,398522512140,398535838314,11653403,228410,398533828303,398535838314,398552433638,398522512140,
10-28 15:13:36.920  2542  2559 I System.out: 21 0,9195,398533680423,398533680423,0,398533886733,398533887073,398534414383,398534430613,398583680421,398533885513,16666666,398535657454,398535859144,398535891434,398536138914,398552724539,15651605,86310,398550467718,398552724539,398569125973,398536138914,
10-28 15:13:36.920  2542  2559 I System.out: 22 0,9216,398550347089,398550347089,0,398550507228,398550507598,398551320718,398551343458,398600347087,398550506188,16666666,398552760819,398552796999,398552852829,398553123719,398569378853,15194444,112070,398567132303,398569378853,398585894528,398553123719,
10-28 15:13:36.920  2542  2559 I System.out: 23 0,9231,398567013755,398567013755,0,398567200103,398567200383,398569726973,398569747033,398617013753,398567199013,16666666,398571146994,398571187334,398571236644,398571648834,398586171818,13783694,105280,398583770057,398586171818,398601828722,398571648834,
10-28 15:13:36.920  2542  2559 I System.out: 24 0,9243,398583680421,398583680421,0,398583881707,398583882017,398586408938,398586429388,398633680419,398583880547,16666666,398587794268,398587829618,398587861548,398588159268,398602069982,13197613,85460,398600409012,398602069982,398618965577,398588159268,
10-28 15:13:36.920  2542  2559 I System.out: 25 0,9254,398600347087,398600347087,0,398600523532,398600524032,398601827042,398601856512,398650347085,398600520632,16666666,398603144353,398603200843,398603243263,398603674223,398619241497,14666364,129220,398604520673,398619241497,398634675641,398603674223,
10-28 15:13:36.920  2542  2559 I System.out: 26 0,9276,398617013753,398617013753,0,398617203536,398617204156,398618329717,398618357717,398667013751,398617201976,16666666,398619979547,398620037267,398620079317,398620507837,398634947851,13565123,119150,398633779751,398634947851,398655080487,398620507837,
10-28 15:13:36.920  2542  2559 I System.out: 27 0,9284,398633680419,398633680419,0,398633930511,398633930941,398634524251,398634555461,398683680417,398633928871,16666666,398634617581,398634969781,398635005031,398635594612,398653367117,16615045,118560,398650482896,398653367117,288234774265332736,398635594612,
10-28 15:13:36.920  2542  2559 I System.out: 28 0,9320,398650347085,398650347085,0,398650584986,398650585146,398650980376,398650993806,398700347083,398650583996,16666666,398652369376,398653402867,398653456317,398653980567,398668257901,13202834,91920,398667133050,398668257901,288234774265332736,398653980567,
10-28 15:13:36.920  2542  2559 I System.out: 29 0,9342,398667013751,398667013751,0,398667173740,398667174010,398670992441,398671017781,398717013749,398667172080,16666666,398672965152,398672998982,398673041462,398673373322,398685126415,10998133,97480,398683784985,398685126415,288234774265332736,398673373322,
10-28 15:13:36.920  2542  2559 I System.out: 30 0,9364,398683680417,398683680417,0,398684446495,398684446845,398685678765,398686252526,398733680415,398684445335,16666666,398686372766,398686417506,398686470916,398686987656,398701811240,13473204,273490,398688286686,398701811240,288234774265332736,398686987656,
10-28 15:13:36.920  2542  2559 D Benchmark: Starting activity with command: am start  -W "intent:#Intent;action=android.intent.action.MAIN;category=android.intent.category.LAUNCHER;launchFlags=0x10008000;package=org.kaisipan.mobile;component=org.kaisipan.mobile/com.ustadmobile.port.android.view.AppActivity;end"
10-28 15:13:36.922  1493  1680 W MediaProvider: isAppCloneUserPair for user 0: false
10-28 15:13:36.923  1493  1680 V MediaProvider: Inserted id:1000000059 less than next row id backup:1000001000.
10-28 15:13:36.953   862   919 D SplashScreenView: Build android.window.SplashScreenView{f52b89b V.E...... ......ID 0,0-0,0}
10-28 15:13:36.953   862   919 D SplashScreenView: Icon: view: null drawable: null size: 0
10-28 15:13:36.953   862   919 D SplashScreenView: Branding: view: android.view.View{d5a0438 G.ED..... ......I. 0,0-0,0 #10204db android:id/splashscreen_branding_view} drawable: null size w: 0 h: 0
10-28 15:13:36.966  2633  2633 D AppActivity$onDestroy: AppActivity#onDestroy
10-28 15:13:36.968   584  1007 W InputManager-JNI: Input channel object 'a4b2041 org.kaisipan.mobile/com.ustadmobile.port.android.view.AppActivity (client)' was disposed without first being removed with the input manager!
10-28 15:13:36.979  2633  2633 W CustomTabsClient: Unable to find any Custom Tabs packages, you may need to add a <queries> element to your manifest. See the docs for CustomTabsClient#getPackageName.
10-28 15:13:36.979  2633  2633 W AppActivity$bindCustomTabsService: CustomTabs: Service NOT supported
10-28 15:13:36.980   862  1304 W Parcel  : Expecting binder but got null!
10-28 15:13:36.986  2633  2633 D AutofillManager: Fill dialog is enabled:false, hints=[]
10-28 15:13:36.994  2633  2633 W OnBackInvokedCallback: OnBackInvokedCallback is not enabled for the application.
10-28 15:13:36.994  2633  2633 W OnBackInvokedCallback: Set 'android:enableOnBackInvokedCallback="true"' in the application manifest.
10-28 15:13:36.999   584  1815 D ConnectivityService: requestNetwork for uid/pid:10126/2633 activeRequest: null callbackRequest: 56 [NetworkRequest [ REQUEST id=57, [ Capabilities: INTERNET&NOT_RESTRICTED&TRUSTED&NOT_VCN_MANAGED Uid: 10126 RequestorUid: 10126 RequestorPkg: org.kaisipan.mobile UnderlyingNetworks: Null] ]] callback flags: 0 order: 2147483647
10-28 15:13:36.999   584   808 D ConnectivityService: NetReassign [57 : null → 100]
10-28 15:13:37.000   584   801 D WifiNetworkFactory: got request NetworkRequest [ REQUEST id=57, [ Capabilities: INTERNET&NOT_RESTRICTED&TRUSTED&NOT_VCN_MANAGED Uid: 10126 RequestorUid: 10126 RequestorPkg: org.kaisipan.mobile UnderlyingNetworks: Null] ]
10-28 15:13:37.000   584   801 D UntrustedWifiNetworkFactory: got request NetworkRequest [ REQUEST id=57, [ Capabilities: INTERNET&NOT_RESTRICTED&TRUSTED&NOT_VCN_MANAGED Uid: 10126 RequestorUid: 10126 RequestorPkg: org.kaisipan.mobile UnderlyingNetworks: Null] ]
10-28 15:13:37.000   584   801 D OemPaidWifiNetworkFactory: got request NetworkRequest [ REQUEST id=57, [ Capabilities: INTERNET&NOT_RESTRICTED&TRUSTED&NOT_VCN_MANAGED Uid: 10126 RequestorUid: 10126 RequestorPkg: org.kaisipan.mobile UnderlyingNetworks: Null] ]
10-28 15:13:37.000   584   801 D MultiInternetWifiNetworkFactory: got request NetworkRequest [ REQUEST id=57, [ Capabilities: INTERNET&NOT_RESTRICTED&TRUSTED&NOT_VCN_MANAGED Uid: 10126 RequestorUid: 10126 RequestorPkg: org.kaisipan.mobile UnderlyingNetworks: Null] ]
10-28 15:13:37.009  2633  2690 W Parcel  : Expecting binder but got null!
10-28 15:13:37.013   584   604 I ActivityTaskManager: Displayed org.kaisipan.mobile/com.ustadmobile.port.android.view.AppActivity: +60ms
10-28 15:13:37.018  2633  2633 D UstadViewModelFunKt$ustadViewModel$viewModel$invoke: ustadViewModel(): create viewmodel for: com.ustadmobile.core.viewmodel.redirect.RedirectViewModel
10-28 15:13:37.018  2633  2633 I System.out: com.ustadmobile.core.db.UmAppDatabase_DoorWrapper@229d481
10-28 15:13:37.026  2633  2633 D UstadNavControllerPreCompose$onCollectNavCommand: NavCommandEffect: Navigate: Go to Login
10-28 15:13:37.031  2633  2633 D UstadViewModelFunKt$ustadViewModel$viewModel$invoke: ustadViewModel(): create viewmodel for: com.ustadmobile.core.viewmodel.login.LoginViewModel
10-28 15:13:37.036  2633  2744 V UstadCache: OKHttp-CacheInterceptor:  intercept: GET https://oer.kaisipan.org/v2/Site/verify
10-28 15:13:37.037  2633  2744 I UstadCache: UstadCache(): Retrieve https://oer.kaisipan.org/v2/Site/verify
10-28 15:13:37.038  2633  2744 D UstadCache: UstadCache(): FOUND https://oer.kaisipan.org/v2/Site/verify
10-28 15:13:37.041  2542  2559 D Benchmark: Result: Starting: Intent { act=android.intent.action.MAIN cat=[android.intent.category.LAUNCHER] flg=0x10008000 pkg=org.kaisipan.mobile cmp=org.kaisipan.mobile/com.ustadmobile.port.android.view.AppActivity }
10-28 15:13:37.041  2542  2559 D Benchmark: Status: ok
10-28 15:13:37.041  2542  2559 D Benchmark: LaunchState: WARM
10-28 15:13:37.041  2542  2559 D Benchmark: Activity: org.kaisipan.mobile/com.ustadmobile.port.android.view.AppActivity
10-28 15:13:37.041  2542  2559 D Benchmark: TotalTime: 60
10-28 15:13:37.041  2542  2559 D Benchmark: WaitTime: 61
10-28 15:13:37.041  2542  2559 D Benchmark: Complete
10-28 15:13:37.046  2633  2744 D TrafficStats: tagSocket(100) with statsTag=0xffffffff, statsUid=-1
10-28 15:13:37.057  1493  1876 W MediaProvider: isAppCloneUserPair for user 0: false
10-28 15:13:37.057  1493  1876 V MediaProvider: Inserted id:1000000060 less than next row id backup:1000001000.
10-28 15:13:37.131  2542  2559 I System.out: 0 Flags,FrameTimelineVsyncId,IntendedVsync,Vsync,InputEventId,HandleInputStart,AnimationStart,PerformTraversalsStart,DrawStart,FrameDeadline,FrameInterval,FrameStartTime,SyncQueued,SyncStart,IssueDrawCommandsStart,SwapBuffers,FrameCompleted,DequeueBufferDuration,QueueBufferDuration,GpuCompleted,SwapBuffersCompleted,DisplayPresentTime,CommandSubmissionCompleted,
10-28 15:13:37.132  2542  2559 I System.out: 1 1,9676,423833679411,423833679411,0,423848316085,423848316295,423848412865,423870895111,423850346077,423848314425,16666666,423871921231,423872148201,423872240121,423872534862,423883825945,3580,225120,423883825945,423873220202,423886176845,423872534862,
10-28 15:13:37.132  2542  2559 I System.out: 2 0,9719,423850346077,423867012743,0,423878971853,423878972353,423888466936,423888487336,423917012741,423878969073,16666666,423889203576,423889240116,423889281006,423889399386,423900536929,3720,326630,423900536929,423890227066,373970546960,423889399386,
10-28 15:13:37.132  2542  2559 I System.out: 3 0,9784,423883679409,423883679409,0,423891819207,423891819847,423919484945,423919510395,423933679407,423891816767,16666666,423928848317,423928873007,423928912967,423928959047,423933818189,1760,111760,423933818189,423929397847,374004568550,423928959047,
10-28 15:13:37.132  2542  2559 I System.out: 4 0,9834,423900346075,423917012741,0,423931753738,423931754218,423945738472,423945763102,423967012739,423931751438,16666666,423954824624,423954856724,423954900084,423955393655,423960955936,2260,108180,423960955936,423956100505,374036834909,423955393655,
10-28 15:13:37.132  2542  2559 I System.out: 5 0,9906,423933679407,423950346073,0,423956404855,423956405205,423958163905,423958180775,423950346073,423956403105,16666666,423959427016,423959457826,423959504856,423960448686,374050481613,8603183,115680,374050481613,423969605679,374051470943,423960448686,
10-28 15:13:37.132  2542  2559 D UiDevice: Waiting 10000ms for SearchCondition[hasObject=BySelector [TEXT='\QGet Started\E']].
10-28 15:13:37.132  2542  2559 D UiDevice: Searching for node with selector: BySelector [TEXT='\QGet Started\E'].
10-28 15:13:37.150  2633  2744 D UstadCache: OKHttp-CacheInterceptor:  MISS(invalid) https://oer.kaisipan.org/v2/Site/verify
10-28 15:13:37.150  2633  2744 D UstadCache: OKHttp-CacheInterceptor:  newCacheAndStoreResponse: GET https://oer.kaisipan.org/v2/Site/verify 200 ()
10-28 15:13:37.150  2633  2744 V UstadCache: OKHttp-CacheInterceptor:  https://oer.kaisipan.org/v2/Site/verify MISS(invalid) can store/update 200  (contentType=application/json; charset=UTF-8, content-encoding=null content-length=177)
10-28 15:13:37.152  2633  2754 D UstadCache: UstadCache(): storerequest 1 entries
10-28 15:13:37.156  2633  2754 V UstadCache: UstadCache(): copied request data for https://oer.kaisipan.org/v2/Site/verify to /data/user/0/org.kaisipan.mobile/files/httpfiles/tmpwork/7.tmp (integrity=sha256-+Gj5X+R/uXuHkt8sVDRb99IojGPQMF8H9XLmkpGzlgU=)
10-28 15:13:37.157  2633  2754 V UstadCache: UstadCache(): cacheEntries created 1 entries
10-28 15:13:37.157  2633  2754 D UstadCache: UstadCache(): deleting 1 tmp files
10-28 15:13:37.157  2633  2754 D UstadCache: UstadCache(): db transaction completed
10-28 15:13:37.226  1339  1339 W FrameTracker: Missed SF frame:PREDICTION_ERROR, 9566, 4637788, CUJ=J<LAUNCHER_APP_CLOSE_TO_HOME>
10-28 15:13:37.226  1339  1339 W FrameTracker: Missed SF frame:PREDICTION_ERROR, 9618, 4862854, CUJ=J<LAUNCHER_APP_CLOSE_TO_HOME>
10-28 15:13:37.226  1339  1339 W FrameTracker: Missed SF frame:PREDICTION_ERROR, 9640, 9017224, CUJ=J<LAUNCHER_APP_CLOSE_TO_HOME>
10-28 15:13:37.226  1339  1339 W FrameTracker: Missed SF frame:PREDICTION_ERROR, 9669, 4762511, CUJ=J<LAUNCHER_APP_CLOSE_TO_HOME>
10-28 15:13:37.226  1339  1339 W FrameTracker: Missed SF frame:PREDICTION_ERROR, 9705, 4730470, CUJ=J<LAUNCHER_APP_CLOSE_TO_HOME>
10-28 15:13:37.226  1339  1339 W FrameTracker: Missed SF frame:PREDICTION_ERROR, 9748, 4341378, CUJ=J<LAUNCHER_APP_CLOSE_TO_HOME>
10-28 15:13:37.226  1339  1339 W FrameTracker: Missed SF frame:PREDICTION_ERROR, 9820, 5377606, CUJ=J<LAUNCHER_APP_CLOSE_TO_HOME>
10-28 15:13:37.226  1339  1339 W FrameTracker: Missed SF frame:PREDICTION_ERROR, 9863, 4148414, CUJ=J<LAUNCHER_APP_CLOSE_TO_HOME>
10-28 15:13:37.226  1339  1339 W FrameTracker: Missed SF frame:PREDICTION_ERROR, 9964, 3506240, CUJ=J<LAUNCHER_APP_CLOSE_TO_HOME>
10-28 15:13:37.226  1339  1339 W FrameTracker: Missed SF frame:PREDICTION_ERROR, 10000, 6436419, CUJ=J<LAUNCHER_APP_CLOSE_TO_HOME>
10-28 15:13:37.226  1339  1339 W FrameTracker: Missed SF frame:PREDICTION_ERROR, 10036, 3005237, CUJ=J<LAUNCHER_APP_CLOSE_TO_HOME>
10-28 15:13:37.226  1339  1698 V PerfettoTrigger: Not triggering com.android.telemetry.interaction-jank-monitor-9 - not enough time since last trigger
10-28 15:13:37.253   424   463 W TransactionTracing: Could not find layer handle 0x70693503e930
10-28 15:13:37.287   424   463 W TransactionTracing: Could not find layer handle 0x706935037cd0
10-28 15:13:37.291   584  1815 W InputManager-JNI: Input channel object '6e18af5 Splash Screen org.kaisipan.mobile (client)' was disposed without first being removed with the input manager!
10-28 15:13:37.341   862   918 W FrameTracker: Missed SF frame:PREDICTION_ERROR, 9813, 12405418, CUJ=J<SPLASHSCREEN_EXIT_ANIM>
10-28 15:13:37.341   862   918 W FrameTracker: Missed SF frame:PREDICTION_ERROR, 9856, 0, CUJ=J<SPLASHSCREEN_EXIT_ANIM>
10-28 15:13:37.341   862   918 W FrameTracker: Missing HWUI jank callback for vsyncId: 9856, CUJ=J<SPLASHSCREEN_EXIT_ANIM>
10-28 15:13:37.341   862   918 W FrameTracker: Missed SF frame:PREDICTION_ERROR, 10065, 5947536, CUJ=J<SPLASHSCREEN_EXIT_ANIM>
10-28 15:13:37.341   862   918 W FrameTracker: Missed SF frame:PREDICTION_ERROR, 10137, 4945943, CUJ=J<SPLASHSCREEN_EXIT_ANIM>
10-28 15:13:37.341   862   918 W FrameTracker: Missed SF frame:PREDICTION_ERROR, 10224, 4977549, CUJ=J<SPLASHSCREEN_EXIT_ANIM>
10-28 15:13:37.341   862   918 W FrameTracker: Missed SF frame:PREDICTION_ERROR, 10267, 4564088, CUJ=J<SPLASHSCREEN_EXIT_ANIM>
10-28 15:13:37.341   862   907 V PerfettoTrigger: Not triggering com.android.telemetry.interaction-jank-monitor-39 - not enough time since last trigger
10-28 15:13:37.470   424   463 W TransactionTracing: Could not find layer handle 0x70693503a2b0
10-28 15:13:37.470   424   463 W TransactionTracing: Could not find layer handle 0x706935037370
10-28 15:13:37.470   424   463 W TransactionTracing: Could not find layer handle 0x70693503de50
10-28 15:13:37.470   424   463 W TransactionTracing: Could not find layer handle 0x70693503de50
10-28 15:13:37.470   424   463 W TransactionTracing: Could not find layer handle 0x706935037370
10-28 15:13:37.609  2542  2559 D UiDevice: Searching for node with selector: BySelector [TEXT='\QGet Started\E'].
10-28 15:13:38.204  2542  2559 D UiDevice: Searching for node with selector: BySelector [TEXT='\QGet Started\E'].
10-28 15:13:38.307  2542  2559 D UiDevice: Searching for node with selector: BySelector [TEXT='\QGet Started\E'].
10-28 15:13:38.410  2542  2559 D UiDevice: Searching for node with selector: BySelector [TEXT='\QGet Started\E'].
10-28 15:13:38.513  2542  2559 D UiDevice: Searching for node with selector: BySelector [TEXT='\QGet Started\E'].
10-28 15:13:38.616  2542  2559 D UiDevice: Searching for node with selector: BySelector [TEXT='\QGet Started\E'].
10-28 15:13:38.719  2542  2559 D UiDevice: Searching for node with selector: BySelector [TEXT='\QGet Started\E'].
10-28 15:13:38.822  2542  2559 D UiDevice: Searching for node with selector: BySelector [TEXT='\QGet Started\E'].
10-28 15:13:38.925  2542  2559 D UiDevice: Searching for node with selector: BySelector [TEXT='\QGet Started\E'].
10-28 15:13:39.028  2542  2559 D UiDevice: Searching for node with selector: BySelector [TEXT='\QGet Started\E'].
10-28 15:13:39.131  2542  2559 D UiDevice: Searching for node with selector: BySelector [TEXT='\QGet Started\E'].
10-28 15:13:39.234  2542  2559 D UiDevice: Searching for node with selector: BySelector [TEXT='\QGet Started\E'].
10-28 15:13:39.338  2542  2559 D UiDevice: Searching for node with selector: BySelector [TEXT='\QGet Started\E'].
10-28 15:13:39.441  2542  2559 D UiDevice: Searching for node with selector: BySelector [TEXT='\QGet Started\E'].
10-28 15:13:39.544  2542  2559 D UiDevice: Searching for node with selector: BySelector [TEXT='\QGet Started\E'].
10-28 15:13:39.647  2542  2559 D UiDevice: Searching for node with selector: BySelector [TEXT='\QGet Started\E'].
10-28 15:13:39.751  2542  2559 D UiDevice: Searching for node with selector: BySelector [TEXT='\QGet Started\E'].
10-28 15:13:39.854  2542  2559 D UiDevice: Searching for node with selector: BySelector [TEXT='\QGet Started\E'].
10-28 15:13:39.957  2542  2559 D UiDevice: Searching for node with selector: BySelector [TEXT='\QGet Started\E'].
10-28 15:13:40.060  2542  2559 D UiDevice: Searching for node with selector: BySelector [TEXT='\QGet Started\E'].
10-28 15:13:40.163  2542  2559 D UiDevice: Searching for node with selector: BySelector [TEXT='\QGet Started\E'].
10-28 15:13:40.266  2542  2559 D UiDevice: Searching for node with selector: BySelector [TEXT='\QGet Started\E'].
10-28 15:13:40.369  2542  2559 D UiDevice: Searching for node with selector: BySelector [TEXT='\QGet Started\E'].
10-28 15:13:40.473  2542  2559 D UiDevice: Searching for node with selector: BySelector [TEXT='\QGet Started\E'].
10-28 15:13:40.576  2542  2559 D UiDevice: Searching for node with selector: BySelector [TEXT='\QGet Started\E'].
10-28 15:13:40.680  2542  2559 D UiDevice: Searching for node with selector: BySelector [TEXT='\QGet Started\E'].
10-28 15:13:40.783  2542  2559 D UiDevice: Searching for node with selector: BySelector [TEXT='\QGet Started\E'].
10-28 15:13:40.886  2542  2559 D UiDevice: Searching for node with selector: BySelector [TEXT='\QGet Started\E'].
10-28 15:13:40.989  2542  2559 D UiDevice: Searching for node with selector: BySelector [TEXT='\QGet Started\E'].
10-28 15:13:41.092  2542  2559 D UiDevice: Searching for node with selector: BySelector [TEXT='\QGet Started\E'].
10-28 15:13:41.195  2542  2559 D UiDevice: Searching for node with selector: BySelector [TEXT='\QGet Started\E'].
10-28 15:13:41.298  2542  2559 D UiDevice: Searching for node with selector: BySelector [TEXT='\QGet Started\E'].
10-28 15:13:41.401  2542  2559 D UiDevice: Searching for node with selector: BySelector [TEXT='\QGet Started\E'].
10-28 15:13:41.504  2542  2559 D UiDevice: Searching for node with selector: BySelector [TEXT='\QGet Started\E'].
10-28 15:13:41.607  2542  2559 D UiDevice: Searching for node with selector: BySelector [TEXT='\QGet Started\E'].
10-28 15:13:41.710  2542  2559 D UiDevice: Searching for node with selector: BySelector [TEXT='\QGet Started\E'].
10-28 15:13:41.812  2542  2559 D UiDevice: Searching for node with selector: BySelector [TEXT='\QGet Started\E'].
10-28 15:13:41.916  2542  2559 D UiDevice: Searching for node with selector: BySelector [TEXT='\QGet Started\E'].
10-28 15:13:42.019  2542  2559 D UiDevice: Searching for node with selector: BySelector [TEXT='\QGet Started\E'].
10-28 15:13:42.122  2542  2559 D UiDevice: Searching for node with selector: BySelector [TEXT='\QGet Started\E'].
10-28 15:13:42.225  2542  2559 D UiDevice: Searching for node with selector: BySelector [TEXT='\QGet Started\E'].
10-28 15:13:42.327  2542  2559 D UiDevice: Searching for node with selector: BySelector [TEXT='\QGet Started\E'].
10-28 15:13:42.430  2542  2559 D UiDevice: Searching for node with selector: BySelector [TEXT='\QGet Started\E'].
10-28 15:13:42.533  2542  2559 D UiDevice: Searching for node with selector: BySelector [TEXT='\QGet Started\E'].
10-28 15:13:42.636  2542  2559 D UiDevice: Searching for node with selector: BySelector [TEXT='\QGet Started\E'].
10-28 15:13:42.739  2542  2559 D UiDevice: Searching for node with selector: BySelector [TEXT='\QGet Started\E'].
10-28 15:13:42.843  2542  2559 D UiDevice: Searching for node with selector: BySelector [TEXT='\QGet Started\E'].
10-28 15:13:42.946  2542  2559 D UiDevice: Searching for node with selector: BySelector [TEXT='\QGet Started\E'].
10-28 15:13:43.049  2542  2559 D UiDevice: Searching for node with selector: BySelector [TEXT='\QGet Started\E'].
10-28 15:13:43.152  2542  2559 D UiDevice: Searching for node with selector: BySelector [TEXT='\QGet Started\E'].
10-28 15:13:43.255  2542  2559 D UiDevice: Searching for node with selector: BySelector [TEXT='\QGet Started\E'].
10-28 15:13:43.358  2542  2559 D UiDevice: Searching for node with selector: BySelector [TEXT='\QGet Started\E'].
10-28 15:13:43.461  2542  2559 D UiDevice: Searching for node with selector: BySelector [TEXT='\QGet Started\E'].
10-28 15:13:43.564  2542  2559 D UiDevice: Searching for node with selector: BySelector [TEXT='\QGet Started\E'].
10-28 15:13:43.667  2542  2559 D UiDevice: Searching for node with selector: BySelector [TEXT='\QGet Started\E'].
10-28 15:13:43.770  2542  2559 D UiDevice: Searching for node with selector: BySelector [TEXT='\QGet Started\E'].
10-28 15:13:43.873  2542  2559 D UiDevice: Searching for node with selector: BySelector [TEXT='\QGet Started\E'].
10-28 15:13:43.976  2542  2559 D UiDevice: Searching for node with selector: BySelector [TEXT='\QGet Started\E'].
10-28 15:13:44.079  2542  2559 D UiDevice: Searching for node with selector: BySelector [TEXT='\QGet Started\E'].
10-28 15:13:44.182  2542  2559 D UiDevice: Searching for node with selector: BySelector [TEXT='\QGet Started\E'].
10-28 15:13:44.285  2542  2559 D UiDevice: Searching for node with selector: BySelector [TEXT='\QGet Started\E'].
10-28 15:13:44.388  2542  2559 D UiDevice: Searching for node with selector: BySelector [TEXT='\QGet Started\E'].
10-28 15:13:44.490  2542  2559 D UiDevice: Searching for node with selector: BySelector [TEXT='\QGet Started\E'].
10-28 15:13:44.593  2542  2559 D UiDevice: Searching for node with selector: BySelector [TEXT='\QGet Started\E'].
10-28 15:13:44.696  2542  2559 D UiDevice: Searching for node with selector: BySelector [TEXT='\QGet Started\E'].
10-28 15:13:44.799  2542  2559 D UiDevice: Searching for node with selector: BySelector [TEXT='\QGet Started\E'].
10-28 15:13:44.902  2542  2559 D UiDevice: Searching for node with selector: BySelector [TEXT='\QGet Started\E'].
10-28 15:13:45.005  2542  2559 D UiDevice: Searching for node with selector: BySelector [TEXT='\QGet Started\E'].
10-28 15:13:45.108  2542  2559 D UiDevice: Searching for node with selector: BySelector [TEXT='\QGet Started\E'].
10-28 15:13:45.210  2542  2559 D UiDevice: Searching for node with selector: BySelector [TEXT='\QGet Started\E'].
10-28 15:13:45.313  2542  2559 D UiDevice: Searching for node with selector: BySelector [TEXT='\QGet Started\E'].
10-28 15:13:45.416  2542  2559 D UiDevice: Searching for node with selector: BySelector [TEXT='\QGet Started\E'].
10-28 15:13:45.421  2633  2654 D UstadCache: CacheTrimmer:  Trim cache run: max (evictable) size = 100000000 bytes
10-28 15:13:45.421  2633  2654 V UstadCache: CacheTrimmer:  deleting
10-28 15:13:45.519  2542  2559 D UiDevice: Searching for node with selector: BySelector [TEXT='\QGet Started\E'].
10-28 15:13:45.622  2542  2559 D UiDevice: Searching for node with selector: BySelector [TEXT='\QGet Started\E'].
10-28 15:13:45.725  2542  2559 D UiDevice: Searching for node with selector: BySelector [TEXT='\QGet Started\E'].
10-28 15:13:45.828  2542  2559 D UiDevice: Searching for node with selector: BySelector [TEXT='\QGet Started\E'].
10-28 15:13:45.931  2542  2559 D UiDevice: Searching for node with selector: BySelector [TEXT='\QGet Started\E'].
10-28 15:13:46.034  2542  2559 D UiDevice: Searching for node with selector: BySelector [TEXT='\QGet Started\E'].
10-28 15:13:46.137  2542  2559 D UiDevice: Searching for node with selector: BySelector [TEXT='\QGet Started\E'].
10-28 15:13:46.240  2542  2559 D UiDevice: Searching for node with selector: BySelector [TEXT='\QGet Started\E'].
10-28 15:13:46.343  2542  2559 D UiDevice: Searching for node with selector: BySelector [TEXT='\QGet Started\E'].
10-28 15:13:46.451  2542  2559 D UiDevice: Searching for node with selector: BySelector [TEXT='\QGet Started\E'].
10-28 15:13:46.554  2542  2559 D UiDevice: Searching for node with selector: BySelector [TEXT='\QGet Started\E'].
10-28 15:13:46.658  2542  2559 D UiDevice: Searching for node with selector: BySelector [TEXT='\QGet Started\E'].
10-28 15:13:46.761  2542  2559 D UiDevice: Searching for node with selector: BySelector [TEXT='\QGet Started\E'].
10-28 15:13:46.864  2542  2559 D UiDevice: Searching for node with selector: BySelector [TEXT='\QGet Started\E'].
10-28 15:13:46.967  2542  2559 D UiDevice: Searching for node with selector: BySelector [TEXT='\QGet Started\E'].
10-28 15:13:47.070  2542  2559 D UiDevice: Searching for node with selector: BySelector [TEXT='\QGet Started\E'].
10-28 15:13:47.174  2542  2559 D UiDevice: Searching for node with selector: BySelector [TEXT='\QGet Started\E'].
10-28 15:13:48.177  2542  2559 D UiDevice: Retrieving node with selector: BySelector [TEXT='\QGet Started\E'].
10-28 15:13:48.180  2542  2559 D UiDevice: Node not found with selector: BySelector [TEXT='\QGet Started\E'].
10-28 15:13:52.454   862  1304 D EGL_emulation: app_time_stats: avg=537.66ms min=14.40ms max=14847.36ms count=29
10-28 15:13:53.180  2542  2559 D Benchmark: Profile Installer - Save Profile
10-28 15:13:53.197  2633  2633 I Process : Sending signal. PID: 2633 SIG: 10
10-28 15:13:53.197  2633  2633 D ProfileInstaller:
10-28 15:13:53.197  2633  2638 I kaisipan.mobile: Thread[3,tid=2638,WaitingInMainSignalCatcherLoop,Thread*=0x736948fad6f0,peer=0x137c1d50,"Signal Catcher"]: reacting to signal 10
10-28 15:13:53.197  2633  2638 I kaisipan.mobile:
10-28 15:13:53.197  2633  2638 I kaisipan.mobile: SIGUSR1 forcing GC (no HPROF) and profile save
10-28 15:13:53.221  2633  2638 I kaisipan.mobile: Explicit concurrent copying GC freed 187058(7175KB) AllocSpace objects, 11(292KB) LOS objects, 49% free, 7906KB/15MB, paused 37us,15us total 23.899ms
10-28 15:13:53.223  2633  2644 W System  : A resource failed to call close.
10-28 15:13:53.699  2542  2559 D Benchmark: Killing process org.kaisipan.mobile
10-28 15:13:53.699  2542  2559 D UiDevice: Executing shell command: killall org.kaisipan.mobile
10-28 15:13:53.712  1493  1680 W MediaProvider: isAppCloneUserPair for user 0: false
10-28 15:13:53.713  1493  1680 V MediaProvider: Inserted id:1000000061 less than next row id backup:1000001000.
10-28 15:13:53.747   584  1597 I PackageDexOptimizer: Running dexopt (dexoptNeeded=-3) on: /data/app/~~EFLmwlxs6fLx-EpFxvJ9lg==/org.kaisipan.mobile-TVisp_8JWhaVjfznyxZtdQ==/base.apk pkg=org.kaisipan.mobile isa=x86_64 dexoptFlags=boot_complete,profile_guided,force,enable_hidden_api_checks targetFilter=speed-profile oatDir=/data/app/~~EFLmwlxs6fLx-EpFxvJ9lg==/org.kaisipan.mobile-TVisp_8JWhaVjfznyxZtdQ==/oat classLoaderContext=PCL[]{PCL[/system_ext/framework/androidx.window.extensions.jar]#PCL[/system_ext/framework/androidx.window.sidecar.jar]}
10-28 15:13:53.748   489   515 V installd: DexInv: --- BEGIN '/data/app/~~EFLmwlxs6fLx-EpFxvJ9lg==/org.kaisipan.mobile-TVisp_8JWhaVjfznyxZtdQ==/base.apk' ---
10-28 15:13:53.748   489   515 V installd: Running /apex/com.android.art/bin/dex2oat64 in=base.apk out=/data/app/~~EFLmwlxs6fLx-EpFxvJ9lg==/org.kaisipan.mobile-TVisp_8JWhaVjfznyxZtdQ==/oat/x86_64/base.odex
10-28 15:13:53.757  3460  3460 W dex2oat64: Unexpected CPU variant for x86: x86_64.
10-28 15:13:53.757  3460  3460 W dex2oat64: Known variants: atom, sandybridge, silvermont, kabylake, default
10-28 15:13:53.758  3460  3460 W dex2oat64: Mismatch between dex2oat instruction set features to use (ISA: X86_64 Feature string: -ssse3,-sse4.1,-sse4.2,-avx,-avx2,-popcnt) and those from CPP defines (ISA: X86_64 Feature string: ssse3,sse4.1,sse4.2,-avx,-avx2,popcnt) for the command line:
10-28 15:13:53.758  3460  3460 W dex2oat64: /apex/com.android.art/bin/dex2oat64 --zip-fd=8 --zip-location=base.apk --oat-fd=9 --oat-location=/data/app/~~EFLmwlxs6fLx-EpFxvJ9lg==/org.kaisipan.mobile-TVisp_8JWhaVjfznyxZtdQ==/oat/x86_64/base.odex --input-vdex-fd=11 --output-vdex-fd=10 --app-image-fd=14 --image-format=lz4 --profile-file-fd=13 --swap-fd=12 --classpath-dir=/data/app/~~EFLmwlxs6fLx-EpFxvJ9lg==/org.kaisipan.mobile-TVisp_8JWhaVjfznyxZtdQ== --class-loader-context=PCL[]{PCL[/system_ext/framework/androidx.window.extensions.jar]#PCL[/system_ext/framework/androidx.window.sidecar.jar]} --instruction-set=x86_64 --instruction-set-features=default --instruction-set-variant=x86_64 --compiler-filter=speed-profile --compilation-reason=cmdline --max-image-block-size=524288 --resolve-startup-const-strings=true --generate-mini-debug-info --runtime-arg -Xtarget-sdk-version:34 --runtime-arg -Xhidden-api-policy:enabled --runtime-arg -Xms64m --runtime-arg -Xmx512m
10-28 15:13:53.760  3460  3460 I dex2oat64: /apex/com.android.art/bin/dex2oat64 --input-vdex-fd=11 --output-vdex-fd=10 --profile-file-fd=13 --classpath-dir=/data/app/~~EFLmwlxs6fLx-EpFxvJ9lg==/org.kaisipan.mobile-TVisp_8JWhaVjfznyxZtdQ== --class-loader-context=PCL[]{PCL[/system_ext/framework/androidx.window.extensions.jar]#PCL[/system_ext/framework/androidx.window.sidecar.jar]} --compiler-filter=speed-profile --compilation-reason=cmdline --max-image-block-size=524288 --resolve-startup-const-strings=true --generate-mini-debug-info
10-28 15:13:57.384  3460  3460 W dex2oat64: Accessing hidden method Landroid/window/BackEvent;->getProgress()F (blocked, linking, denied)
10-28 15:13:57.384  3460  3460 W dex2oat64: Accessing hidden method Landroid/window/BackEvent;->getSwipeEdge()I (blocked, linking, denied)
10-28 15:13:57.384  3460  3460 W dex2oat64: Accessing hidden method Landroid/window/BackEvent;->getTouchX()F (blocked, linking, denied)
10-28 15:13:57.385  3460  3460 W dex2oat64: Accessing hidden method Landroid/window/BackEvent;->getTouchY()F (blocked, linking, denied)
10-28 15:13:57.614  3460  3460 W dex2oat64: Method java.lang.Object androidx.compose.runtime.snapshots.SnapshotStateMap.mutate(kotlin.jvm.functions.Function1) failed lock verification and will run slower.
10-28 15:13:57.614  3460  3460 W dex2oat64: Common causes for lock verification issues are non-optimized dex code
10-28 15:13:57.614  3460  3460 W dex2oat64: and incorrect proguard optimizations.
10-28 15:13:57.615  3460  3460 W dex2oat64: Method void androidx.compose.runtime.snapshots.SnapshotStateMap.update(kotlin.jvm.functions.Function1) failed lock verification and will run slower.
10-28 15:13:57.615  3460  3460 W dex2oat64: Method boolean androidx.compose.runtime.snapshots.SnapshotStateMap.removeIf$runtime_release(kotlin.jvm.functions.Function1) failed lock verification and will run slower.
10-28 15:13:57.633  3460  3463 W dex2oat64: Method boolean androidx.compose.runtime.snapshots.SnapshotStateList.conditionalUpdate(boolean, kotlin.jvm.functions.Function1) failed lock verification and will run slower.
10-28 15:13:57.633  3460  3463 W dex2oat64: Method boolean androidx.compose.runtime.snapshots.SnapshotStateList.conditionalUpdate$default(androidx.compose.runtime.snapshots.SnapshotStateList, boolean, kotlin.jvm.functions.Function1, int, java.lang.Object) failed lock verification and will run slower.
10-28 15:13:57.633  3460  3463 W dex2oat64: Method java.lang.Object androidx.compose.runtime.snapshots.SnapshotStateList.mutate(kotlin.jvm.functions.Function1) failed lock verification and will run slower.
10-28 15:13:57.633  3460  3463 W dex2oat64: Method void androidx.compose.runtime.snapshots.SnapshotStateList.update(boolean, kotlin.jvm.functions.Function1) failed lock verification and will run slower.
10-28 15:13:57.634  3460  3463 W dex2oat64: Method void androidx.compose.runtime.snapshots.SnapshotStateList.update$default(androidx.compose.runtime.snapshots.SnapshotStateList, boolean, kotlin.jvm.functions.Function1, int, java.lang.Object) failed lock verification and will run slower.
10-28 15:13:58.847  3460  3460 I dex2oat64: Explicit concurrent copying GC freed 197120(31MB) AllocSpace objects, 0(0B) LOS objects, 49% free, 2154KB/4309KB, paused 15us,2us total 6.790ms
10-28 15:13:59.150  3460  3460 I dex2oat64: dex2oat took 5.393s (8.817s cpu) (threads: 4) arena alloc=8843KB (9055240B) java alloc=2154KB (2206680B) native alloc=22MB (23532128B) free=145MB (152732640B)
10-28 15:13:59.179   489   515 V installd: DexInv: --- END '/data/app/~~EFLmwlxs6fLx-EpFxvJ9lg==/org.kaisipan.mobile-TVisp_8JWhaVjfznyxZtdQ==/base.apk' (success) ---
10-28 15:13:59.222  1493  1876 W MediaProvider: isAppCloneUserPair for user 0: false
10-28 15:13:59.222  1493  1876 V MediaProvider: Inserted id:1000000062 less than next row id backup:1000001000.
10-28 15:13:59.588  3480  3480 W profman : profman took 340.948ms
10-28 15:13:59.609  1493  1676 W MediaProvider: isAppCloneUserPair for user 0: false
10-28 15:13:59.610  1493  1676 V MediaProvider: Inserted id:1000000063 less than next row id backup:1000001000.
10-28 15:14:00.008   862  1304 D EGL_emulation: app_time_stats: avg=7553.51ms min=7553.51ms max=7553.51ms count=1
10-28 15:14:00.192  1493  1680 I MediaProvider: Deleted 0 0 0 0 0 0 0 items on external_primary due to com.ustadmobile.app_android_baselineprofile
10-28 15:14:00.982  2542  2559 D Benchmark: Unstable profiles during iteration 7
10-28 15:14:00.982  2542  2559 D Benchmark: Killing package org.kaisipan.mobile
10-28 15:14:00.982  2542  2559 D Benchmark: Killing process org.kaisipan.mobile
10-28 15:14:00.983  2542  2559 D UiDevice: Executing shell command: killall org.kaisipan.mobile
10-28 15:14:00.993  2542  2559 D Benchmark: Compile iteration (8) for org.kaisipan.mobile
10-28 15:14:00.993  2542  2559 D UiDevice: Pressing home button.
10-28 15:14:01.007   862   862 V ShadeControllerImpl: NotificationShadeWindow: com.android.systemui.shade.NotificationShadeWindowView{86d7116 I.E...... ......ID 0,0-320,640} canPanelBeCollapsed(): false
10-28 15:14:01.009  1339  1339 D TaplTarget: Launcher.onNewIntent: Intent { act=android.intent.action.MAIN cat=[android.intent.category.HOME] flg=0x10400100 cmp=com.android.launcher3/.uioverrides.QuickstepLauncher (has extras) }
10-28 15:14:01.012   862   862 V ShadeControllerImpl: NotificationShadeWindow: com.android.systemui.shade.NotificationShadeWindowView{86d7116 I.E...... ......ID 0,0-320,640} canPanelBeCollapsed(): false
10-28 15:14:01.036   424   424 I BpBinder: onLastStrongRef automatically unlinking death recipients: <uncached descriptor>
10-28 15:14:01.037   424   463 W TransactionTracing: Could not find layer handle 0x7069350330b0
10-28 15:14:01.042   862  1304 D EGL_emulation: app_time_stats: avg=1033.61ms min=1033.61ms max=1033.61ms count=1
10-28 15:14:01.046  1493  1676 W MediaProvider: isAppCloneUserPair for user 0: false
10-28 15:14:01.046  1493  1676 V MediaProvider: Inserted id:1000000064 less than next row id backup:1000001000.
10-28 15:14:01.070   424   463 W TransactionTracing: Could not find layer handle 0x706935037010
10-28 15:14:01.086  2542  2559 I System.out: 0 Flags,FrameTimelineVsyncId,IntendedVsync,Vsync,InputEventId,HandleInputStart,AnimationStart,PerformTraversalsStart,DrawStart,FrameDeadline,FrameInterval,FrameStartTime,SyncQueued,SyncStart,IssueDrawCommandsStart,SwapBuffers,FrameCompleted,DequeueBufferDuration,QueueBufferDuration,GpuCompleted,SwapBuffersCompleted,DisplayPresentTime,CommandSubmissionCompleted,
10-28 15:14:01.086  2542  2559 I System.out: 1 1,9676,423833679411,423833679411,0,423848316085,423848316295,423848412865,423870895111,423850346077,423848314425,16666666,423871921231,423872148201,423872240121,423872534862,423883825945,3580,225120,423883825945,423873220202,423886176845,423872534862,
10-28 15:14:01.086  2542  2559 I System.out: 2 0,9719,423850346077,423867012743,0,423878971853,423878972353,423888466936,423888487336,423917012741,423878969073,16666666,423889203576,423889240116,423889281006,423889399386,423900536929,3720,326630,423900536929,423890227066,423902791880,423889399386,
10-28 15:14:01.086  2542  2559 I System.out: 3 0,9784,423883679409,423883679409,0,423891819207,423891819847,423919484945,423919510395,423933679407,423891816767,16666666,423928848317,423928873007,423928912967,423928959047,423933818189,1760,111760,423933818189,423929397847,423935805009,423928959047,
10-28 15:14:01.086  2542  2559 I System.out: 4 0,9834,423900346075,423917012741,0,423931753738,423931754218,423945738472,423945763102,423967012739,423931751438,16666666,423954824624,423954856724,423954900084,423955393655,423960955936,2260,108180,423960955936,423956100505,423969274868,423955393655,
10-28 15:14:01.087  2542  2559 I System.out: 5 0,9906,423933679407,423950346073,0,423956404855,423956405205,423958163905,423958180775,423983679405,423956403105,16666666,423959427016,423959457826,423959504856,423960448686,423969605679,8603183,115680,423967109768,423969605679,423985749653,423960448686,
10-28 15:14:01.087  2542  2559 I System.out: 6 0,9971,423967012739,423967012739,0,423977468931,423977469551,423979973461,423979992791,424000346071,423977467291,16666666,423981214322,423981249382,423981304902,423982100852,423985010113,2320281,108680,423983805722,423985010113,424002855548,423982100852,
10-28 15:14:01.087  2542  2559 I System.out: 7 0,10007,423983679405,423983679405,0,423984040703,423984040793,423985803173,423985816463,424017012737,423984040133,16666666,423987224523,423987243933,423987307653,423988445324,424003250838,13181634,99410,424000517787,424003250838,424022568763,423988445324,
10-28 15:14:01.087  2542  2559 I System.out: 8 0,10043,424000346071,424000346071,0,424000786377,424000786567,424004894818,424004920438,424033679403,424000785127,16666666,424006943459,424007002219,424007066149,424007761329,424023085933,14663234,127510,424017181082,424023085933,424036184907,424007761329,
10-28 15:14:01.088  2542  2559 I System.out: 9 0,10079,424017012737,424017012737,0,424017579662,424017579872,424020353133,424020402393,424050346069,424017579012,16666666,424023634594,424023667954,424023717944,424024396344,424036695197,11222703,120390,424033789196,424036695197,424054154602,424024396344,
10-28 15:14:01.088  2542  2559 I System.out: 10 0,10115,424033679403,424033679403,0,424034121666,424034121916,424046022920,424046044400,424067012735,424034084446,16666666,424049388381,424049432501,424049526371,424050282001,424055348852,849300,1293410,424054368492,424055348852,424069192536,424050282001,
10-28 15:14:01.088  2542  2559 I System.out: 11 0,10151,424050346069,424050346069,0,424050939911,424050940601,424053434782,424053451502,424083679401,424050938981,16666666,424055226852,424055369232,424055415402,424056063923,424070543907,13556834,105230,424067111476,424070543907,424089414252,424056063923,
10-28 15:14:01.088  2542  2559 I System.out: 12 0,10180,424067012735,424067012735,0,424067582436,424067582756,424070977707,424070999017,424100346067,424067580886,16666666,424072589407,424072632557,424072683447,424073451957,424090520222,16089724,94630,424083798610,424090520222,424101782225,424073451957,
