10-28 15:15:48.018  2542  2559 D UiDevice: Searching for node with selector: BySelector [TEXT='\QGet Started\E'].
10-28 15:15:48.121  2542  2559 D UiDevice: Searching for node with selector: BySelector [TEXT='\QGet Started\E'].
10-28 15:15:48.224  2542  2559 D UiDevice: Searching for node with selector: BySelector [TEXT='\QGet Started\E'].
10-28 15:15:48.327  2542  2559 D UiDevice: Searching for node with selector: BySelector [TEXT='\QGet Started\E'].
10-28 15:15:48.430  2542  2559 D UiDevice: Searching for node with selector: BySelector [TEXT='\QGet Started\E'].
10-28 15:15:48.533  2542  2559 D UiDevice: Searching for node with selector: BySelector [TEXT='\QGet Started\E'].
10-28 15:15:48.636  2542  2559 D UiDevice: Searching for node with selector: BySelector [TEXT='\QGet Started\E'].
10-28 15:15:48.739  2542  2559 D UiDevice: Searching for node with selector: BySelector [TEXT='\QGet Started\E'].
10-28 15:15:48.842  2542  2559 D UiDevice: Searching for node with selector: BySelector [TEXT='\QGet Started\E'].
10-28 15:15:48.945  2542  2559 D UiDevice: Searching for node with selector: BySelector [TEXT='\QGet Started\E'].
10-28 15:15:49.048  2542  2559 D UiDevice: Searching for node with selector: BySelector [TEXT='\QGet Started\E'].
10-28 15:15:49.152  2542  2559 D UiDevice: Searching for node with selector: BySelector [TEXT='\QGet Started\E'].
10-28 15:15:49.255  2542  2559 D UiDevice: Searching for node with selector: BySelector [TEXT='\QGet Started\E'].
10-28 15:15:49.358  2542  2559 D UiDevice: Searching for node with selector: BySelector [TEXT='\QGet Started\E'].
10-28 15:15:49.460  2542  2559 D UiDevice: Searching for node with selector: BySelector [TEXT='\QGet Started\E'].
10-28 15:15:50.463  2542  2559 D UiDevice: Retrieving node with selector: BySelector [TEXT='\QGet Started\E'].
10-28 15:15:50.466  2542  2559 D UiDevice: Node not found with selector: BySelector [TEXT='\QGet Started\E'].
10-28 15:15:55.466  2542  2559 D Benchmark: Profile Installer - Save Profile
10-28 15:15:55.483  2633  2633 I Process : Sending signal. PID: 2633 SIG: 10
10-28 15:15:55.484  2633  2633 D ProfileInstaller:
10-28 15:15:55.484  2633  2638 I kaisipan.mobile: Thread[3,tid=2638,WaitingInMainSignalCatcherLoop,Thread*=0x736948fad6f0,peer=0x13801e40,"Signal Catcher"]: reacting to signal 10
10-28 15:15:55.484  2633  2638 I kaisipan.mobile:
10-28 15:15:55.484  2633  2638 I kaisipan.mobile: SIGUSR1 forcing GC (no HPROF) and profile save
10-28 15:15:55.509  2633  2638 I kaisipan.mobile: Explicit concurrent copying GC freed 188616(7190KB) AllocSpace objects, 11(292KB) LOS objects, 49% free, 7936KB/15MB, paused 57us,15us total 25.601ms
10-28 15:15:55.512  2633  2644 W System  : A resource failed to call close.
10-28 15:15:55.985  2542  2559 D Benchmark: Killing process org.kaisipan.mobile
10-28 15:15:55.985  2542  2559 D UiDevice: Executing shell command: killall org.kaisipan.mobile
10-28 15:15:55.999  1493  2742 W MediaProvider: isAppCloneUserPair for user 0: false
10-28 15:15:56.000  1493  2742 V MediaProvider: Inserted id:1000000091 less than next row id backup:1000001000.
10-28 15:15:56.041   584  1871 I PackageDexOptimizer: Running dexopt (dexoptNeeded=-3) on: /data/app/~~EFLmwlxs6fLx-EpFxvJ9lg==/org.kaisipan.mobile-TVisp_8JWhaVjfznyxZtdQ==/base.apk pkg=org.kaisipan.mobile isa=x86_64 dexoptFlags=boot_complete,profile_guided,force,enable_hidden_api_checks targetFilter=speed-profile oatDir=/data/app/~~EFLmwlxs6fLx-EpFxvJ9lg==/org.kaisipan.mobile-TVisp_8JWhaVjfznyxZtdQ==/oat classLoaderContext=PCL[]{PCL[/system_ext/framework/androidx.window.extensions.jar]#PCL[/system_ext/framework/androidx.window.sidecar.jar]}
10-28 15:15:56.042   489   515 V installd: DexInv: --- BEGIN '/data/app/~~EFLmwlxs6fLx-EpFxvJ9lg==/org.kaisipan.mobile-TVisp_8JWhaVjfznyxZtdQ==/base.apk' ---
10-28 15:15:56.042   489   515 V installd: Running /apex/com.android.art/bin/dex2oat64 in=base.apk out=/data/app/~~EFLmwlxs6fLx-EpFxvJ9lg==/org.kaisipan.mobile-TVisp_8JWhaVjfznyxZtdQ==/oat/x86_64/base.odex
10-28 15:15:56.053  4025  4025 W dex2oat64: Unexpected CPU variant for x86: x86_64.
10-28 15:15:56.053  4025  4025 W dex2oat64: Known variants: atom, sandybridge, silvermont, kabylake, default
10-28 15:15:56.055  4025  4025 W dex2oat64: Mismatch between dex2oat instruction set features to use (ISA: X86_64 Feature string: -ssse3,-sse4.1,-sse4.2,-avx,-avx2,-popcnt) and those from CPP defines (ISA: X86_64 Feature string: ssse3,sse4.1,sse4.2,-avx,-avx2,popcnt) for the command line:
10-28 15:15:56.055  4025  4025 W dex2oat64: /apex/com.android.art/bin/dex2oat64 --zip-fd=8 --zip-location=base.apk --oat-fd=9 --oat-location=/data/app/~~EFLmwlxs6fLx-EpFxvJ9lg==/org.kaisipan.mobile-TVisp_8JWhaVjfznyxZtdQ==/oat/x86_64/base.odex --input-vdex-fd=11 --output-vdex-fd=10 --app-image-fd=14 --image-format=lz4 --profile-file-fd=13 --swap-fd=12 --classpath-dir=/data/app/~~EFLmwlxs6fLx-EpFxvJ9lg==/org.kaisipan.mobile-TVisp_8JWhaVjfznyxZtdQ== --class-loader-context=PCL[]{PCL[/system_ext/framework/androidx.window.extensions.jar]#PCL[/system_ext/framework/androidx.window.sidecar.jar]} --instruction-set=x86_64 --instruction-set-features=default --instruction-set-variant=x86_64 --compiler-filter=speed-profile --compilation-reason=cmdline --max-image-block-size=524288 --resolve-startup-const-strings=true --generate-mini-debug-info --runtime-arg -Xtarget-sdk-version:34 --runtime-arg -Xhidden-api-policy:enabled --runtime-arg -Xms64m --runtime-arg -Xmx512m
10-28 15:15:56.058  4025  4025 I dex2oat64: /apex/com.android.art/bin/dex2oat64 --input-vdex-fd=11 --output-vdex-fd=10 --profile-file-fd=13 --classpath-dir=/data/app/~~EFLmwlxs6fLx-EpFxvJ9lg==/org.kaisipan.mobile-TVisp_8JWhaVjfznyxZtdQ== --class-loader-context=PCL[]{PCL[/system_ext/framework/androidx.window.extensions.jar]#PCL[/system_ext/framework/androidx.window.sidecar.jar]} --compiler-filter=speed-profile --compilation-reason=cmdline --max-image-block-size=524288 --resolve-startup-const-strings=true --generate-mini-debug-info
10-28 15:16:00.007   862  1304 D EGL_emulation: app_time_stats: avg=718.27ms min=12.27ms max=20066.80ms count=29
10-28 15:16:00.094  4025  4027 W dex2oat64: Accessing hidden method Landroid/window/BackEvent;->getProgress()F (blocked, linking, denied)
10-28 15:16:00.094  4025  4027 W dex2oat64: Accessing hidden method Landroid/window/BackEvent;->getSwipeEdge()I (blocked, linking, denied)
10-28 15:16:00.094  4025  4027 W dex2oat64: Accessing hidden method Landroid/window/BackEvent;->getTouchX()F (blocked, linking, denied)
10-28 15:16:00.094  4025  4027 W dex2oat64: Accessing hidden method Landroid/window/BackEvent;->getTouchY()F (blocked, linking, denied)
10-28 15:16:00.327  4025  4029 W dex2oat64: Method java.lang.Object androidx.compose.runtime.snapshots.SnapshotStateMap.mutate(kotlin.jvm.functions.Function1) failed lock verification and will run slower.
10-28 15:16:00.327  4025  4029 W dex2oat64: Common causes for lock verification issues are non-optimized dex code
10-28 15:16:00.327  4025  4029 W dex2oat64: and incorrect proguard optimizations.
10-28 15:16:00.328  4025  4029 W dex2oat64: Method void androidx.compose.runtime.snapshots.SnapshotStateMap.update(kotlin.jvm.functions.Function1) failed lock verification and will run slower.
10-28 15:16:00.328  4025  4029 W dex2oat64: Method boolean androidx.compose.runtime.snapshots.SnapshotStateMap.removeIf$runtime_release(kotlin.jvm.functions.Function1) failed lock verification and will run slower.
10-28 15:16:00.346  4025  4025 W dex2oat64: Method boolean androidx.compose.runtime.snapshots.SnapshotStateList.conditionalUpdate(boolean, kotlin.jvm.functions.Function1) failed lock verification and will run slower.
10-28 15:16:00.346  4025  4025 W dex2oat64: Method boolean androidx.compose.runtime.snapshots.SnapshotStateList.conditionalUpdate$default(androidx.compose.runtime.snapshots.SnapshotStateList, boolean, kotlin.jvm.functions.Function1, int, java.lang.Object) failed lock verification and will run slower.
10-28 15:16:00.346  4025  4025 W dex2oat64: Method java.lang.Object androidx.compose.runtime.snapshots.SnapshotStateList.mutate(kotlin.jvm.functions.Function1) failed lock verification and will run slower.
10-28 15:16:00.346  4025  4025 W dex2oat64: Method void androidx.compose.runtime.snapshots.SnapshotStateList.update(boolean, kotlin.jvm.functions.Function1) failed lock verification and will run slower.
10-28 15:16:00.347  4025  4025 W dex2oat64: Method void androidx.compose.runtime.snapshots.SnapshotStateList.update$default(androidx.compose.runtime.snapshots.SnapshotStateList, boolean, kotlin.jvm.functions.Function1, int, java.lang.Object) failed lock verification and will run slower.
10-28 15:16:01.589  4025  4025 I dex2oat64: Explicit concurrent copying GC freed 197116(31MB) AllocSpace objects, 0(0B) LOS objects, 49% free, 2154KB/4309KB, paused 16us,2us total 7.336ms
10-28 15:16:01.904  4025  4025 I dex2oat64: dex2oat took 5.851s (9.328s cpu) (threads: 4) arena alloc=10MB (10980304B) java alloc=2154KB (2206680B) native alloc=22MB (23450976B) free=145MB (152859744B)
10-28 15:16:01.931   489   515 V installd: DexInv: --- END '/data/app/~~EFLmwlxs6fLx-EpFxvJ9lg==/org.kaisipan.mobile-TVisp_8JWhaVjfznyxZtdQ==/base.apk' (success) ---
10-28 15:16:01.984  1493  1680 W MediaProvider: isAppCloneUserPair for user 0: false
10-28 15:16:01.984  1493  1680 V MediaProvider: Inserted id:1000000092 less than next row id backup:1000001000.
10-28 15:16:02.369  4045  4045 W profman : profman took 355.499ms
10-28 15:16:02.388  1493  3492 W MediaProvider: isAppCloneUserPair for user 0: false
10-28 15:16:02.389  1493  3492 V MediaProvider: Inserted id:1000000093 less than next row id backup:1000001000.
10-28 15:16:02.660  1493  1676 I MediaProvider: Deleted 0 0 0 0 0 0 0 items on external_primary due to com.ustadmobile.app_android_baselineprofile
10-28 15:16:03.432  2542  2559 D Benchmark: Unstable profiles during iteration 12
10-28 15:16:03.432  2542  2559 D Benchmark: Killing package org.kaisipan.mobile
10-28 15:16:03.432  2542  2559 D Benchmark: Killing process org.kaisipan.mobile
10-28 15:16:03.432  2542  2559 D UiDevice: Executing shell command: killall org.kaisipan.mobile
10-28 15:16:03.444  2542  2559 D Benchmark: Compile iteration (13) for org.kaisipan.mobile
10-28 15:16:03.445  2542  2559 D UiDevice: Pressing home button.
10-28 15:16:03.457   862   862 V ShadeControllerImpl: NotificationShadeWindow: com.android.systemui.shade.NotificationShadeWindowView{86d7116 I.E...... ......ID 0,0-320,640} canPanelBeCollapsed(): false
10-28 15:16:03.463  1339  1339 D TaplTarget: Launcher.onNewIntent: Intent { act=android.intent.action.MAIN cat=[android.intent.category.HOME] flg=0x10400100 cmp=com.android.launcher3/.uioverrides.QuickstepLauncher (has extras) }
10-28 15:16:03.466   862   862 V ShadeControllerImpl: NotificationShadeWindow: com.android.systemui.shade.NotificationShadeWindowView{86d7116 I.E...... ......ID 0,0-320,640} canPanelBeCollapsed(): false
10-28 15:16:03.486   424   424 I BpBinder: onLastStrongRef automatically unlinking death recipients: <uncached descriptor>
10-28 15:16:03.490   424   463 W TransactionTracing: Could not find layer handle 0x70693503cb90
10-28 15:16:03.494   862  1304 D EGL_emulation: app_time_stats: avg=3486.91ms min=3486.91ms max=3486.91ms count=1
10-28 15:16:03.496  1493  3492 W MediaProvider: isAppCloneUserPair for user 0: false
10-28 15:16:03.496  1493  3492 V MediaProvider: Inserted id:1000000094 less than next row id backup:1000001000.
10-28 15:16:03.523   424   463 W TransactionTracing: Could not find layer handle 0x706935034a30
10-28 15:16:03.535  2542  2559 I System.out: 0 Flags,FrameTimelineVsyncId,IntendedVsync,Vsync,InputEventId,HandleInputStart,AnimationStart,PerformTraversalsStart,DrawStart,FrameDeadline,FrameInterval,FrameStartTime,SyncQueued,SyncStart,IssueDrawCommandsStart,SwapBuffers,FrameCompleted,DequeueBufferDuration,QueueBufferDuration,GpuCompleted,SwapBuffersCompleted,DisplayPresentTime,CommandSubmissionCompleted,
10-28 15:16:03.535  2542  2559 I System.out: 1 1,15793,546150341185,546167007851,0,546175271783,546175272033,546175272153,546193190118,546167007851,546175269853,16666666,546193558928,546193691328,546193789678,546193986488,546200485440,1770,100100,546200485440,546194451359,546202984501,546193986488,
10-28 15:16:03.535  2542  2559 I System.out: 2 0,15855,546183674517,546183674517,0,546197498659,546197499109,546207247842,546207268402,546233674515,546197497009,16666666,546207681532,546207710292,546207740572,546207828602,546217149425,1640,71480,546217149425,546208392012,546219542366,546207828602,
10-28 15:16:03.535  2542  2559 I System.out: 3 0,15930,546217007849,546217007849,0,546217472195,546217472355,546245547603,546245571733,546250341181,546217470535,16666666,546257208326,546257238986,546257317536,546257406916,546267213849,2850,172180,546267213849,546258038446,546268280969,546257406916,
10-28 15:16:03.535  2542  2559 I System.out: 4 0,15967,546233674515,546250341181,0,546259511947,546259512287,546271865880,546271886750,546300341179,546259510147,16666666,546278766832,546278819812,546278861582,546279316062,546283603543,2830,130460,546283603543,546280133032,546285712004,546279316062,
10-28 15:16:03.535  2542  2559 I System.out: 5 0,16045,546267007847,546267007847,0,546279662982,546279663242,546280982463,546280998003,546317007845,546279662102,16666666,546281874763,546281898223,546281940423,546283023843,546287255824,3611001,94520,546283865723,546287255824,546302423219,546283023843,
10-28 15:16:03.535  2542  2559 I System.out: 6 0,16081,546283674513,546283674513,0,546289205885,546289206555,546291615756,546291638056,546333674511,546289204195,16666666,546292658146,546292697176,546292745656,546293440176,546308277650,14147974,178750,546294085366,546308277650,546318296123,546293440176,
10-28 15:16:03.535  2542  2559 I System.out: 7 0,16117,546300341179,546300341179,0,546302023948,546302024558,546303923919,546303941199,546350341177,546302022588,16666666,546304962539,546308298210,546308341290,546309023090,546321071574,10874903,241270,546317118603,546321071574,546336334938,546309023090,
10-28 15:16:03.535  2542  2559 I System.out: 8 0,16153,546317007845,546317007845,0,546317841113,546317841273,546320022483,546320045363,546367007843,546317839473,16666666,546321556664,546321587154,546321678184,546322497024,546335943518,12624834,111300,546333802057,546335943518,546352431392,546322497024,
10-28 15:16:03.535  2542  2559 I System.out: 9 0,16189,546333674511,546333674511,0,546334418497,546334418807,546339114289,546339141969,546383674509,546334417097,16666666,546341220889,546341676099,546341731949,546342780940,546352840633,9146953,76630,546350448542,546352840633,546369234437,546342780940,
10-28 15:16:03.535  2542  2559 I System.out: 10 0,16225,546350341177,546350341177,0,546350689652,546350689802,546360689945,546360715885,546400341175,546350688732,16666666,546364113466,546364145416,546364193146,546365017606,546369586067,3846661,147090,546367129777,546369586067,546385754252,546365017606,
10-28 15:16:03.535  2542  2559 I System.out: 11 0,16261,546367007843,546367007843,0,546367496287,546367496467,546369258457,546369273997,546417007841,546367495457,16666666,546370495827,546371035508,546371073138,546371726728,546386198152,13247544,72040,546383771511,546386198152,546403250777,546371726728,
10-28 15:16:03.535  2542  2559 I System.out: 12 0,16297,546383674509,546383674509,0,546383895001,546383895111,546385929952,546385950092,546433674507,546383893921,16666666,546387443352,546388131812,546388195632,546389299303,546403767897,13618284,76400,546400467646,546403767897,546420969651,546389299303,
10-28 15:16:03.535  2542  2559 I System.out: 13 0,16326,546400341175,546400341175,0,546400754086,546400754336,546402846246,546402871066,546450341173,546400752136,16666666,546404409847,546405018327,546405065947,546405773577,546422465662,15049724,90190,546406863868,546422465662,546437319236,546405773577,
10-28 15:16:03.535  2542  2559 I System.out: 14 0,16362,546417007841,546417007841,0,546417565641,546417565831,546419883031,546419911681,546467007839,546417563501,16666666,546421987592,546422496842,546422550392,546423775392,546437556936,12886104,163060,546433823965,546437556936,546452872700,546423775392,
10-28 15:16:03.535  2542  2559 I System.out: 15 0,16384,546433674507,546433674507,0,546433962465,546433962665,546435974966,546436003206,546483674505,546433960145,16666666,546437424806,546437591336,546437670726,546438935166,546453664081,13170334,79330,546450445160,546453664081,546469718995,546438935166,
10-28 15:16:03.535  2542  2559 I System.out: 16 0,16413,546450341173,546450341173,0,546450815880,546450816120,546453950521,546453975631,546500341171,546450813920,16666666,546455304041,546455364081,546455419161,546456155791,546469998125,12944934,104770,546467167864,546469998125,546486467930,546456155791,
10-28 15:16:03.535  2542  2559 I System.out: 17 0,16456,546467007839,546467007839,0,546469045085,546469045435,546471372365,546471395395,546517007837,546469042965,16666666,546472792776,546472845836,546472902446,546473951716,546486751860,11709754,193520,546474982456,546486751860,546502691214,546473951716,
10-28 15:16:03.535  2542  2559 I System.out: 18 0,16478,546483674505,546483674505,0,546483864109,546483864499,546486466640,546486498980,546533674503,546483862209,16666666,546488070670,546488116820,546488174970,546489053290,546502910704,12688943,86800,546500507824,546502910704,546519841929,546489053290,
10-28 15:16:03.535  2542  2559 I System.out: 19 0,16514,546500341171,546500341171,0,546500811614,546500811914,546503449494,546503474004,546550341169,546500809834,16666666,546505084105,546505127275,546505181595,546505988895,546520063709,13062244,175050,546517147688,546520063709,546535901173,546505988895,
10-28 15:16:03.535  2542  2559 I System.out: 20 0,16523,546517007837,546517007837,0,546517207338,546517207928,546519806579,546519835369,546567007835,546517204708,16666666,546521326049,546521365589,546521422119,546522350910,546536013863,12681303,111790,546533792233,546536013863,546551461338,546522350910,
10-28 15:16:03.535  2542  2559 I System.out: 21 0,16551,546533674503,546533674503,0,546533853023,546533853323,546534728753,546534753093,546583674501,546533851673,16666666,546535752453,546536037833,546536069243,546536238643,546551790998,14591374,97260,546550456047,546551790998,546568024542,546536238643,
10-28 15:16:03.535  2542  2559 I System.out: 22 0,16568,546550341169,546550341169,0,546550488257,546550488487,546550945898,546550962638,546600341167,546550487317,16666666,546551784458,546551821538,546551869928,546552114038,546568266312,14679244,131290,546567139252,546568266312,546585707907,546552114038,
10-28 15:16:03.535  2542  2559 I System.out: 23 0,16588,546567007835,546567007835,0,546567234342,546567234852,546568019562,546568047242,546617007833,546567231142,16666666,546569359693,546569408253,546569450333,546569767703,546585915877,15008314,124550,546583759967,546585915877,546601561802,546569767703,
10-28 15:16:03.535  2542  2559 I System.out: 24 0,16596,546583674501,546583674501,0,546583911967,546583912517,546586368327,546586394567,546633674499,546583910227,16666666,546587745978,546587776298,546587818058,546588208788,546602374152,13270534,115370,546600476381,546602374152,546618804756,546588208788,
10-28 15:16:03.535  2542  2559 I System.out: 25 0,16616,546600341167,546600341167,0,546600549821,546600550311,546603176322,546603202202,546650341165,546600547001,16666666,546604112992,546604147722,546604193622,546604583072,546618940566,13566833,113490,546617118326,546618940566,546635016231,546604583072,
10-28 15:16:03.535  2542  2559 I System.out: 26 0,16627,546617007833,546617007833,0,546617155736,546617156136,546617699646,546617714536,546667007831,546617154846,16666666,546618574476,546618963086,546619006606,546619359257,546635344501,15242454,95660,546633819041,546635344501,546652623886,546619359257,
10-28 15:16:03.535  2542  2559 I System.out: 27 0,16641,546633674499,546633674499,0,546633859731,546633860081,546634634241,546634656401,546683674497,546633858641,16666666,546635658871,546635975481,546636023041,546636440181,546652456676,15226004,129421,546650449285,546652456676,546668475060,546636440181,
10-28 15:16:03.535  2542  2559 I System.out: 28 0,16663,546650341165,546650341165,0,546650519775,546650520375,546650993525,546651016645,546700341163,546650516515,16666666,546651076285,546652480496,546652512066,546652855156,546669713931,15881595,85380,546667162200,546669713931,288234774265332736,546652855156,
10-28 15:16:03.535  2542  2559 I System.out: 29 0,16679,546667007831,546667007831,0,546667178950,546667179650,546667641350,546668987380,546717007829,546667177910,16666666,546669154920,546669742581,546669794871,546670211081,546685022135,13733034,90460,546683763804,546685022135,288234774265332736,546670211081,
10-28 15:16:03.535  2542  2559 I System.out: 30 0,16714,546683674497,546683674497,0,546683853354,546683853704,546686243245,546686259235,546733674495,546683852244,16666666,546687845966,546687874916,546687916206,546688214766,546701917069,12965843,85530,546700496349,546701917069,288234774265332736,546688214766,
10-28 15:16:03.535  2542  2559 I System.out: 31 0,16736,546700341163,546700341163,0,546700552999,546700553399,546702981270,546703009280,546750341161,546700551889,16666666,546703478670,546703509180,546703551980,546703967590,546718345674,13246774,185530,546705047570,546718345674,288234774265332736,546703967590,
10-28 15:16:03.535  2542  2559 I System.out: 32 8,16751,546717007829,546717007829,0,546717254094,546717254344,546717254514,546717267534,546733674495,546717252824,16666666,546717272724,546718369974,288234774265332736,288234774265332736,288234774265332736,288234774265332736,288234774265332736,288234774265332736,288234774265332736,288234774265332736,288234774265332736,
10-28 15:16:03.536  2542  2559 D Benchmark: Starting activity with command: am start  -W "intent:#Intent;action=android.intent.action.MAIN;category=android.intent.category.LAUNCHER;launchFlags=0x10008000;package=org.kaisipan.mobile;component=org.kaisipan.mobile/com.ustadmobile.port.android.view.AppActivity;end"
10-28 15:16:03.542  1493  2742 W MediaProvider: isAppCloneUserPair for user 0: false
10-28 15:16:03.543  1493  2742 V MediaProvider: Inserted id:1000000095 less than next row id backup:1000001000.
10-28 15:16:03.572   862   919 D SplashScreenView: Build android.window.SplashScreenView{c519f15 V.E...... ......ID 0,0-0,0}
10-28 15:16:03.572   862   919 D SplashScreenView: Icon: view: null drawable: null size: 0
10-28 15:16:03.572   862   919 D SplashScreenView: Branding: view: android.view.View{c77522a G.ED..... ......I. 0,0-0,0 #10204db android:id/splashscreen_branding_view} drawable: null size w: 0 h: 0
10-28 15:16:03.575  2633  2633 D AppActivity$onDestroy: AppActivity#onDestroy
10-28 15:16:03.578   584  1597 W InputManager-JNI: Input channel object '2902b1e org.kaisipan.mobile/com.ustadmobile.port.android.view.AppActivity (client)' was disposed without first being removed with the input manager!
10-28 15:16:03.584  2633  2633 W CustomTabsClient: Unable to find any Custom Tabs packages, you may need to add a <queries> element to your manifest. See the docs for CustomTabsClient#getPackageName.
10-28 15:16:03.585  2633  2633 W AppActivity$bindCustomTabsService: CustomTabs: Service NOT supported
10-28 15:16:03.593  2633  2633 D AutofillManager: Fill dialog is enabled:false, hints=[]
10-28 15:16:03.594   862  1304 W Parcel  : Expecting binder but got null!
10-28 15:16:03.599  2633  2633 W OnBackInvokedCallback: OnBackInvokedCallback is not enabled for the application.
10-28 15:16:03.599  2633  2633 W OnBackInvokedCallback: Set 'android:enableOnBackInvokedCallback="true"' in the application manifest.
10-28 15:16:03.602   584   599 D ConnectivityService: requestNetwork for uid/pid:10126/2633 activeRequest: null callbackRequest: 68 [NetworkRequest [ REQUEST id=69, [ Capabilities: INTERNET&NOT_RESTRICTED&TRUSTED&NOT_VCN_MANAGED Uid: 10126 RequestorUid: 10126 RequestorPkg: org.kaisipan.mobile UnderlyingNetworks: Null] ]] callback flags: 0 order: 2147483647
10-28 15:16:03.603   584   808 D ConnectivityService: NetReassign [69 : null → 100]
10-28 15:16:03.610   584   801 D WifiNetworkFactory: got request NetworkRequest [ REQUEST id=69, [ Capabilities: INTERNET&NOT_RESTRICTED&TRUSTED&NOT_VCN_MANAGED Uid: 10126 RequestorUid: 10126 RequestorPkg: org.kaisipan.mobile UnderlyingNetworks: Null] ]
10-28 15:16:03.610   584   801 D UntrustedWifiNetworkFactory: got request NetworkRequest [ REQUEST id=69, [ Capabilities: INTERNET&NOT_RESTRICTED&TRUSTED&NOT_VCN_MANAGED Uid: 10126 RequestorUid: 10126 RequestorPkg: org.kaisipan.mobile UnderlyingNetworks: Null] ]
10-28 15:16:03.611   584   801 D OemPaidWifiNetworkFactory: got request NetworkRequest [ REQUEST id=69, [ Capabilities: INTERNET&NOT_RESTRICTED&TRUSTED&NOT_VCN_MANAGED Uid: 10126 RequestorUid: 10126 RequestorPkg: org.kaisipan.mobile UnderlyingNetworks: Null] ]
10-28 15:16:03.611   584   801 D MultiInternetWifiNetworkFactory: got request NetworkRequest [ REQUEST id=69, [ Capabilities: INTERNET&NOT_RESTRICTED&TRUSTED&NOT_VCN_MANAGED Uid: 10126 RequestorUid: 10126 RequestorPkg: org.kaisipan.mobile UnderlyingNetworks: Null] ]
10-28 15:16:03.612  2633  2690 W Parcel  : Expecting binder but got null!
10-28 15:16:03.614   584   604 I ActivityTaskManager: Displayed org.kaisipan.mobile/com.ustadmobile.port.android.view.AppActivity: +45ms
10-28 15:16:03.616  2633  2633 D UstadViewModelFunKt$ustadViewModel$viewModel$invoke: ustadViewModel(): create viewmodel for: com.ustadmobile.core.viewmodel.redirect.RedirectViewModel
10-28 15:16:03.616  2633  2633 I System.out: com.ustadmobile.core.db.UmAppDatabase_DoorWrapper@229d481
10-28 15:16:03.619  2633  2633 D UstadNavControllerPreCompose$onCollectNavCommand: NavCommandEffect: Navigate: Go to Login
10-28 15:16:03.623   424   463 W TransactionTracing: Could not find layer handle 0x70693503d4f0
10-28 15:16:03.630  2633  2633 D UstadViewModelFunKt$ustadViewModel$viewModel$invoke: ustadViewModel(): create viewmodel for: com.ustadmobile.core.viewmodel.login.LoginViewModel
10-28 15:16:03.633  2633  2744 V UstadCache: OKHttp-CacheInterceptor:  intercept: GET https://oer.kaisipan.org/v2/Site/verify
10-28 15:16:03.633  2633  2744 I UstadCache: UstadCache(): Retrieve https://oer.kaisipan.org/v2/Site/verify
10-28 15:16:03.633  2633  2744 D UstadCache: UstadCache(): FOUND https://oer.kaisipan.org/v2/Site/verify
10-28 15:16:03.635  2633  2744 D TrafficStats: tagSocket(99) with statsTag=0xffffffff, statsUid=-1
10-28 15:16:03.636  2542  2559 D Benchmark: Result: Starting: Intent { act=android.intent.action.MAIN cat=[android.intent.category.LAUNCHER] flg=0x10008000 pkg=org.kaisipan.mobile cmp=org.kaisipan.mobile/com.ustadmobile.port.android.view.AppActivity }
10-28 15:16:03.636  2542  2559 D Benchmark: Status: ok
10-28 15:16:03.636  2542  2559 D Benchmark: LaunchState: WARM
10-28 15:16:03.636  2542  2559 D Benchmark: Activity: org.kaisipan.mobile/com.ustadmobile.port.android.view.AppActivity
10-28 15:16:03.636  2542  2559 D Benchmark: TotalTime: 45
10-28 15:16:03.636  2542  2559 D Benchmark: WaitTime: 47
10-28 15:16:03.636  2542  2559 D Benchmark: Complete
10-28 15:16:03.653  1493  3492 W MediaProvider: isAppCloneUserPair for user 0: false
10-28 15:16:03.654  1493  3492 V MediaProvider: Inserted id:1000000096 less than next row id backup:1000001000.
10-28 15:16:03.728  2633  2744 D UstadCache: OKHttp-CacheInterceptor:  MISS(invalid) https://oer.kaisipan.org/v2/Site/verify
10-28 15:16:03.730  2633  2744 D UstadCache: OKHttp-CacheInterceptor:  newCacheAndStoreResponse: GET https://oer.kaisipan.org/v2/Site/verify 200 ()
10-28 15:16:03.730  2633  2744 V UstadCache: OKHttp-CacheInterceptor:  https://oer.kaisipan.org/v2/Site/verify MISS(invalid) can store/update 200  (contentType=application/json; charset=UTF-8, content-encoding=null content-length=177)
10-28 15:16:03.732  2542  2559 I System.out: 0 Flags,FrameTimelineVsyncId,IntendedVsync,Vsync,InputEventId,HandleInputStart,AnimationStart,PerformTraversalsStart,DrawStart,FrameDeadline,FrameInterval,FrameStartTime,SyncQueued,SyncStart,IssueDrawCommandsStart,SwapBuffers,FrameCompleted,DequeueBufferDuration,QueueBufferDuration,GpuCompleted,SwapBuffersCompleted,DisplayPresentTime,CommandSubmissionCompleted,
10-28 15:16:03.732  2542  2559 I System.out: 1 1,17026,570450340213,570450340213,0,570455847668,570455847898,570455848038,570474198533,570467006879,570455846218,16666666,570474804853,570475081063,570475115213,570475204033,570482567845,1210,88290,570482567845,570475670063,-2,570475204033,
10-28 15:16:03.732  2542  2559 I System.out: 2 0,17069,570467006879,570467006879,0,570477655884,570477656134,570481410895,570481426245,570500340211,570477654884,16666666,570482025265,570482054135,570482083705,570482164645,570483804315,2070,92570,570483804315,570482595985,570487923666,570482164645,
10-28 15:16:03.732  2542  2559 I System.out: 3 0,17105,570483673545,570483673545,0,570484414735,570484415065,570513535414,570513559414,570517006877,570484412985,16666666,570521219176,570522522626,570522566576,570522634366,570523501876,2940,349170,570523470356,570523501876,521852997067,570522634366,
10-28 15:16:03.732  2542  2559 I System.out: 4 0,17148,570500340211,570517006877,0,570524268527,570524268847,570532776879,570532801989,570550340209,570524267447,16666666,570543723132,570543779602,570543831042,570544033542,570548804003,1420,74220,570548804003,570544596462,521885890706,570544033542,
10-28 15:16:03.732  2542  2559 I System.out: 5 0,17227,570533673543,570533673543,0,570545177632,570545177932,570546874723,570546895103,570567006875,570545176382,16666666,570547722503,570547745113,570547779793,570548364133,570554485845,5646702,62780,570550457774,570554485845,521904873392,570548364133,
10-28 15:16:03.732  2542  2559 I System.out: 6 0,17263,570550340209,570550340209,0,570550528174,570550528594,570552886065,570552914015,570567006875,570550526804,16666666,570554740005,570554760545,570554796095,570556265375,521903951841,15048894,88710,521890254358,570572001480,521918133925,570556265375,
10-28 15:16:03.732  2542  2559 D UiDevice: Waiting 10000ms for SearchCondition[hasObject=BySelector [TEXT='\QGet Started\E']].
10-28 15:16:03.732  2542  2559 D UiDevice: Searching for node with selector: BySelector [TEXT='\QGet Started\E'].
10-28 15:16:03.734  2633  2754 D UstadCache: UstadCache(): storerequest 1 entries
10-28 15:16:03.734  2633  2754 V UstadCache: UstadCache(): copied request data for https://oer.kaisipan.org/v2/Site/verify to /data/user/0/org.kaisipan.mobile/files/httpfiles/tmpwork/13.tmp (integrity=sha256-+Gj5X+R/uXuHkt8sVDRb99IojGPQMF8H9XLmkpGzlgU=)
10-28 15:16:03.734  2633  2754 V UstadCache: UstadCache(): cacheEntries created 1 entries
10-28 15:16:03.735  2633  2754 D UstadCache: UstadCache(): deleting 1 tmp files
10-28 15:16:03.735  2633  2754 D UstadCache: UstadCache(): db transaction completed
10-28 15:16:03.856   424   463 W TransactionTracing: Could not find layer handle 0x70693503e510
10-28 15:16:03.856   424   463 W TransactionTracing: Could not find layer handle 0x706935039710
10-28 15:16:03.856   424   463 W TransactionTracing: Could not find layer handle 0x70693503e510
10-28 15:16:03.887   424   463 W TransactionTracing: Could not find layer handle 0x7069350399b0
10-28 15:16:03.887   424   463 W TransactionTracing: Could not find layer handle 0x706935040490
10-28 15:16:03.887   424   463 W TransactionTracing: Could not find layer handle 0x7069350380f0
10-28 15:16:03.887   424   463 W TransactionTracing: Could not find layer handle 0x70693503fe30
10-28 15:16:03.887   424   463 W TransactionTracing: Could not find layer handle 0x7069350381b0
10-28 15:16:03.907   584  1871 W InputManager-JNI: Input channel object 'c5a3c53 Splash Screen org.kaisipan.mobile (client)' was disposed without first being removed with the input manager!
10-28 15:16:03.937   424   463 W TransactionTracing: Could not find layer handle 0x70693503c650
10-28 15:16:03.938  1339  1339 W FrameTracker: Missed SF frame:PREDICTION_ERROR, 16990, 8163477, CUJ=J<LAUNCHER_APP_CLOSE_TO_HOME>
10-28 15:16:03.938  1339  1339 W FrameTracker: Missed SF frame:PREDICTION_ERROR, 17141, 6175361, CUJ=J<LAUNCHER_APP_CLOSE_TO_HOME>
10-28 15:16:03.938  1339  1339 W FrameTracker: Missed SF frame:PREDICTION_ERROR, 17328, 3688873, CUJ=J<LAUNCHER_APP_CLOSE_TO_HOME>
10-28 15:16:03.938  1339  1339 W FrameTracker: Missed SF frame:PREDICTION_ERROR, 17400, 7653011, CUJ=J<LAUNCHER_APP_CLOSE_TO_HOME>
10-28 15:16:03.938  1339  1339 W FrameTracker: Missed SF frame:PREDICTION_ERROR, 17436, 5232709, CUJ=J<LAUNCHER_APP_CLOSE_TO_HOME>
10-28 15:16:03.938  1339  1339 W FrameTracker: Missed SF frame:PREDICTION_ERROR, 17472, 4197108, CUJ=J<LAUNCHER_APP_CLOSE_TO_HOME>
10-28 15:16:03.938  1339  1339 W FrameTracker: Missed SF frame:PREDICTION_ERROR, 17508, 3721166, CUJ=J<LAUNCHER_APP_CLOSE_TO_HOME>
10-28 15:16:03.938  1339  1339 W FrameTracker: Missed SF frame:PREDICTION_ERROR, 17537, 5173855, CUJ=J<LAUNCHER_APP_CLOSE_TO_HOME>
10-28 15:16:03.938  1339  1339 W FrameTracker: Missing SF jank callback for vsyncId: 17566, CUJ=J<LAUNCHER_APP_CLOSE_TO_HOME>
10-28 15:16:03.939  1339  1698 V PerfettoTrigger: Not triggering com.android.telemetry.interaction-jank-monitor-9 - not enough time since last trigger
10-28 15:16:03.957   862   918 W FrameTracker: Missed SF frame:PREDICTION_ERROR, 17134, 0, CUJ=J<SPLASHSCREEN_EXIT_ANIM>
10-28 15:16:03.957   862   918 W FrameTracker: Missing HWUI jank callback for vsyncId: 17134, CUJ=J<SPLASHSCREEN_EXIT_ANIM>
10-28 15:16:03.957   862   918 W FrameTracker: Missed SF frame:PREDICTION_ERROR, 17249, 5337536, CUJ=J<SPLASHSCREEN_EXIT_ANIM>
10-28 15:16:03.957   862   918 W FrameTracker: Missing HWUI jank callback for vsyncId: 17321, CUJ=J<SPLASHSCREEN_EXIT_ANIM>
10-28 15:16:03.957   862   918 W FrameTracker: Missed SF frame:PREDICTION_ERROR, 17357, 4296952, CUJ=J<SPLASHSCREEN_EXIT_ANIM>
10-28 15:16:03.957   862   918 W FrameTracker: Missing HWUI jank callback for vsyncId: 17393, CUJ=J<SPLASHSCREEN_EXIT_ANIM>
10-28 15:16:03.957   862   918 W FrameTracker: Missed SF frame:PREDICTION_ERROR, 17429, 5239999, CUJ=J<SPLASHSCREEN_EXIT_ANIM>
10-28 15:16:03.957   862   918 W FrameTracker: Missed SF frame:PREDICTION_ERROR, 17465, 9135409, CUJ=J<SPLASHSCREEN_EXIT_ANIM>
10-28 15:16:03.957   862   918 W FrameTracker: Missed SF frame:PREDICTION_ERROR, 17501, 4746097, CUJ=J<SPLASHSCREEN_EXIT_ANIM>
10-28 15:16:03.957   862   918 W FrameTracker: Missed SF frame:PREDICTION_ERROR, 17588, 4475642, CUJ=J<SPLASHSCREEN_EXIT_ANIM>
10-28 15:16:03.957   862   918 W FrameTracker: Missed SF frame:PREDICTION_ERROR, 17617, 5087721, CUJ=J<SPLASHSCREEN_EXIT_ANIM>
10-28 15:16:03.957   862   918 W FrameTracker: Missing HWUI jank callback for vsyncId: 17653, CUJ=J<SPLASHSCREEN_EXIT_ANIM>
10-28 15:16:03.957   862   907 V PerfettoTrigger: Not triggering com.android.telemetry.interaction-jank-monitor-39 - not enough time since last trigger
10-28 15:16:04.087   424   463 W TransactionTracing: Could not find layer handle 0x706935039950
10-28 15:16:04.087   424   463 W TransactionTracing: Could not find layer handle 0x70693503ee70
10-28 15:16:04.087   424   463 W TransactionTracing: Could not find layer handle 0x706935039950
10-28 15:16:04.087   424   463 W TransactionTracing: Could not find layer handle 0x70693503b930
10-28 15:16:04.087   424   463 W TransactionTracing: Could not find layer handle 0x70693503b930
10-28 15:16:04.223  2542  2559 D UiDevice: Searching for node with selector: BySelector [TEXT='\QGet Started\E'].
10-28 15:16:04.815  2542  2559 D UiDevice: Searching for node with selector: BySelector [TEXT='\QGet Started\E'].
10-28 15:16:04.918  2542  2559 D UiDevice: Searching for node with selector: BySelector [TEXT='\QGet Started\E'].
10-28 15:16:05.021  2542  2559 D UiDevice: Searching for node with selector: BySelector [TEXT='\QGet Started\E'].
10-28 15:16:05.123  2542  2559 D UiDevice: Searching for node with selector: BySelector [TEXT='\QGet Started\E'].
10-28 15:16:05.226  2542  2559 D UiDevice: Searching for node with selector: BySelector [TEXT='\QGet Started\E'].
10-28 15:16:05.328  2542  2559 D UiDevice: Searching for node with selector: BySelector [TEXT='\QGet Started\E'].
10-28 15:16:05.431  2542  2559 D UiDevice: Searching for node with selector: BySelector [TEXT='\QGet Started\E'].
10-28 15:16:05.533  2542  2559 D UiDevice: Searching for node with selector: BySelector [TEXT='\QGet Started\E'].
10-28 15:16:05.636  2542  2559 D UiDevice: Searching for node with selector: BySelector [TEXT='\QGet Started\E'].
10-28 15:16:05.738  2542  2559 D UiDevice: Searching for node with selector: BySelector [TEXT='\QGet Started\E'].
10-28 15:16:05.841  2542  2559 D UiDevice: Searching for node with selector: BySelector [TEXT='\QGet Started\E'].
10-28 15:16:05.943  2542  2559 D UiDevice: Searching for node with selector: BySelector [TEXT='\QGet Started\E'].
10-28 15:16:06.046  2542  2559 D UiDevice: Searching for node with selector: BySelector [TEXT='\QGet Started\E'].
10-28 15:16:06.149  2542  2559 D UiDevice: Searching for node with selector: BySelector [TEXT='\QGet Started\E'].
10-28 15:16:06.252  2542  2559 D UiDevice: Searching for node with selector: BySelector [TEXT='\QGet Started\E'].
10-28 15:16:06.354  2542  2559 D UiDevice: Searching for node with selector: BySelector [TEXT='\QGet Started\E'].
10-28 15:16:06.457  2542  2559 D UiDevice: Searching for node with selector: BySelector [TEXT='\QGet Started\E'].
10-28 15:16:06.560  2542  2559 D UiDevice: Searching for node with selector: BySelector [TEXT='\QGet Started\E'].
10-28 15:16:06.662  2542  2559 D UiDevice: Searching for node with selector: BySelector [TEXT='\QGet Started\E'].
10-28 15:16:06.765  2542  2559 D UiDevice: Searching for node with selector: BySelector [TEXT='\QGet Started\E'].
10-28 15:16:06.868  2542  2559 D UiDevice: Searching for node with selector: BySelector [TEXT='\QGet Started\E'].
10-28 15:16:06.971  2542  2559 D UiDevice: Searching for node with selector: BySelector [TEXT='\QGet Started\E'].
10-28 15:16:07.073  2542  2559 D UiDevice: Searching for node with selector: BySelector [TEXT='\QGet Started\E'].
10-28 15:16:07.176  2542  2559 D UiDevice: Searching for node with selector: BySelector [TEXT='\QGet Started\E'].
10-28 15:16:07.279  2542  2559 D UiDevice: Searching for node with selector: BySelector [TEXT='\QGet Started\E'].
10-28 15:16:07.382  2542  2559 D UiDevice: Searching for node with selector: BySelector [TEXT='\QGet Started\E'].
10-28 15:16:07.485  2542  2559 D UiDevice: Searching for node with selector: BySelector [TEXT='\QGet Started\E'].
10-28 15:16:07.588  2542  2559 D UiDevice: Searching for node with selector: BySelector [TEXT='\QGet Started\E'].
10-28 15:16:07.691  2542  2559 D UiDevice: Searching for node with selector: BySelector [TEXT='\QGet Started\E'].
10-28 15:16:07.794  2542  2559 D UiDevice: Searching for node with selector: BySelector [TEXT='\QGet Started\E'].
10-28 15:16:07.897  2542  2559 D UiDevice: Searching for node with selector: BySelector [TEXT='\QGet Started\E'].
10-28 15:16:08.000  2542  2559 D UiDevice: Searching for node with selector: BySelector [TEXT='\QGet Started\E'].
10-28 15:16:08.103  2542  2559 D UiDevice: Searching for node with selector: BySelector [TEXT='\QGet Started\E'].
10-28 15:16:08.206  2542  2559 D UiDevice: Searching for node with selector: BySelector [TEXT='\QGet Started\E'].
10-28 15:16:08.309  2542  2559 D UiDevice: Searching for node with selector: BySelector [TEXT='\QGet Started\E'].
10-28 15:16:08.412  2542  2559 D UiDevice: Searching for node with selector: BySelector [TEXT='\QGet Started\E'].
10-28 15:16:08.515  2542  2559 D UiDevice: Searching for node with selector: BySelector [TEXT='\QGet Started\E'].
10-28 15:16:08.618  2542  2559 D UiDevice: Searching for node with selector: BySelector [TEXT='\QGet Started\E'].
10-28 15:16:08.721  2542  2559 D UiDevice: Searching for node with selector: BySelector [TEXT='\QGet Started\E'].
10-28 15:16:08.824  2542  2559 D UiDevice: Searching for node with selector: BySelector [TEXT='\QGet Started\E'].
10-28 15:16:08.927  2542  2559 D UiDevice: Searching for node with selector: BySelector [TEXT='\QGet Started\E'].
10-28 15:16:09.029  2542  2559 D UiDevice: Searching for node with selector: BySelector [TEXT='\QGet Started\E'].
10-28 15:16:09.132  2542  2559 D UiDevice: Searching for node with selector: BySelector [TEXT='\QGet Started\E'].
10-28 15:16:09.234  2542  2559 D UiDevice: Searching for node with selector: BySelector [TEXT='\QGet Started\E'].
10-28 15:16:09.337  2542  2559 D UiDevice: Searching for node with selector: BySelector [TEXT='\QGet Started\E'].
10-28 15:16:09.440  2542  2559 D UiDevice: Searching for node with selector: BySelector [TEXT='\QGet Started\E'].
10-28 15:16:09.559  2542  2559 D UiDevice: Searching for node with selector: BySelector [TEXT='\QGet Started\E'].
10-28 15:16:09.677  2542  2559 D UiDevice: Searching for node with selector: BySelector [TEXT='\QGet Started\E'].
10-28 15:16:09.791  2542  2559 D UiDevice: Searching for node with selector: BySelector [TEXT='\QGet Started\E'].
10-28 15:16:09.912  2542  2559 D UiDevice: Searching for node with selector: BySelector [TEXT='\QGet Started\E'].
10-28 15:16:10.017  2542  2559 D UiDevice: Searching for node with selector: BySelector [TEXT='\QGet Started\E'].
10-28 15:16:10.120  2542  2559 D UiDevice: Searching for node with selector: BySelector [TEXT='\QGet Started\E'].
10-28 15:16:10.224  2542  2559 D UiDevice: Searching for node with selector: BySelector [TEXT='\QGet Started\E'].
10-28 15:16:10.328  2542  2559 D UiDevice: Searching for node with selector: BySelector [TEXT='\QGet Started\E'].
10-28 15:16:10.432  2542  2559 D UiDevice: Searching for node with selector: BySelector [TEXT='\QGet Started\E'].
10-28 15:16:10.536  2542  2559 D UiDevice: Searching for node with selector: BySelector [TEXT='\QGet Started\E'].
10-28 15:16:10.639  2542  2559 D UiDevice: Searching for node with selector: BySelector [TEXT='\QGet Started\E'].
10-28 15:16:10.743  2542  2559 D UiDevice: Searching for node with selector: BySelector [TEXT='\QGet Started\E'].
10-28 15:16:10.847  2542  2559 D UiDevice: Searching for node with selector: BySelector [TEXT='\QGet Started\E'].
10-28 15:16:10.950  2542  2559 D UiDevice: Searching for node with selector: BySelector [TEXT='\QGet Started\E'].
10-28 15:16:11.053  2542  2559 D UiDevice: Searching for node with selector: BySelector [TEXT='\QGet Started\E'].
10-28 15:16:11.158  2542  2559 D UiDevice: Searching for node with selector: BySelector [TEXT='\QGet Started\E'].
10-28 15:16:11.262  2542  2559 D UiDevice: Searching for node with selector: BySelector [TEXT='\QGet Started\E'].
10-28 15:16:11.366  2542  2559 D UiDevice: Searching for node with selector: BySelector [TEXT='\QGet Started\E'].
10-28 15:16:11.470  2542  2559 D UiDevice: Searching for node with selector: BySelector [TEXT='\QGet Started\E'].
10-28 15:16:11.574  2542  2559 D UiDevice: Searching for node with selector: BySelector [TEXT='\QGet Started\E'].
10-28 15:16:11.677  2542  2559 D UiDevice: Searching for node with selector: BySelector [TEXT='\QGet Started\E'].
10-28 15:16:11.781  2542  2559 D UiDevice: Searching for node with selector: BySelector [TEXT='\QGet Started\E'].
10-28 15:16:11.885  2542  2559 D UiDevice: Searching for node with selector: BySelector [TEXT='\QGet Started\E'].
10-28 15:16:11.990  2542  2559 D UiDevice: Searching for node with selector: BySelector [TEXT='\QGet Started\E'].
10-28 15:16:12.093  2542  2559 D UiDevice: Searching for node with selector: BySelector [TEXT='\QGet Started\E'].
10-28 15:16:12.197  2542  2559 D UiDevice: Searching for node with selector: BySelector [TEXT='\QGet Started\E'].
10-28 15:16:12.300  2542  2559 D UiDevice: Searching for node with selector: BySelector [TEXT='\QGet Started\E'].
10-28 15:16:12.404  2542  2559 D UiDevice: Searching for node with selector: BySelector [TEXT='\QGet Started\E'].
10-28 15:16:12.508  2542  2559 D UiDevice: Searching for node with selector: BySelector [TEXT='\QGet Started\E'].
10-28 15:16:12.611  2542  2559 D UiDevice: Searching for node with selector: BySelector [TEXT='\QGet Started\E'].
10-28 15:16:12.715  2542  2559 D UiDevice: Searching for node with selector: BySelector [TEXT='\QGet Started\E'].
10-28 15:16:12.819  2542  2559 D UiDevice: Searching for node with selector: BySelector [TEXT='\QGet Started\E'].
10-28 15:16:12.922  2542  2559 D UiDevice: Searching for node with selector: BySelector [TEXT='\QGet Started\E'].
10-28 15:16:13.026  2542  2559 D UiDevice: Searching for node with selector: BySelector [TEXT='\QGet Started\E'].
10-28 15:16:13.130  2542  2559 D UiDevice: Searching for node with selector: BySelector [TEXT='\QGet Started\E'].
10-28 15:16:13.233  2542  2559 D UiDevice: Searching for node with selector: BySelector [TEXT='\QGet Started\E'].
10-28 15:16:13.337  2542  2559 D UiDevice: Searching for node with selector: BySelector [TEXT='\QGet Started\E'].
10-28 15:16:13.441  2542  2559 D UiDevice: Searching for node with selector: BySelector [TEXT='\QGet Started\E'].
10-28 15:16:13.544  2542  2559 D UiDevice: Searching for node with selector: BySelector [TEXT='\QGet Started\E'].
10-28 15:16:13.647  2542  2559 D UiDevice: Searching for node with selector: BySelector [TEXT='\QGet Started\E'].
10-28 15:16:13.751  2542  2559 D UiDevice: Searching for node with selector: BySelector [TEXT='\QGet Started\E'].
10-28 15:16:14.755  2542  2559 D UiDevice: Retrieving node with selector: BySelector [TEXT='\QGet Started\E'].
10-28 15:16:14.759  2542  2559 D UiDevice: Node not found with selector: BySelector [TEXT='\QGet Started\E'].
10-28 15:16:15.430  2633  2701 D UstadCache: CacheTrimmer:  Trim cache run: max (evictable) size = 100000000 bytes
10-28 15:16:15.432  2633  2701 V UstadCache: CacheTrimmer:  deleting
10-28 15:16:19.759  2542  2559 D Benchmark: Profile Installer - Save Profile
10-28 15:16:19.792  2633  2633 I Process : Sending signal. PID: 2633 SIG: 10
10-28 15:16:19.792  2633  2633 D ProfileInstaller:
10-28 15:16:19.792  2633  2638 I kaisipan.mobile: Thread[3,tid=2638,WaitingInMainSignalCatcherLoop,Thread*=0x736948fad6f0,peer=0x13902078,"Signal Catcher"]: reacting to signal 10
10-28 15:16:19.792  2633  2638 I kaisipan.mobile:
10-28 15:16:19.792  2633  2638 I kaisipan.mobile: SIGUSR1 forcing GC (no HPROF) and profile save
10-28 15:16:19.844  2633  2638 I kaisipan.mobile: Explicit concurrent copying GC freed 186995(7180KB) AllocSpace objects, 11(292KB) LOS objects, 49% free, 7948KB/15MB, paused 47us,27us total 51.808ms
10-28 15:16:19.849  2633  2644 W System  : A resource failed to call close.
10-28 15:16:20.295  2542  2559 D Benchmark: Killing process org.kaisipan.mobile
10-28 15:16:20.295  2542  2559 D UiDevice: Executing shell command: killall org.kaisipan.mobile
10-28 15:16:20.322  1493  1680 W MediaProvider: isAppCloneUserPair for user 0: false
10-28 15:16:20.324  1493  1680 V MediaProvider: Inserted id:1000000097 less than next row id backup:1000001000.
10-28 15:16:20.373   584  1871 I PackageDexOptimizer: Running dexopt (dexoptNeeded=-3) on: /data/app/~~EFLmwlxs6fLx-EpFxvJ9lg==/org.kaisipan.mobile-TVisp_8JWhaVjfznyxZtdQ==/base.apk pkg=org.kaisipan.mobile isa=x86_64 dexoptFlags=boot_complete,profile_guided,force,enable_hidden_api_checks targetFilter=speed-profile oatDir=/data/app/~~EFLmwlxs6fLx-EpFxvJ9lg==/org.kaisipan.mobile-TVisp_8JWhaVjfznyxZtdQ==/oat classLoaderContext=PCL[]{PCL[/system_ext/framework/androidx.window.extensions.jar]#PCL[/system_ext/framework/androidx.window.sidecar.jar]}
10-28 15:16:20.375   489   515 V installd: DexInv: --- BEGIN '/data/app/~~EFLmwlxs6fLx-EpFxvJ9lg==/org.kaisipan.mobile-TVisp_8JWhaVjfznyxZtdQ==/base.apk' ---
10-28 15:16:20.375   489   515 V installd: Running /apex/com.android.art/bin/dex2oat64 in=base.apk out=/data/app/~~EFLmwlxs6fLx-EpFxvJ9lg==/org.kaisipan.mobile-TVisp_8JWhaVjfznyxZtdQ==/oat/x86_64/base.odex
10-28 15:16:20.392  4139  4139 W dex2oat64: Unexpected CPU variant for x86: x86_64.
10-28 15:16:20.392  4139  4139 W dex2oat64: Known variants: atom, sandybridge, silvermont, kabylake, default
10-28 15:16:20.393  4139  4139 W dex2oat64: Mismatch between dex2oat instruction set features to use (ISA: X86_64 Feature string: -ssse3,-sse4.1,-sse4.2,-avx,-avx2,-popcnt) and those from CPP defines (ISA: X86_64 Feature string: ssse3,sse4.1,sse4.2,-avx,-avx2,popcnt) for the command line:
10-28 15:16:20.393  4139  4139 W dex2oat64: /apex/com.android.art/bin/dex2oat64 --zip-fd=8 --zip-location=base.apk --oat-fd=9 --oat-location=/data/app/~~EFLmwlxs6fLx-EpFxvJ9lg==/org.kaisipan.mobile-TVisp_8JWhaVjfznyxZtdQ==/oat/x86_64/base.odex --input-vdex-fd=11 --output-vdex-fd=10 --app-image-fd=14 --image-format=lz4 --profile-file-fd=13 --swap-fd=12 --classpath-dir=/data/app/~~EFLmwlxs6fLx-EpFxvJ9lg==/org.kaisipan.mobile-TVisp_8JWhaVjfznyxZtdQ== --class-loader-context=PCL[]{PCL[/system_ext/framework/androidx.window.extensions.jar]#PCL[/system_ext/framework/androidx.window.sidecar.jar]} --instruction-set=x86_64 --instruction-set-features=default --instruction-set-variant=x86_64 --compiler-filter=speed-profile --compilation-reason=cmdline --max-image-block-size=524288 --resolve-startup-const-strings=true --generate-mini-debug-info --runtime-arg -Xtarget-sdk-version:34 --runtime-arg -Xhidden-api-policy:enabled --runtime-arg -Xms64m --runtime-arg -Xmx512m
