10-28 15:11:33.183   584  1871 W system_server: Long monitor contention with owner android.anim (608) at void com.android.server.wm.WindowSurfacePlacer$Traverser.run()(WindowSurfacePlacer.java:58) waiters=1 in void com.android.server.wm.WindowManagerService.reportKeepClearAreasChanged(com.android.server.wm.Session, android.view.IWindow, java.util.List, java.util.List) for 141ms
10-28 15:11:33.186   584   947 W system_server: Long monitor contention with owner android.anim (608) at void com.android.server.wm.WindowSurfacePlacer$Traverser.run()(WindowSurfacePlacer.java:58) waiters=3 in android.app.ActivityTaskManager$RootTaskInfo com.android.server.wm.ActivityTaskManagerService.getFocusedRootTaskInfo() for 139ms
10-28 15:11:33.301  2542  2559 I System.out: 0 Flags,FrameTimelineVsyncId,IntendedVsync,Vsync,InputEventId,HandleInputStart,AnimationStart,PerformTraversalsStart,DrawStart,FrameDeadline,FrameInterval,FrameStartTime,SyncQueued,SyncStart,IssueDrawCommandsStart,SwapBuffers,FrameCompleted,DequeueBufferDuration,QueueBufferDuration,GpuCompleted,SwapBuffersCompleted,DisplayPresentTime,CommandSubmissionCompleted,
10-28 15:11:33.301  2542  2559 I System.out: 1 1,2529,282050351749,282050351749,0,282052077299,282052078229,282052078379,282628369989,282067018415,282052073219,16666666,282637042271,282640466672,282642138242,282642956243,282782052261,3230,256780,282781999821,282782052261,282800438196,282642956243,
10-28 15:11:33.301  2542  2559 I System.out: 2 0,2551,282067018415,282800351719,0,282815990131,282815990751,282842014938,282842082978,282800351719,282815916681,16666666,282843781958,282843833698,282843865378,282843987099,282845913599,4320,779170,282845835779,282845913599,282853595521,282843987099,
10-28 15:11:33.301  2542  2559 I System.out: 3 0,2814,282850351717,282850351717,0,282862954894,282862955364,282964073752,282964111242,282867018383,282862952374,16666666,283016729486,283016788807,283016854147,283016952117,283018687857,3380,163030,283018340187,283018687857,283039927543,283016952117,
10-28 15:11:33.301  2542  2559 I System.out: 4 0,2836,282867018383,283017018377,0,283022728378,283022729048,283043722894,283043752694,283050351709,283022725358,16666666,283047145495,283050185066,283050239826,283050328416,283051019766,2520,229340,283050986176,283051019766,283070444011,283050328416,
10-28 15:11:33.301  2542  2559 I System.out: 5 0,2926,283033685043,283050351709,0,283052988287,283052988917,283055913187,283055941867,283083685041,283052985177,16666666,283066717460,283066754630,283066859760,283752748481,283987635356,8670,9282852,283987449906,283987635356,284021848326,283752748481,
10-28 15:11:33.301  2542  2559 I System.out: 6 0,2934,283067018375,283100351707,0,283106253841,283106254161,283116836364,283116870114,284017018337,283106252611,16666666,283120037855,283988070936,284003784081,284004435261,284022616616,17162595,170400,284021847736,284022616616,284035934640,284004435261,
10-28 15:11:33.301  2542  2559 I System.out: 7 0,2949,283117018373,284000351671,0,284006172881,284006173281,284030811668,284030852768,284050351669,284006118271,16666666,284048104473,284048192033,284048332163,284048933613,284079440082,3100,140290,284079440082,284050020443,284081282732,284048933613,
10-28 15:11:33.301  2542  2559 I System.out: 8 0,3205,284033685003,284067018335,0,284068507869,284068508769,284078035601,284087479014,284100351667,284068505259,16666666,284087694714,284087770734,284087828314,284098680967,284101333158,5520,1595351,284101281698,284101333158,284127382585,284098680967,
10-28 15:11:33.301  2542  2559 I System.out: 9 0,3223,285250351621,285250351621,-427568181,285255564368,285255565368,285289449988,285293560889,285267018287,285255559428,16666666,285295355389,285295404049,285295469269,285363202388,285687322478,3780,207940,285687204988,285687322478,285717449897,285363202388,
10-28 15:11:33.302  2542  2559 I System.out: 10 0,3230,285300351619,285300351619,0,285307975093,285307975903,285531412615,285531451875,285717018269,285307972113,16666666,285573938197,285696140161,285696258711,285696356851,285721565188,13528414,11253993,285707955004,285721565188,285738507773,285696356851,
10-28 15:11:33.302  2542  2559 I System.out: 11 0,3237,285333684951,285700351603,0,285711009355,285711010015,285756508298,285756536138,285733684935,285711006455,16666666,285774157712,285774209162,285774253152,285779466614,285859619436,3560,1309030,285859562556,285859619436,285873298210,285779466614,
10-28 15:11:33.302  2542  2559 I System.out: 12 0,3245,285700351603,285767018267,0,285774355872,285774356062,285781550744,285781575004,285883684929,285774354942,16666666,285783462795,285859695376,285859784216,285935230987,285936891058,2980,210370,285936854428,285936891058,285955865833,285935230987,
10-28 15:11:33.302  2542  2559 I System.out: 13 0,3281,285783684933,285850351597,0,285860890716,285860891036,285864438787,285864471197,285967018259,285860889566,16666666,285865881908,285936968598,285937033958,285938403838,285956213963,15638844,156930,285950515591,285956213963,285973752798,285938403838,
10-28 15:11:33.302  2542  2559 I System.out: 14 0,3296,285867018263,285933684927,0,285944838280,285944839150,285991027943,285991075653,285983684925,285944829060,16666666,286010187118,286010286508,286010351138,286083395408,286154820338,2850,194030,286154820338,286150842117,286169077812,286083395408,
10-28 15:11:33.302  2542  2559 I System.out: 15 0,3311,285950351593,286000351591,0,286013347299,286013348279,286019325491,286019357971,286183684917,286013343889,16666666,286021114761,286150896957,286150957337,286152116597,286169173242,14278824,241880,286154833728,286169173242,286185700317,286152116597,
10-28 15:11:33.302  2542  2559 I System.out: 16 0,3319,286017018257,286150351585,0,286154172938,286154173688,286160557160,286160596460,286200351583,286154170478,16666666,286161440560,286169231472,286169304942,286169745222,286186031477,14746484,207360,286171222673,286186031477,286202545221,286169745222,
10-28 15:11:33.302  2542  2559 I System.out: 17 0,3327,286167018251,286167018251,0,286173222653,286173223453,286177729025,286177769885,286217018249,286173219583,16666666,286179344785,286186085457,286186144157,286186590927,286202867031,12224283,3098351,286190574778,286202867031,286219071906,286186590927,
10-28 15:11:33.302  2542  2559 I System.out: 18 0,3335,286183684917,286183684917,0,286187103037,286187103817,286194681699,286194721749,286233684915,286187100397,16666666,286195781280,286202950512,286203005432,286203421912,286219390866,14279494,201310,286205055082,286219390866,286235812671,286203421912,
10-28 15:11:33.302  2542  2559 I System.out: 19 0,3343,286200351583,286200351583,0,286205403362,286205404122,286209326083,286209351603,286250351581,286205400602,16666666,286210600154,286219469496,286219527166,286219947796,286236137581,13608704,222790,286222463667,286236137581,286252584805,286219947796,
10-28 15:11:33.302  2542  2559 I System.out: 20 0,3351,286217018249,286217018249,0,286221094977,286221095487,286225694878,286225722048,286267018247,286221092507,16666666,286226878638,286236193581,286236271931,286236731741,286252907585,14443134,216270,286238398671,286252907585,286269383210,286236731741,
10-28 15:11:33.303  2542  2559 I System.out: 21 0,3359,286233684915,286233684915,0,286236949711,286236950011,286240662402,286240688642,286283684913,286236948361,16666666,286241712932,286252961175,286253021355,286254436166,286269774060,13651424,222050,286256062996,286269774060,286285735275,286254436166,
10-28 15:11:33.303  2542  2559 I System.out: 22 0,3367,286250351581,286250351581,0,286253603296,286253603616,286257071207,286257098037,286300351579,286253602346,16666666,286258166667,286269824970,286269877320,286270401240,286286094275,13519314,249070,286272520031,286286094275,404207962255247,286270401240,
10-28 15:11:33.303  2542  2559 I System.out: 23 0,3375,286267018247,286267018247,0,286270747940,286270748310,286275689362,286275715122,286317018245,286270746560,16666666,286276748842,286286139725,286286195645,286286611665,286302721819,14080274,188620,286288579005,286302721819,511835547750779,286286611665,
10-28 15:11:33.303  2542  2559 I System.out: 24 0,3383,286283684913,286283684913,0,286286774625,286286775115,286292469826,286292499326,286333684911,286286773215,16666666,286293606077,286302774419,286302828629,286303278389,286319188684,13926164,208880,286305207030,286319188684,517599393863336,286303278389,
10-28 15:11:33.303  2542  2559 I System.out: 25 0,3391,286300351579,286300351579,0,286303447779,286303448099,286310648761,286310676011,286350351577,286303446719,16666666,286311900152,286319241464,286319308744,286319713594,286336067938,15328054,184650,286320679794,286336067938,527950265049126,286319713594,
10-28 15:11:33.304  2542  2559 D Benchmark: Starting activity with command: am start  -W "intent:#Intent;action=android.intent.action.MAIN;category=android.intent.category.LAUNCHER;launchFlags=0x10008000;package=org.kaisipan.mobile;component=org.kaisipan.mobile/com.ustadmobile.port.android.view.AppActivity;end"
10-28 15:11:33.318  1493  1676 W MediaProvider: isAppCloneUserPair for user 0: false
10-28 15:11:33.321  1493  1676 V MediaProvider: Inserted id:1000000029 less than next row id backup:1000001000.
10-28 15:11:33.410   862   919 D SplashScreenView: Build android.window.SplashScreenView{34a6f2b V.E...... ......ID 0,0-0,0}
10-28 15:11:33.410   862   919 D SplashScreenView: Icon: view: null drawable: null size: 0
10-28 15:11:33.410   862   919 D SplashScreenView: Branding: view: android.view.View{ad29f88 G.ED..... ......I. 0,0-0,0 #10204db android:id/splashscreen_branding_view} drawable: null size w: 0 h: 0
10-28 15:11:33.441  2633  2633 D AppActivity$onDestroy: AppActivity#onDestroy
10-28 15:11:33.461   584   856 W InputManager-JNI: Input channel object 'f376153 org.kaisipan.mobile/com.ustadmobile.port.android.view.AppActivity (client)' was disposed without first being removed with the input manager!
10-28 15:11:33.530   862  1304 W Parcel  : Expecting binder but got null!
10-28 15:11:33.578  2633  2633 W CustomTabsClient: Unable to find any Custom Tabs packages, you may need to add a <queries> element to your manifest. See the docs for CustomTabsClient#getPackageName.
10-28 15:11:33.578  2633  2633 W AppActivity$bindCustomTabsService: CustomTabs: Service NOT supported
10-28 15:11:33.603  2633  2633 D AutofillManager: Fill dialog is enabled:false, hints=[]
10-28 15:11:33.619  2633  2633 W OnBackInvokedCallback: OnBackInvokedCallback is not enabled for the application.
10-28 15:11:33.619  2633  2633 W OnBackInvokedCallback: Set 'android:enableOnBackInvokedCallback="true"' in the application manifest.
10-28 15:11:33.646   584  1871 D ConnectivityService: requestNetwork for uid/pid:10126/2633 activeRequest: null callbackRequest: 46 [NetworkRequest [ REQUEST id=47, [ Capabilities: INTERNET&NOT_RESTRICTED&TRUSTED&NOT_VCN_MANAGED Uid: 10126 RequestorUid: 10126 RequestorPkg: org.kaisipan.mobile UnderlyingNetworks: Null] ]] callback flags: 0 order: 2147483647
10-28 15:11:33.648   584   808 D ConnectivityService: NetReassign [47 : null → 100]
10-28 15:11:33.649   584   801 D WifiNetworkFactory: got request NetworkRequest [ REQUEST id=47, [ Capabilities: INTERNET&NOT_RESTRICTED&TRUSTED&NOT_VCN_MANAGED Uid: 10126 RequestorUid: 10126 RequestorPkg: org.kaisipan.mobile UnderlyingNetworks: Null] ]
10-28 15:11:33.649   584   801 D UntrustedWifiNetworkFactory: got request NetworkRequest [ REQUEST id=47, [ Capabilities: INTERNET&NOT_RESTRICTED&TRUSTED&NOT_VCN_MANAGED Uid: 10126 RequestorUid: 10126 RequestorPkg: org.kaisipan.mobile UnderlyingNetworks: Null] ]
10-28 15:11:33.649   584   801 D OemPaidWifiNetworkFactory: got request NetworkRequest [ REQUEST id=47, [ Capabilities: INTERNET&NOT_RESTRICTED&TRUSTED&NOT_VCN_MANAGED Uid: 10126 RequestorUid: 10126 RequestorPkg: org.kaisipan.mobile UnderlyingNetworks: Null] ]
10-28 15:11:33.649   584   801 D MultiInternetWifiNetworkFactory: got request NetworkRequest [ REQUEST id=47, [ Capabilities: INTERNET&NOT_RESTRICTED&TRUSTED&NOT_VCN_MANAGED Uid: 10126 RequestorUid: 10126 RequestorPkg: org.kaisipan.mobile UnderlyingNetworks: Null] ]
10-28 15:11:33.695   862  1304 D EGL_emulation: app_time_stats: avg=127.30ms min=3.48ms max=741.15ms count=9
10-28 15:11:33.697  2633  2690 W Parcel  : Expecting binder but got null!
10-28 15:11:33.712   424   463 W TransactionTracing: Could not find layer handle 0x706935037730
10-28 15:11:33.716   584   604 I ActivityTaskManager: Displayed org.kaisipan.mobile/com.ustadmobile.port.android.view.AppActivity: +313ms
10-28 15:11:33.748  2633  2633 D UstadViewModelFunKt$ustadViewModel$viewModel$invoke: ustadViewModel(): create viewmodel for: com.ustadmobile.core.viewmodel.redirect.RedirectViewModel
10-28 15:11:33.749  2633  2633 I System.out: com.ustadmobile.core.db.UmAppDatabase_DoorWrapper@229d481
10-28 15:11:33.749  1339  1339 W FrameTracker: Missed SF frame:UNKNOWN: 80, 3613, 314881384, CUJ=J<LAUNCHER_APP_CLOSE_TO_HOME>
10-28 15:11:33.749  1339  1339 W FrameTracker: Missing SF jank callback for vsyncId: 3628, CUJ=J<LAUNCHER_APP_CLOSE_TO_HOME>
10-28 15:11:33.749  1339  1339 W FrameTracker: Missed App frame:UNKNOWN: 88, 3745, 167923817, CUJ=J<LAUNCHER_APP_CLOSE_TO_HOME>
10-28 15:11:33.749  1339  1339 W FrameTracker: Missed SF frame:UNKNOWN: 88, 3745, 167923817, CUJ=J<LAUNCHER_APP_CLOSE_TO_HOME>
10-28 15:11:33.749  1339  1339 W FrameTracker: Missed SF frame:UNKNOWN: 80, 3760, 165467705, CUJ=J<LAUNCHER_APP_CLOSE_TO_HOME>
10-28 15:11:33.750  1339  1698 V PerfettoTrigger: Triggering /system/bin/trigger_perfetto com.android.telemetry.interaction-jank-monitor-9
10-28 15:11:33.763  2542  2559 D Benchmark: Result: Starting: Intent { act=android.intent.action.MAIN cat=[android.intent.category.LAUNCHER] flg=0x10008000 pkg=org.kaisipan.mobile cmp=org.kaisipan.mobile/com.ustadmobile.port.android.view.AppActivity }
10-28 15:11:33.763  2542  2559 D Benchmark: Status: ok
10-28 15:11:33.763  2542  2559 D Benchmark: LaunchState: WARM
10-28 15:11:33.763  2542  2559 D Benchmark: Activity: org.kaisipan.mobile/com.ustadmobile.port.android.view.AppActivity
10-28 15:11:33.763  2542  2559 D Benchmark: TotalTime: 313
10-28 15:11:33.763  2542  2559 D Benchmark: WaitTime: 315
10-28 15:11:33.763  2542  2559 D Benchmark: Complete
10-28 15:11:33.767  2633  2633 D UstadNavControllerPreCompose$onCollectNavCommand: NavCommandEffect: Navigate: Go to Login
10-28 15:11:33.775   424   463 W TransactionTracing: Could not find layer handle 0x706935038d50
10-28 15:11:33.800  2633  2633 D UstadViewModelFunKt$ustadViewModel$viewModel$invoke: ustadViewModel(): create viewmodel for: com.ustadmobile.core.viewmodel.login.LoginViewModel
10-28 15:11:33.803  1493  2742 W MediaProvider: isAppCloneUserPair for user 0: false
10-28 15:11:33.804  1493  2742 V MediaProvider: Inserted id:1000000030 less than next row id backup:1000001000.
10-28 15:11:33.819  2633  2744 V UstadCache: OKHttp-CacheInterceptor:  intercept: GET https://oer.kaisipan.org/v2/Site/verify
10-28 15:11:33.819  2633  2744 I UstadCache: UstadCache(): Retrieve https://oer.kaisipan.org/v2/Site/verify
10-28 15:11:33.826  2633  2744 D UstadCache: UstadCache(): FOUND https://oer.kaisipan.org/v2/Site/verify
10-28 15:11:33.839   424   463 W TransactionTracing: Could not find layer handle 0x706935038cf0
10-28 15:11:33.840   424   463 W TransactionTracing: Could not find layer handle 0x706935038450
10-28 15:11:33.841   424   463 W TransactionTracing: Could not find layer handle 0x706935033590
10-28 15:11:33.841   424   463 W TransactionTracing: Could not find layer handle 0x706935038270
10-28 15:11:33.841   424   463 W TransactionTracing: Could not find layer handle 0x706935037eb0
10-28 15:11:33.862   424   463 W TransactionTracing: Could not find layer handle 0x706935037df0
10-28 15:11:33.866  2633  2744 D TrafficStats: tagSocket(98) with statsTag=0xffffffff, statsUid=-1
10-28 15:11:33.898   584  2865 D HostConnection: HostComposition ext ANDROID_EMU_CHECKSUM_HELPER_v1 ANDROID_EMU_native_sync_v2 ANDROID_EMU_dma_v1 ANDROID_EMU_direct_mem ANDROID_EMU_host_composition_v1 ANDROID_EMU_host_composition_v2 ANDROID_EMU_vulkan ANDROID_EMU_deferred_vulkan_commands ANDROID_EMU_vulkan_null_optional_strings ANDROID_EMU_vulkan_create_resources_with_requirements ANDROID_EMU_YUV_Cache ANDROID_EMU_vulkan_ignored_handles ANDROID_EMU_has_shared_slots_host_memory_allocator ANDROID_EMU_vulkan_free_memory_sync ANDROID_EMU_vulkan_shader_float16_int8 ANDROID_EMU_vulkan_async_queue_submit ANDROID_EMU_vulkan_queue_submit_with_commands ANDROID_EMU_vulkan_batched_descriptor_set_update ANDROID_EMU_sync_buffer_data ANDROID_EMU_vulkan_async_qsri ANDROID_EMU_read_color_buffer_dma ANDROID_EMU_hwc_multi_configs GL_OES_EGL_image_external_essl3 GL_OES_vertex_array_object GL_KHR_texture_compression_astc_ldr ANDROID_EMU_host_side_tracing ANDROID_EMU_gles_max_version_3_0
10-28 15:11:33.899   584  2865 W OpenGLRenderer: Failed to initialize 101010-2 format, error = EGL_SUCCESS
10-28 15:11:33.901   584  2865 D EGL_emulation: eglCreateContext: 0x736868fbce50: maj 3 min 0 rcv 3
10-28 15:11:33.909   584  2865 D EGL_emulation: eglMakeCurrent: 0x736868fbce50: ver 3 0 (tinfo 0x736a89da5100) (first time)
10-28 15:11:33.987  2633  2744 D UstadCache: OKHttp-CacheInterceptor:  MISS(invalid) https://oer.kaisipan.org/v2/Site/verify
10-28 15:11:33.987  2633  2744 D UstadCache: OKHttp-CacheInterceptor:  newCacheAndStoreResponse: GET https://oer.kaisipan.org/v2/Site/verify 200 ()
10-28 15:11:33.995  2633  2744 V UstadCache: OKHttp-CacheInterceptor:  https://oer.kaisipan.org/v2/Site/verify MISS(invalid) can store/update 200  (contentType=application/json; charset=UTF-8, content-encoding=null content-length=177)
10-28 15:11:34.025  2633  2754 D UstadCache: UstadCache(): storerequest 1 entries
10-28 15:11:34.026  2633  2754 V UstadCache: UstadCache(): copied request data for https://oer.kaisipan.org/v2/Site/verify to /data/user/0/org.kaisipan.mobile/files/httpfiles/tmpwork/2.tmp (integrity=sha256-+Gj5X+R/uXuHkt8sVDRb99IojGPQMF8H9XLmkpGzlgU=)
10-28 15:11:34.027  2633  2754 V UstadCache: UstadCache(): cacheEntries created 1 entries
10-28 15:11:34.028  2633  2754 D UstadCache: UstadCache(): deleting 1 tmp files
10-28 15:11:34.032  2633  2754 D UstadCache: UstadCache(): db transaction completed
10-28 15:11:34.080   584   942 W InputManager-JNI: Input channel object '36f672f Splash Screen org.kaisipan.mobile (client)' was disposed without first being removed with the input manager!
10-28 15:11:34.089  2542  2559 I System.out: 0 Flags,FrameTimelineVsyncId,IntendedVsync,Vsync,InputEventId,HandleInputStart,AnimationStart,PerformTraversalsStart,DrawStart,FrameDeadline,FrameInterval,FrameStartTime,SyncQueued,SyncStart,IssueDrawCommandsStart,SwapBuffers,FrameCompleted,DequeueBufferDuration,QueueBufferDuration,GpuCompleted,SwapBuffersCompleted,DisplayPresentTime,CommandSubmissionCompleted,
10-28 15:11:34.089  2542  2559 I System.out: 1 1,3818,300450351013,300450351013,0,300461696962,300461697752,300461697952,300553536948,300467017679,300461693882,16666666,300554951268,300559451199,300559564549,300559938629,300568266532,225550,153680,300568266532,300560904150,288234774265332736,300559938629,
10-28 15:11:34.089  2542  2559 I System.out: 2 0,3826,300467017679,300583684341,0,300594218559,300594218969,300617494845,300617523385,300600351007,300594214449,16666666,300618949846,300618969376,300619003706,300619131426,300623105427,5440,2855291,300622857307,300623105427,288234774265332736,300619131426,
10-28 15:11:34.089  2542  2559 I System.out: 3 0,4030,300617017673,300633684339,0,300638194271,300638194651,300750663772,300750699872,300650351005,300638190781,16666666,300773032219,300773808439,300773878329,300773986969,300800479876,2910,410031,300800479876,300794456285,288234774265332736,300773986969,
10-28 15:11:34.089  2542  2559 I System.out: 4 0,4074,300650351005,300767017667,0,300779775940,300779776350,300822535332,300822569192,300667017671,300779773370,16666666,300851815660,300851903041,300851988251,300856851012,288234774265332736,2630,208700,288234774265332736,300858246522,288234774265332736,300856851012,
10-28 15:11:34.092  2542  2559 D UiDevice: Waiting 10000ms for SearchCondition[hasObject=BySelector [TEXT='\QGet Started\E']].
10-28 15:11:34.093  2542  2559 D UiDevice: Searching for node with selector: BySelector [TEXT='\QGet Started\E'].
10-28 15:11:34.136   862   918 W FrameTracker: Missed App frame:UNKNOWN: 24, 3922, 0, CUJ=J<SPLASHSCREEN_EXIT_ANIM>
10-28 15:11:34.136   862   918 W FrameTracker: Missed SF frame:UNKNOWN: 24, 3922, 0, CUJ=J<SPLASHSCREEN_EXIT_ANIM>
10-28 15:11:34.136   862   918 W FrameTracker: Missing HWUI jank callback for vsyncId: 3922, CUJ=J<SPLASHSCREEN_EXIT_ANIM>
10-28 15:11:34.136   862   918 W FrameTracker: Missed SF frame:UNKNOWN: 80, 3973, 29600252, CUJ=J<SPLASHSCREEN_EXIT_ANIM>
10-28 15:11:34.136   862   918 W FrameTracker: Missed SF frame:UNKNOWN: 80, 4009, 30242381, CUJ=J<SPLASHSCREEN_EXIT_ANIM>
10-28 15:11:34.136   862   918 W FrameTracker: Missed SF frame:UNKNOWN: 80, 4038, 28934219, CUJ=J<SPLASHSCREEN_EXIT_ANIM>
10-28 15:11:34.136   862   918 W FrameTracker: Missed SF frame:UNKNOWN: 80, 4067, 21406315, CUJ=J<SPLASHSCREEN_EXIT_ANIM>
10-28 15:11:34.136   862   918 W FrameTracker: Missed SF frame:UNKNOWN: 80, 4096, 27701356, CUJ=J<SPLASHSCREEN_EXIT_ANIM>
10-28 15:11:34.136   862   918 W FrameTracker: Missed SF frame:UNKNOWN: 80, 4122, 21213903, CUJ=J<SPLASHSCREEN_EXIT_ANIM>
10-28 15:11:34.136   862   918 W FrameTracker: Missed SF frame:UNKNOWN: 80, 4140, 19423551, CUJ=J<SPLASHSCREEN_EXIT_ANIM>
10-28 15:11:34.136   862   918 W FrameTracker: Missed SF frame:UNKNOWN: 80, 4176, 20371430, CUJ=J<SPLASHSCREEN_EXIT_ANIM>
10-28 15:11:34.136   862   918 W FrameTracker: Missed SF frame:UNKNOWN: 80, 4198, 20734628, CUJ=J<SPLASHSCREEN_EXIT_ANIM>
10-28 15:11:34.136   862   918 W FrameTracker: Missed SF frame:UNKNOWN: 80, 4227, 34237291, CUJ=J<SPLASHSCREEN_EXIT_ANIM>
10-28 15:11:34.136   862   918 W FrameTracker: Missed App frame:UNKNOWN: 88, 4235, 146233521, CUJ=J<SPLASHSCREEN_EXIT_ANIM>
10-28 15:11:34.136   862   918 W FrameTracker: Missed SF frame:UNKNOWN: 88, 4235, 146233521, CUJ=J<SPLASHSCREEN_EXIT_ANIM>
10-28 15:11:34.136   862   907 V PerfettoTrigger: Triggering /system/bin/trigger_perfetto com.android.telemetry.interaction-jank-monitor-39
10-28 15:11:34.296   424   463 W TransactionTracing: Could not find layer handle 0x706935036950
10-28 15:11:34.297   424   463 W TransactionTracing: Could not find layer handle 0x7069350382d0
10-28 15:11:34.297   424   463 W TransactionTracing: Could not find layer handle 0x706935036a10
10-28 15:11:34.297   424   463 W TransactionTracing: Could not find layer handle 0x706935036a10
10-28 15:11:34.297   424   463 W TransactionTracing: Could not find layer handle 0x7069350382d0
10-28 15:11:34.794  2633  2690 D EGL_emulation: app_time_stats: avg=132.80ms min=7.23ms max=371.50ms count=8
10-28 15:11:34.916  2542  2559 D UiDevice: Searching for node with selector: BySelector [TEXT='\QGet Started\E'].
10-28 15:11:35.551  2542  2559 D UiDevice: Searching for node with selector: BySelector [TEXT='\QGet Started\E'].
10-28 15:11:35.659  2542  2559 D UiDevice: Searching for node with selector: BySelector [TEXT='\QGet Started\E'].
10-28 15:11:35.788  2542  2559 D UiDevice: Searching for node with selector: BySelector [TEXT='\QGet Started\E'].
10-28 15:11:35.894  2542  2559 D UiDevice: Searching for node with selector: BySelector [TEXT='\QGet Started\E'].
10-28 15:11:36.004  2542  2559 D UiDevice: Searching for node with selector: BySelector [TEXT='\QGet Started\E'].
10-28 15:11:36.110  2542  2559 D UiDevice: Searching for node with selector: BySelector [TEXT='\QGet Started\E'].
10-28 15:11:36.218  2542  2559 D UiDevice: Searching for node with selector: BySelector [TEXT='\QGet Started\E'].
10-28 15:11:36.322  2542  2559 D UiDevice: Searching for node with selector: BySelector [TEXT='\QGet Started\E'].
10-28 15:11:36.429  2542  2559 D UiDevice: Searching for node with selector: BySelector [TEXT='\QGet Started\E'].
10-28 15:11:36.534  2542  2559 D UiDevice: Searching for node with selector: BySelector [TEXT='\QGet Started\E'].
10-28 15:11:36.640  2542  2559 D UiDevice: Searching for node with selector: BySelector [TEXT='\QGet Started\E'].
10-28 15:11:36.745  2542  2559 D UiDevice: Searching for node with selector: BySelector [TEXT='\QGet Started\E'].
10-28 15:11:36.849  2542  2559 D UiDevice: Searching for node with selector: BySelector [TEXT='\QGet Started\E'].
10-28 15:11:36.954  2542  2559 D UiDevice: Searching for node with selector: BySelector [TEXT='\QGet Started\E'].
10-28 15:11:37.059  2542  2559 D UiDevice: Searching for node with selector: BySelector [TEXT='\QGet Started\E'].
10-28 15:11:37.164  2542  2559 D UiDevice: Searching for node with selector: BySelector [TEXT='\QGet Started\E'].
10-28 15:11:37.269  2542  2559 D UiDevice: Searching for node with selector: BySelector [TEXT='\QGet Started\E'].
10-28 15:11:37.374  2542  2559 D UiDevice: Searching for node with selector: BySelector [TEXT='\QGet Started\E'].
10-28 15:11:37.480  2542  2559 D UiDevice: Searching for node with selector: BySelector [TEXT='\QGet Started\E'].
10-28 15:11:37.585  2542  2559 D UiDevice: Searching for node with selector: BySelector [TEXT='\QGet Started\E'].
10-28 15:11:37.689  2542  2559 D UiDevice: Searching for node with selector: BySelector [TEXT='\QGet Started\E'].
10-28 15:11:37.794  2542  2559 D UiDevice: Searching for node with selector: BySelector [TEXT='\QGet Started\E'].
10-28 15:11:37.900  2542  2559 D UiDevice: Searching for node with selector: BySelector [TEXT='\QGet Started\E'].
10-28 15:11:38.005  2542  2559 D UiDevice: Searching for node with selector: BySelector [TEXT='\QGet Started\E'].
10-28 15:11:38.109  2542  2559 D UiDevice: Searching for node with selector: BySelector [TEXT='\QGet Started\E'].
10-28 15:11:38.215  2542  2559 D UiDevice: Searching for node with selector: BySelector [TEXT='\QGet Started\E'].
10-28 15:11:38.320  2542  2559 D UiDevice: Searching for node with selector: BySelector [TEXT='\QGet Started\E'].
10-28 15:11:38.425  2542  2559 D UiDevice: Searching for node with selector: BySelector [TEXT='\QGet Started\E'].
10-28 15:11:38.530  2542  2559 D UiDevice: Searching for node with selector: BySelector [TEXT='\QGet Started\E'].
10-28 15:11:38.635  2542  2559 D UiDevice: Searching for node with selector: BySelector [TEXT='\QGet Started\E'].
10-28 15:11:38.739  2542  2559 D UiDevice: Searching for node with selector: BySelector [TEXT='\QGet Started\E'].
10-28 15:11:38.844  2542  2559 D UiDevice: Searching for node with selector: BySelector [TEXT='\QGet Started\E'].
10-28 15:11:38.948  2542  2559 D UiDevice: Searching for node with selector: BySelector [TEXT='\QGet Started\E'].
10-28 15:11:39.053  2542  2559 D UiDevice: Searching for node with selector: BySelector [TEXT='\QGet Started\E'].
10-28 15:11:39.158  2542  2559 D UiDevice: Searching for node with selector: BySelector [TEXT='\QGet Started\E'].
10-28 15:11:39.263  2542  2559 D UiDevice: Searching for node with selector: BySelector [TEXT='\QGet Started\E'].
10-28 15:11:39.368  2542  2559 D UiDevice: Searching for node with selector: BySelector [TEXT='\QGet Started\E'].
10-28 15:11:39.472  2542  2559 D UiDevice: Searching for node with selector: BySelector [TEXT='\QGet Started\E'].
10-28 15:11:39.576  2542  2559 D UiDevice: Searching for node with selector: BySelector [TEXT='\QGet Started\E'].
10-28 15:11:39.681  2542  2559 D UiDevice: Searching for node with selector: BySelector [TEXT='\QGet Started\E'].
10-28 15:11:39.786  2542  2559 D UiDevice: Searching for node with selector: BySelector [TEXT='\QGet Started\E'].
10-28 15:11:39.890  2542  2559 D UiDevice: Searching for node with selector: BySelector [TEXT='\QGet Started\E'].
10-28 15:11:39.995  2542  2559 D UiDevice: Searching for node with selector: BySelector [TEXT='\QGet Started\E'].
10-28 15:11:40.100  2542  2559 D UiDevice: Searching for node with selector: BySelector [TEXT='\QGet Started\E'].
10-28 15:11:40.204  2542  2559 D UiDevice: Searching for node with selector: BySelector [TEXT='\QGet Started\E'].
10-28 15:11:40.308  2542  2559 D UiDevice: Searching for node with selector: BySelector [TEXT='\QGet Started\E'].
10-28 15:11:40.413  2542  2559 D UiDevice: Searching for node with selector: BySelector [TEXT='\QGet Started\E'].
10-28 15:11:40.517  2542  2559 D UiDevice: Searching for node with selector: BySelector [TEXT='\QGet Started\E'].
10-28 15:11:40.623  2542  2559 D UiDevice: Searching for node with selector: BySelector [TEXT='\QGet Started\E'].
10-28 15:11:40.727  2542  2559 D UiDevice: Searching for node with selector: BySelector [TEXT='\QGet Started\E'].
10-28 15:11:40.832  2542  2559 D UiDevice: Searching for node with selector: BySelector [TEXT='\QGet Started\E'].
10-28 15:11:40.940  2542  2559 D UiDevice: Searching for node with selector: BySelector [TEXT='\QGet Started\E'].
10-28 15:11:41.045  2542  2559 D UiDevice: Searching for node with selector: BySelector [TEXT='\QGet Started\E'].
10-28 15:11:41.151  2542  2559 D UiDevice: Searching for node with selector: BySelector [TEXT='\QGet Started\E'].
10-28 15:11:41.256  2542  2559 D UiDevice: Searching for node with selector: BySelector [TEXT='\QGet Started\E'].
10-28 15:11:41.360  2542  2559 D UiDevice: Searching for node with selector: BySelector [TEXT='\QGet Started\E'].
10-28 15:11:41.465  2542  2559 D UiDevice: Searching for node with selector: BySelector [TEXT='\QGet Started\E'].
10-28 15:11:41.570  2542  2559 D UiDevice: Searching for node with selector: BySelector [TEXT='\QGet Started\E'].
10-28 15:11:41.674  2542  2559 D UiDevice: Searching for node with selector: BySelector [TEXT='\QGet Started\E'].
10-28 15:11:41.779  2542  2559 D UiDevice: Searching for node with selector: BySelector [TEXT='\QGet Started\E'].
10-28 15:11:41.883  2542  2559 D UiDevice: Searching for node with selector: BySelector [TEXT='\QGet Started\E'].
10-28 15:11:41.989  2542  2559 D UiDevice: Searching for node with selector: BySelector [TEXT='\QGet Started\E'].
10-28 15:11:42.094  2542  2559 D UiDevice: Searching for node with selector: BySelector [TEXT='\QGet Started\E'].
10-28 15:11:42.198  2542  2559 D UiDevice: Searching for node with selector: BySelector [TEXT='\QGet Started\E'].
10-28 15:11:42.302  2542  2559 D UiDevice: Searching for node with selector: BySelector [TEXT='\QGet Started\E'].
10-28 15:11:42.408  2542  2559 D UiDevice: Searching for node with selector: BySelector [TEXT='\QGet Started\E'].
10-28 15:11:42.512  2542  2559 D UiDevice: Searching for node with selector: BySelector [TEXT='\QGet Started\E'].
10-28 15:11:42.617  2542  2559 D UiDevice: Searching for node with selector: BySelector [TEXT='\QGet Started\E'].
10-28 15:11:42.721  2542  2559 D UiDevice: Searching for node with selector: BySelector [TEXT='\QGet Started\E'].
10-28 15:11:42.825  2542  2559 D UiDevice: Searching for node with selector: BySelector [TEXT='\QGet Started\E'].
10-28 15:11:42.930  2542  2559 D UiDevice: Searching for node with selector: BySelector [TEXT='\QGet Started\E'].
10-28 15:11:43.034  2542  2559 D UiDevice: Searching for node with selector: BySelector [TEXT='\QGet Started\E'].
10-28 15:11:43.138  2542  2559 D UiDevice: Searching for node with selector: BySelector [TEXT='\QGet Started\E'].
10-28 15:11:43.244  2542  2559 D UiDevice: Searching for node with selector: BySelector [TEXT='\QGet Started\E'].
10-28 15:11:43.355  2542  2559 D UiDevice: Searching for node with selector: BySelector [TEXT='\QGet Started\E'].
10-28 15:11:43.460  2542  2559 D UiDevice: Searching for node with selector: BySelector [TEXT='\QGet Started\E'].
10-28 15:11:43.565  2542  2559 D UiDevice: Searching for node with selector: BySelector [TEXT='\QGet Started\E'].
10-28 15:11:43.670  2542  2559 D UiDevice: Searching for node with selector: BySelector [TEXT='\QGet Started\E'].
10-28 15:11:43.774  2542  2559 D UiDevice: Searching for node with selector: BySelector [TEXT='\QGet Started\E'].
10-28 15:11:43.878  2542  2559 D UiDevice: Searching for node with selector: BySelector [TEXT='\QGet Started\E'].
10-28 15:11:43.982  2542  2559 D UiDevice: Searching for node with selector: BySelector [TEXT='\QGet Started\E'].
10-28 15:11:44.086  2542  2559 D UiDevice: Searching for node with selector: BySelector [TEXT='\QGet Started\E'].
10-28 15:11:44.190  2542  2559 D UiDevice: Searching for node with selector: BySelector [TEXT='\QGet Started\E'].
10-28 15:11:45.195  2542  2559 D UiDevice: Retrieving node with selector: BySelector [TEXT='\QGet Started\E'].
10-28 15:11:45.199  2542  2559 D UiDevice: Node not found with selector: BySelector [TEXT='\QGet Started\E'].
10-28 15:11:45.417  2633  2653 D UstadCache: CacheTrimmer:  Trim cache run: max (evictable) size = 100000000 bytes
10-28 15:11:45.417  2633  2653 V UstadCache: CacheTrimmer:  deleting
10-28 15:11:50.199  2542  2559 D Benchmark: Profile Installer - Save Profile
10-28 15:11:50.217  2633  2633 I Process : Sending signal. PID: 2633 SIG: 10
10-28 15:11:50.217  2633  2633 D ProfileInstaller:
10-28 15:11:50.218  2633  2638 I kaisipan.mobile: Thread[3,tid=2638,WaitingInMainSignalCatcherLoop,Thread*=0x736948fad6f0,peer=0x14404140,"Signal Catcher"]: reacting to signal 10
10-28 15:11:50.218  2633  2638 I kaisipan.mobile:
10-28 15:11:50.218  2633  2638 I kaisipan.mobile: SIGUSR1 forcing GC (no HPROF) and profile save
10-28 15:11:50.237  2633  2638 W kaisipan.mobile: Cleared Reference was only reachable from finalizer (only reported once)
10-28 15:11:50.239  2633  2638 I kaisipan.mobile: Explicit concurrent copying GC freed 93363(3854KB) AllocSpace objects, 9(360KB) LOS objects, 49% free, 8211KB/16MB, paused 21us,10us total 20.821ms
10-28 15:11:50.240  2633  2644 W System  : A resource failed to call close.
10-28 15:11:50.719  2542  2559 D Benchmark: Killing process org.kaisipan.mobile
10-28 15:11:50.719  2542  2559 D UiDevice: Executing shell command: killall org.kaisipan.mobile
10-28 15:11:50.733  1493  1676 W MediaProvider: isAppCloneUserPair for user 0: false
10-28 15:11:50.733  1493  1676 V MediaProvider: Inserted id:1000000031 less than next row id backup:1000001000.
10-28 15:11:50.766   584   947 I PackageDexOptimizer: Running dexopt (dexoptNeeded=-3) on: /data/app/~~EFLmwlxs6fLx-EpFxvJ9lg==/org.kaisipan.mobile-TVisp_8JWhaVjfznyxZtdQ==/base.apk pkg=org.kaisipan.mobile isa=x86_64 dexoptFlags=boot_complete,profile_guided,force,enable_hidden_api_checks targetFilter=speed-profile oatDir=/data/app/~~EFLmwlxs6fLx-EpFxvJ9lg==/org.kaisipan.mobile-TVisp_8JWhaVjfznyxZtdQ==/oat classLoaderContext=PCL[]{PCL[/system_ext/framework/androidx.window.extensions.jar]#PCL[/system_ext/framework/androidx.window.sidecar.jar]}
10-28 15:11:50.767   489   515 V installd: DexInv: --- BEGIN '/data/app/~~EFLmwlxs6fLx-EpFxvJ9lg==/org.kaisipan.mobile-TVisp_8JWhaVjfznyxZtdQ==/base.apk' ---
10-28 15:11:50.767   489   515 V installd: Running /apex/com.android.art/bin/dex2oat64 in=base.apk out=/data/app/~~EFLmwlxs6fLx-EpFxvJ9lg==/org.kaisipan.mobile-TVisp_8JWhaVjfznyxZtdQ==/oat/x86_64/base.odex
10-28 15:11:50.778  2893  2893 W dex2oat64: Unexpected CPU variant for x86: x86_64.
10-28 15:11:50.778  2893  2893 W dex2oat64: Known variants: atom, sandybridge, silvermont, kabylake, default
10-28 15:11:50.779  2893  2893 W dex2oat64: Mismatch between dex2oat instruction set features to use (ISA: X86_64 Feature string: -ssse3,-sse4.1,-sse4.2,-avx,-avx2,-popcnt) and those from CPP defines (ISA: X86_64 Feature string: ssse3,sse4.1,sse4.2,-avx,-avx2,popcnt) for the command line:
10-28 15:11:50.779  2893  2893 W dex2oat64: /apex/com.android.art/bin/dex2oat64 --zip-fd=8 --zip-location=base.apk --oat-fd=9 --oat-location=/data/app/~~EFLmwlxs6fLx-EpFxvJ9lg==/org.kaisipan.mobile-TVisp_8JWhaVjfznyxZtdQ==/oat/x86_64/base.odex --input-vdex-fd=11 --output-vdex-fd=10 --app-image-fd=14 --image-format=lz4 --profile-file-fd=13 --swap-fd=12 --classpath-dir=/data/app/~~EFLmwlxs6fLx-EpFxvJ9lg==/org.kaisipan.mobile-TVisp_8JWhaVjfznyxZtdQ== --class-loader-context=PCL[]{PCL[/system_ext/framework/androidx.window.extensions.jar]#PCL[/system_ext/framework/androidx.window.sidecar.jar]} --instruction-set=x86_64 --instruction-set-features=default --instruction-set-variant=x86_64 --compiler-filter=speed-profile --compilation-reason=cmdline --max-image-block-size=524288 --resolve-startup-const-strings=true --generate-mini-debug-info --runtime-arg -Xtarget-sdk-version:34 --runtime-arg -Xhidden-api-policy:enabled --runtime-arg -Xms64m --runtime-arg -Xmx512m
10-28 15:11:50.782  2893  2893 I dex2oat64: /apex/com.android.art/bin/dex2oat64 --input-vdex-fd=11 --output-vdex-fd=10 --profile-file-fd=13 --classpath-dir=/data/app/~~EFLmwlxs6fLx-EpFxvJ9lg==/org.kaisipan.mobile-TVisp_8JWhaVjfznyxZtdQ== --class-loader-context=PCL[]{PCL[/system_ext/framework/androidx.window.extensions.jar]#PCL[/system_ext/framework/androidx.window.sidecar.jar]} --compiler-filter=speed-profile --compilation-reason=cmdline --max-image-block-size=524288 --resolve-startup-const-strings=true --generate-mini-debug-info
10-28 15:11:55.661  2893  2895 W dex2oat64: Accessing hidden method Landroid/window/BackEvent;->getProgress()F (blocked, linking, denied)
10-28 15:11:55.663  2893  2895 W dex2oat64: Accessing hidden method Landroid/window/BackEvent;->getSwipeEdge()I (blocked, linking, denied)
10-28 15:11:55.663  2893  2895 W dex2oat64: Accessing hidden method Landroid/window/BackEvent;->getTouchX()F (blocked, linking, denied)
10-28 15:11:55.663  2893  2895 W dex2oat64: Accessing hidden method Landroid/window/BackEvent;->getTouchY()F (blocked, linking, denied)
10-28 15:11:55.905  2893  2896 W dex2oat64: Method java.lang.Object androidx.compose.runtime.snapshots.SnapshotStateMap.mutate(kotlin.jvm.functions.Function1) failed lock verification and will run slower.
10-28 15:11:55.905  2893  2896 W dex2oat64: Common causes for lock verification issues are non-optimized dex code
10-28 15:11:55.905  2893  2896 W dex2oat64: and incorrect proguard optimizations.
10-28 15:11:55.906  2893  2896 W dex2oat64: Method void androidx.compose.runtime.snapshots.SnapshotStateMap.update(kotlin.jvm.functions.Function1) failed lock verification and will run slower.
10-28 15:11:55.906  2893  2896 W dex2oat64: Method boolean androidx.compose.runtime.snapshots.SnapshotStateMap.removeIf$runtime_release(kotlin.jvm.functions.Function1) failed lock verification and will run slower.
10-28 15:11:55.923  2893  2895 W dex2oat64: Method boolean androidx.compose.runtime.snapshots.SnapshotStateList.conditionalUpdate(boolean, kotlin.jvm.functions.Function1) failed lock verification and will run slower.
10-28 15:11:55.924  2893  2895 W dex2oat64: Method boolean androidx.compose.runtime.snapshots.SnapshotStateList.conditionalUpdate$default(androidx.compose.runtime.snapshots.SnapshotStateList, boolean, kotlin.jvm.functions.Function1, int, java.lang.Object) failed lock verification and will run slower.
10-28 15:11:55.924  2893  2895 W dex2oat64: Method java.lang.Object androidx.compose.runtime.snapshots.SnapshotStateList.mutate(kotlin.jvm.functions.Function1) failed lock verification and will run slower.
10-28 15:11:55.924  2893  2895 W dex2oat64: Method void androidx.compose.runtime.snapshots.SnapshotStateList.update(boolean, kotlin.jvm.functions.Function1) failed lock verification and will run slower.
10-28 15:11:55.924  2893  2895 W dex2oat64: Method void androidx.compose.runtime.snapshots.SnapshotStateList.update$default(androidx.compose.runtime.snapshots.SnapshotStateList, boolean, kotlin.jvm.functions.Function1, int, java.lang.Object) failed lock verification and will run slower.
10-28 15:11:57.282  2893  2893 I dex2oat64: Explicit concurrent copying GC freed 197117(31MB) AllocSpace objects, 0(0B) LOS objects, 49% free, 2154KB/4309KB, paused 19us,2us total 8.020ms
10-28 15:11:57.607  2893  2893 I dex2oat64: dex2oat took 6.829s (10.380s cpu) (threads: 4) arena alloc=11MB (12390216B) java alloc=2154KB (2206680B) native alloc=22MB (23365744B) free=145MB (152763360B)
10-28 15:11:57.641   489   515 V installd: DexInv: --- END '/data/app/~~EFLmwlxs6fLx-EpFxvJ9lg==/org.kaisipan.mobile-TVisp_8JWhaVjfznyxZtdQ==/base.apk' (success) ---
10-28 15:11:57.712  1493  1676 W MediaProvider: isAppCloneUserPair for user 0: false
10-28 15:11:57.714  1493  1676 V MediaProvider: Inserted id:1000000032 less than next row id backup:1000001000.
10-28 15:11:58.130  2914  2914 W profman : profman took 374.984ms
10-28 15:11:58.151  1493  2742 W MediaProvider: isAppCloneUserPair for user 0: false
10-28 15:11:58.152  1493  2742 V MediaProvider: Inserted id:1000000033 less than next row id backup:1000001000.
10-28 15:11:58.254  1493  1676 I MediaProvider: Deleted 0 0 0 0 0 0 0 items on external_primary due to com.ustadmobile.app_android_baselineprofile
10-28 15:11:58.972  2542  2559 D Benchmark: Unstable profiles during iteration 2
10-28 15:11:58.972  2542  2559 D Benchmark: Killing package org.kaisipan.mobile
10-28 15:11:58.972  2542  2559 D Benchmark: Killing process org.kaisipan.mobile
10-28 15:11:58.972  2542  2559 D UiDevice: Executing shell command: killall org.kaisipan.mobile
10-28 15:11:58.988  2542  2559 D Benchmark: Compile iteration (3) for org.kaisipan.mobile
10-28 15:11:58.988  2542  2559 D UiDevice: Pressing home button.
10-28 15:11:59.014   862   862 V ShadeControllerImpl: NotificationShadeWindow: com.android.systemui.shade.NotificationShadeWindowView{86d7116 I.E...... ......ID 0,0-320,640} canPanelBeCollapsed(): false
10-28 15:11:59.018  1339  1339 D TaplTarget: Launcher.onNewIntent: Intent { act=android.intent.action.MAIN cat=[android.intent.category.HOME] flg=0x10400100 cmp=com.android.launcher3/.uioverrides.QuickstepLauncher (has extras) }
10-28 15:11:59.021   862   862 V ShadeControllerImpl: NotificationShadeWindow: com.android.systemui.shade.NotificationShadeWindowView{86d7116 I.E...... ......ID 0,0-320,640} canPanelBeCollapsed(): false
10-28 15:11:59.036   424   424 I BpBinder: onLastStrongRef automatically unlinking death recipients: <uncached descriptor>
10-28 15:11:59.061  1493  1680 W MediaProvider: isAppCloneUserPair for user 0: false
10-28 15:11:59.062  1493  1680 V MediaProvider: Inserted id:1000000034 less than next row id backup:1000001000.
10-28 15:11:59.065   862  1304 D EGL_emulation: app_time_stats: avg=1330.80ms min=2.89ms max=24593.38ms count=19
10-28 15:11:59.125  2542  2559 I System.out: 0 Flags,FrameTimelineVsyncId,IntendedVsync,Vsync,InputEventId,HandleInputStart,AnimationStart,PerformTraversalsStart,DrawStart,FrameDeadline,FrameInterval,FrameStartTime,SyncQueued,SyncStart,IssueDrawCommandsStart,SwapBuffers,FrameCompleted,DequeueBufferDuration,QueueBufferDuration,GpuCompleted,SwapBuffersCompleted,DisplayPresentTime,CommandSubmissionCompleted,
10-28 15:11:59.125  2542  2559 I System.out: 1 1,3818,300450351013,300450351013,0,300461696962,300461697752,300461697952,300553536948,300467017679,300461693882,16666666,300554951268,300559451199,300559564549,300559938629,300568266532,225550,153680,300568266532,300560904150,300575128284,300559938629,
10-28 15:11:59.125  2542  2559 I System.out: 2 0,3826,300467017679,300583684341,0,300594218559,300594218969,300617494845,300617523385,300600351007,300594214449,16666666,300618949846,300618969376,300619003706,300619131426,300623105427,5440,2855291,300622857307,300623105427,300638976361,300619131426,
10-28 15:11:59.125  2542  2559 I System.out: 3 0,4030,300617017673,300633684339,0,300638194271,300638194651,300750663772,300750699872,300650351005,300638190781,16666666,300773032219,300773808439,300773878329,300773986969,300800479876,2910,410031,300800479876,300794456285,300810021849,300773986969,
10-28 15:11:59.126  2542  2559 I System.out: 4 0,4074,300650351005,300767017667,0,300779775940,300779776350,300822535332,300822569192,300833684331,300779773370,16666666,300851815660,300851903041,300851988251,300856851012,300858246522,2630,208700,300858217772,300858246522,300878482018,300856851012,
10-28 15:11:59.126  2542  2559 I System.out: 5 0,4250,300783684333,300850350997,0,300865576334,300865577174,300874844287,300874887787,300883684329,300865572024,16666666,300893719862,300893757092,300893832622,300908653506,301215064031,2890,126960,301215064031,301207902379,301228276945,300908653506,
10-28 15:11:59.126  2542  2559 I System.out: 6 0,4266,300883684329,300950350993,0,300958334610,300958335400,301015640936,301015687696,301233684315,300958331250,16666666,301047933515,301207995119,301208899250,301211964151,301239717828,24093296,1566541,301215571472,301239717828,288234774265332736,301211964151,
10-28 15:11:59.126  2542  2559 I System.out: 7 0,4311,300967017659,301200350983,0,301215935812,301215936712,301255762853,301255810963,301250350981,301215931982,16666666,301266534976,301266619416,301266708436,301267297456,301270276467,2960,204950,301270276467,301268641996,288234774265332736,301267297456,
10-28 15:11:59.126  2542  2559 I System.out: 8 0,4449,301217017649,301267017647,0,301271695477,301271696247,301273462668,301273486368,301300350979,301271691557,16666666,301274116168,301274169298,301274225418,301274939708,301286442161,10530553,112690,301283980731,301286442161,288234774265332736,301274939708,
10-28 15:11:59.126  2542  2559 I System.out: 9 0,4520,301650350965,301650350965,0,301650604732,301650605392,301650605562,301651016092,301667017631,301650601002,16666666,301651205753,301651273783,301651338803,301656766834,301658015214,3120,146510,301657892364,301658015214,288234774265332736,301656766834,
10-28 15:11:59.126  2542  2559 D Benchmark: Starting activity with command: am start  -W "intent:#Intent;action=android.intent.action.MAIN;category=android.intent.category.LAUNCHER;launchFlags=0x10008000;package=org.kaisipan.mobile;component=org.kaisipan.mobile/com.ustadmobile.port.android.view.AppActivity;end"
10-28 15:11:59.129  1493  2742 W MediaProvider: isAppCloneUserPair for user 0: false
10-28 15:11:59.129  1493  2742 V MediaProvider: Inserted id:1000000035 less than next row id backup:1000001000.
10-28 15:11:59.161   862   919 D SplashScreenView: Build android.window.SplashScreenView{8178182 V.E...... ......ID 0,0-0,0}
10-28 15:11:59.161   862   919 D SplashScreenView: Icon: view: null drawable: null size: 0
10-28 15:11:59.161   862   919 D SplashScreenView: Branding: view: android.view.View{803f093 G.ED..... ......I. 0,0-0,0 #10204db android:id/splashscreen_branding_view} drawable: null size w: 0 h: 0
10-28 15:11:59.169  2633  2633 D AppActivity$onDestroy: AppActivity#onDestroy
10-28 15:11:59.175   584   856 W InputManager-JNI: Input channel object '4e78222 org.kaisipan.mobile/com.ustadmobile.port.android.view.AppActivity (client)' was disposed without first being removed with the input manager!
10-28 15:11:59.179   862  1304 W Parcel  : Expecting binder but got null!
10-28 15:11:59.184  2633  2633 W CustomTabsClient: Unable to find any Custom Tabs packages, you may need to add a <queries> element to your manifest. See the docs for CustomTabsClient#getPackageName.
10-28 15:11:59.184  2633  2633 W AppActivity$bindCustomTabsService: CustomTabs: Service NOT supported
10-28 15:11:59.195  2633  2633 D AutofillManager: Fill dialog is enabled:false, hints=[]
10-28 15:11:59.202  2633  2633 W OnBackInvokedCallback: OnBackInvokedCallback is not enabled for the application.
10-28 15:11:59.202  2633  2633 W OnBackInvokedCallback: Set 'android:enableOnBackInvokedCallback="true"' in the application manifest.
10-28 15:11:59.210   584   947 D ConnectivityService: requestNetwork for uid/pid:10126/2633 activeRequest: null callbackRequest: 48 [NetworkRequest [ REQUEST id=49, [ Capabilities: INTERNET&NOT_RESTRICTED&TRUSTED&NOT_VCN_MANAGED Uid: 10126 RequestorUid: 10126 RequestorPkg: org.kaisipan.mobile UnderlyingNetworks: Null] ]] callback flags: 0 order: 2147483647
10-28 15:11:59.211   584   808 D ConnectivityService: NetReassign [49 : null → 100]
10-28 15:11:59.211   584   801 D WifiNetworkFactory: got request NetworkRequest [ REQUEST id=49, [ Capabilities: INTERNET&NOT_RESTRICTED&TRUSTED&NOT_VCN_MANAGED Uid: 10126 RequestorUid: 10126 RequestorPkg: org.kaisipan.mobile UnderlyingNetworks: Null] ]
10-28 15:11:59.211   584   801 D UntrustedWifiNetworkFactory: got request NetworkRequest [ REQUEST id=49, [ Capabilities: INTERNET&NOT_RESTRICTED&TRUSTED&NOT_VCN_MANAGED Uid: 10126 RequestorUid: 10126 RequestorPkg: org.kaisipan.mobile UnderlyingNetworks: Null] ]
10-28 15:11:59.211   584   801 D OemPaidWifiNetworkFactory: got request NetworkRequest [ REQUEST id=49, [ Capabilities: INTERNET&NOT_RESTRICTED&TRUSTED&NOT_VCN_MANAGED Uid: 10126 RequestorUid: 10126 RequestorPkg: org.kaisipan.mobile UnderlyingNetworks: Null] ]
10-28 15:11:59.211   584   801 D MultiInternetWifiNetworkFactory: got request NetworkRequest [ REQUEST id=49, [ Capabilities: INTERNET&NOT_RESTRICTED&TRUSTED&NOT_VCN_MANAGED Uid: 10126 RequestorUid: 10126 RequestorPkg: org.kaisipan.mobile UnderlyingNetworks: Null] ]
10-28 15:11:59.225  2633  2690 W Parcel  : Expecting binder but got null!
10-28 15:11:59.228   584   604 I ActivityTaskManager: Displayed org.kaisipan.mobile/com.ustadmobile.port.android.view.AppActivity: +72ms
10-28 15:11:59.233  2633  2633 D UstadViewModelFunKt$ustadViewModel$viewModel$invoke: ustadViewModel(): create viewmodel for: com.ustadmobile.core.viewmodel.redirect.RedirectViewModel
10-28 15:11:59.234  2633  2633 I System.out: com.ustadmobile.core.db.UmAppDatabase_DoorWrapper@229d481
10-28 15:11:59.237   424   463 W TransactionTracing: Could not find layer handle 0x706935036a70
10-28 15:11:59.240  2633  2633 D UstadNavControllerPreCompose$onCollectNavCommand: NavCommandEffect: Navigate: Go to Login
10-28 15:11:59.249  2633  2633 D UstadViewModelFunKt$ustadViewModel$viewModel$invoke: ustadViewModel(): create viewmodel for: com.ustadmobile.core.viewmodel.login.LoginViewModel
