10-28 15:11:59.252  2542  2559 D Benchmark: Result: Starting: Intent { act=android.intent.action.MAIN cat=[android.intent.category.LAUNCHER] flg=0x10008000 pkg=org.kaisipan.mobile cmp=org.kaisipan.mobile/com.ustadmobile.port.android.view.AppActivity }
10-28 15:11:59.252  2542  2559 D Benchmark: Status: ok
10-28 15:11:59.252  2542  2559 D Benchmark: LaunchState: WARM
10-28 15:11:59.252  2542  2559 D Benchmark: Activity: org.kaisipan.mobile/com.ustadmobile.port.android.view.AppActivity
10-28 15:11:59.252  2542  2559 D Benchmark: TotalTime: 72
10-28 15:11:59.252  2542  2559 D Benchmark: WaitTime: 75
10-28 15:11:59.252  2542  2559 D Benchmark: Complete
10-28 15:11:59.261  2633  2744 V UstadCache: OKHttp-CacheInterceptor:  intercept: GET https://oer.kaisipan.org/v2/Site/verify
10-28 15:11:59.261  2633  2744 I UstadCache: UstadCache(): Retrieve https://oer.kaisipan.org/v2/Site/verify
10-28 15:11:59.262  2633  2744 D UstadCache: UstadCache(): FOUND https://oer.kaisipan.org/v2/Site/verify
10-28 15:11:59.268  2633  2744 D TrafficStats: tagSocket(100) with statsTag=0xffffffff, statsUid=-1
10-28 15:11:59.269  1493  1676 W MediaProvider: isAppCloneUserPair for user 0: false
10-28 15:11:59.269  1493  1676 V MediaProvider: Inserted id:1000000036 less than next row id backup:1000001000.
10-28 15:11:59.362  2542  2559 I System.out: 0 Flags,FrameTimelineVsyncId,IntendedVsync,Vsync,InputEventId,HandleInputStart,AnimationStart,PerformTraversalsStart,DrawStart,FrameDeadline,FrameInterval,FrameStartTime,SyncQueued,SyncStart,IssueDrawCommandsStart,SwapBuffers,FrameCompleted,DequeueBufferDuration,QueueBufferDuration,GpuCompleted,SwapBuffersCompleted,DisplayPresentTime,CommandSubmissionCompleted,
10-28 15:11:59.362  2542  2559 I System.out: 1 1,4763,326033683323,326050349989,0,326057146232,326057146512,326057146682,326083497209,326050349989,326057143592,16666666,326087259540,326087738400,326087864820,326088061270,326088714480,2580,281050,326088682860,326088714480,282800438196,326088061270,
10-28 15:11:59.362  2542  2559 I System.out: 2 0,4835,326067016655,326083683321,0,326093455162,326093455692,326099679744,326099700784,326117016653,326093453842,16666666,326100348404,326100373444,326100399984,326101371324,326104856935,2140,256750,326104772315,326104856935,282853595521,326101371324,
10-28 15:11:59.362  2542  2559 I System.out: 3 0,4907,326100349987,326100349987,0,326106621275,326106622025,326146057016,326146081766,326133683319,326106618665,16666666,326159557230,326159583800,326159629070,326159675650,326167149692,1980,129500,326167149692,326160249900,283039927543,326159675650,
10-28 15:11:59.362  2542  2559 I System.out: 4 0,4950,326117016653,326150349985,0,326162666041,326162666371,326180659606,326180687836,326133683319,326162664541,16666666,326194365500,326194716650,326194771520,326195322390,283051019766,1690,78740,283050986176,326196002410,283070444011,326195322390,
10-28 15:11:59.362  2542  2559 D UiDevice: Waiting 10000ms for SearchCondition[hasObject=BySelector [TEXT='\QGet Started\E']].
10-28 15:11:59.362  2542  2559 D UiDevice: Searching for node with selector: BySelector [TEXT='\QGet Started\E'].
10-28 15:11:59.364  2633  2744 D UstadCache: OKHttp-CacheInterceptor:  MISS(invalid) https://oer.kaisipan.org/v2/Site/verify
10-28 15:11:59.365  2633  2744 D UstadCache: OKHttp-CacheInterceptor:  newCacheAndStoreResponse: GET https://oer.kaisipan.org/v2/Site/verify 200 ()
10-28 15:11:59.365  2633  2744 V UstadCache: OKHttp-CacheInterceptor:  https://oer.kaisipan.org/v2/Site/verify MISS(invalid) can store/update 200  (contentType=application/json; charset=UTF-8, content-encoding=null content-length=177)
10-28 15:11:59.367  2633  2754 D UstadCache: UstadCache(): storerequest 1 entries
10-28 15:11:59.368  2633  2754 V UstadCache: UstadCache(): copied request data for https://oer.kaisipan.org/v2/Site/verify to /data/user/0/org.kaisipan.mobile/files/httpfiles/tmpwork/3.tmp (integrity=sha256-+Gj5X+R/uXuHkt8sVDRb99IojGPQMF8H9XLmkpGzlgU=)
10-28 15:11:59.368  2633  2754 V UstadCache: UstadCache(): cacheEntries created 1 entries
10-28 15:11:59.368  2633  2754 D UstadCache: UstadCache(): deleting 1 tmp files
10-28 15:11:59.368  2633  2754 D UstadCache: UstadCache(): db transaction completed
10-28 15:11:59.425  1339  1339 W FrameTracker: Missed SF frame:PREDICTION_ERROR, 4660, 5310910, CUJ=J<LAUNCHER_APP_CLOSE_TO_HOME>
10-28 15:11:59.425  1339  1339 W FrameTracker: Missed SF frame:PREDICTION_ERROR, 4697, 3929207, CUJ=J<LAUNCHER_APP_CLOSE_TO_HOME>
10-28 15:11:59.425  1339  1339 W FrameTracker: Missed SF frame:PREDICTION_ERROR, 4756, 3548973, CUJ=J<LAUNCHER_APP_CLOSE_TO_HOME>
10-28 15:11:59.425  1339  1339 W FrameTracker: Missed SF frame:PREDICTION_ERROR, 4799, 7428833, CUJ=J<LAUNCHER_APP_CLOSE_TO_HOME>
10-28 15:11:59.425  1339  1339 W FrameTracker: Missed SF frame:PREDICTION_ERROR, 4900, 3685718, CUJ=J<LAUNCHER_APP_CLOSE_TO_HOME>
10-28 15:11:59.425  1339  1339 W FrameTracker: Missed SF frame:PREDICTION_ERROR, 5145, 7372719, CUJ=J<LAUNCHER_APP_CLOSE_TO_HOME>
10-28 15:11:59.425  1339  1698 V PerfettoTrigger: Not triggering com.android.telemetry.interaction-jank-monitor-9 - not enough time since last trigger
10-28 15:11:59.508   584   856 W InputManager-JNI: Input channel object 'abf79de Splash Screen org.kaisipan.mobile (client)' was disposed without first being removed with the input manager!
10-28 15:11:59.536   424   463 W TransactionTracing: Could not find layer handle 0x706935036950
10-28 15:11:59.557   862   918 W FrameTracker: Missed SF frame:PREDICTION_ERROR, 5032, 0, CUJ=J<SPLASHSCREEN_EXIT_ANIM>
10-28 15:11:59.557   862   918 W FrameTracker: Missing HWUI jank callback for vsyncId: 5032, CUJ=J<SPLASHSCREEN_EXIT_ANIM>
10-28 15:11:59.557   862   918 W FrameTracker: Missed SF frame:PREDICTION_ERROR, 5073, 3972181, CUJ=J<SPLASHSCREEN_EXIT_ANIM>
10-28 15:11:59.557   862   918 W FrameTracker: Missed SF frame:PREDICTION_ERROR, 5102, 5307350, CUJ=J<SPLASHSCREEN_EXIT_ANIM>
10-28 15:11:59.557   862   918 W FrameTracker: Missed SF frame:PREDICTION_ERROR, 5138, 4736628, CUJ=J<SPLASHSCREEN_EXIT_ANIM>
10-28 15:11:59.557   862   918 W FrameTracker: Missed SF frame:PREDICTION_ERROR, 5174, 0, CUJ=J<SPLASHSCREEN_EXIT_ANIM>
10-28 15:11:59.557   862   918 W FrameTracker: Missing HWUI jank callback for vsyncId: 5174, CUJ=J<SPLASHSCREEN_EXIT_ANIM>
10-28 15:11:59.557   862   918 W FrameTracker: Missed SF frame:JANK_SURFACEFLINGER_DEADLINE_MISSED, 5270, 4919773, CUJ=J<SPLASHSCREEN_EXIT_ANIM>
10-28 15:11:59.557   862   918 W FrameTracker: Missed App frame:UNKNOWN: 10, 5304, 29764439, CUJ=J<SPLASHSCREEN_EXIT_ANIM>
10-28 15:11:59.557   862   918 W FrameTracker: Missed SF frame:UNKNOWN: 10, 5304, 29764439, CUJ=J<SPLASHSCREEN_EXIT_ANIM>
10-28 15:11:59.557   862   918 W FrameTracker: Missed SF frame:PREDICTION_ERROR, 5334, 18805374, CUJ=J<SPLASHSCREEN_EXIT_ANIM>
10-28 15:11:59.557   862   918 W FrameTracker: Missed SF frame:PREDICTION_ERROR, 5362, 0, CUJ=J<SPLASHSCREEN_EXIT_ANIM>
10-28 15:11:59.557   862   918 W FrameTracker: Missing HWUI jank callback for vsyncId: 5362, CUJ=J<SPLASHSCREEN_EXIT_ANIM>
10-28 15:11:59.558   862   907 V PerfettoTrigger: Not triggering com.android.telemetry.interaction-jank-monitor-39 - not enough time since last trigger
10-28 15:11:59.686   424   463 W TransactionTracing: Could not find layer handle 0x706935039a70
10-28 15:11:59.686   424   463 W TransactionTracing: Could not find layer handle 0x706935037010
10-28 15:11:59.686   424   463 W TransactionTracing: Could not find layer handle 0x706935037010
10-28 15:11:59.814  2542  2559 D UiDevice: Searching for node with selector: BySelector [TEXT='\QGet Started\E'].
10-28 15:12:00.720  2542  2559 D UiDevice: Searching for node with selector: BySelector [TEXT='\QGet Started\E'].
10-28 15:12:00.824  2542  2559 D UiDevice: Searching for node with selector: BySelector [TEXT='\QGet Started\E'].
10-28 15:12:00.928  2542  2559 D UiDevice: Searching for node with selector: BySelector [TEXT='\QGet Started\E'].
10-28 15:12:01.032  2542  2559 D UiDevice: Searching for node with selector: BySelector [TEXT='\QGet Started\E'].
10-28 15:12:01.136  2542  2559 D UiDevice: Searching for node with selector: BySelector [TEXT='\QGet Started\E'].
10-28 15:12:01.239  2542  2559 D UiDevice: Searching for node with selector: BySelector [TEXT='\QGet Started\E'].
10-28 15:12:01.343  2542  2559 D UiDevice: Searching for node with selector: BySelector [TEXT='\QGet Started\E'].
10-28 15:12:01.446  2542  2559 D UiDevice: Searching for node with selector: BySelector [TEXT='\QGet Started\E'].
10-28 15:12:01.549  2542  2559 D UiDevice: Searching for node with selector: BySelector [TEXT='\QGet Started\E'].
10-28 15:12:01.653  2542  2559 D UiDevice: Searching for node with selector: BySelector [TEXT='\QGet Started\E'].
10-28 15:12:01.757  2542  2559 D UiDevice: Searching for node with selector: BySelector [TEXT='\QGet Started\E'].
10-28 15:12:01.860  2542  2559 D UiDevice: Searching for node with selector: BySelector [TEXT='\QGet Started\E'].
10-28 15:12:01.963  2542  2559 D UiDevice: Searching for node with selector: BySelector [TEXT='\QGet Started\E'].
10-28 15:12:02.067  2542  2559 D UiDevice: Searching for node with selector: BySelector [TEXT='\QGet Started\E'].
10-28 15:12:02.171  2542  2559 D UiDevice: Searching for node with selector: BySelector [TEXT='\QGet Started\E'].
10-28 15:12:02.275  2542  2559 D UiDevice: Searching for node with selector: BySelector [TEXT='\QGet Started\E'].
10-28 15:12:02.379  2542  2559 D UiDevice: Searching for node with selector: BySelector [TEXT='\QGet Started\E'].
10-28 15:12:02.483  2542  2559 D UiDevice: Searching for node with selector: BySelector [TEXT='\QGet Started\E'].
10-28 15:12:02.587  2542  2559 D UiDevice: Searching for node with selector: BySelector [TEXT='\QGet Started\E'].
10-28 15:12:02.690  2542  2559 D UiDevice: Searching for node with selector: BySelector [TEXT='\QGet Started\E'].
10-28 15:12:02.794  2542  2559 D UiDevice: Searching for node with selector: BySelector [TEXT='\QGet Started\E'].
10-28 15:12:02.898  2542  2559 D UiDevice: Searching for node with selector: BySelector [TEXT='\QGet Started\E'].
10-28 15:12:03.001  2542  2559 D UiDevice: Searching for node with selector: BySelector [TEXT='\QGet Started\E'].
10-28 15:12:03.104  2542  2559 D UiDevice: Searching for node with selector: BySelector [TEXT='\QGet Started\E'].
10-28 15:12:03.208  2542  2559 D UiDevice: Searching for node with selector: BySelector [TEXT='\QGet Started\E'].
10-28 15:12:03.311  2542  2559 D UiDevice: Searching for node with selector: BySelector [TEXT='\QGet Started\E'].
10-28 15:12:03.414  2542  2559 D UiDevice: Searching for node with selector: BySelector [TEXT='\QGet Started\E'].
10-28 15:12:03.518  2542  2559 D UiDevice: Searching for node with selector: BySelector [TEXT='\QGet Started\E'].
10-28 15:12:03.622  2542  2559 D UiDevice: Searching for node with selector: BySelector [TEXT='\QGet Started\E'].
10-28 15:12:03.726  2542  2559 D UiDevice: Searching for node with selector: BySelector [TEXT='\QGet Started\E'].
10-28 15:12:03.829  2542  2559 D UiDevice: Searching for node with selector: BySelector [TEXT='\QGet Started\E'].
10-28 15:12:03.933  2542  2559 D UiDevice: Searching for node with selector: BySelector [TEXT='\QGet Started\E'].
10-28 15:12:04.037  2542  2559 D UiDevice: Searching for node with selector: BySelector [TEXT='\QGet Started\E'].
10-28 15:12:04.141  2542  2559 D UiDevice: Searching for node with selector: BySelector [TEXT='\QGet Started\E'].
10-28 15:12:04.244  2542  2559 D UiDevice: Searching for node with selector: BySelector [TEXT='\QGet Started\E'].
10-28 15:12:04.348  2542  2559 D UiDevice: Searching for node with selector: BySelector [TEXT='\QGet Started\E'].
10-28 15:12:04.452  2542  2559 D UiDevice: Searching for node with selector: BySelector [TEXT='\QGet Started\E'].
10-28 15:12:04.555  2542  2559 D UiDevice: Searching for node with selector: BySelector [TEXT='\QGet Started\E'].
10-28 15:12:04.659  2542  2559 D UiDevice: Searching for node with selector: BySelector [TEXT='\QGet Started\E'].
10-28 15:12:04.763  2542  2559 D UiDevice: Searching for node with selector: BySelector [TEXT='\QGet Started\E'].
10-28 15:12:04.866  2542  2559 D UiDevice: Searching for node with selector: BySelector [TEXT='\QGet Started\E'].
10-28 15:12:04.969  2542  2559 D UiDevice: Searching for node with selector: BySelector [TEXT='\QGet Started\E'].
10-28 15:12:05.073  2542  2559 D UiDevice: Searching for node with selector: BySelector [TEXT='\QGet Started\E'].
10-28 15:12:05.177  2542  2559 D UiDevice: Searching for node with selector: BySelector [TEXT='\QGet Started\E'].
10-28 15:12:05.281  2542  2559 D UiDevice: Searching for node with selector: BySelector [TEXT='\QGet Started\E'].
10-28 15:12:05.385  2542  2559 D UiDevice: Searching for node with selector: BySelector [TEXT='\QGet Started\E'].
10-28 15:12:05.490  2542  2559 D UiDevice: Searching for node with selector: BySelector [TEXT='\QGet Started\E'].
10-28 15:12:05.593  2542  2559 D UiDevice: Searching for node with selector: BySelector [TEXT='\QGet Started\E'].
10-28 15:12:05.697  2542  2559 D UiDevice: Searching for node with selector: BySelector [TEXT='\QGet Started\E'].
10-28 15:12:05.800  2542  2559 D UiDevice: Searching for node with selector: BySelector [TEXT='\QGet Started\E'].
10-28 15:12:05.904  2542  2559 D UiDevice: Searching for node with selector: BySelector [TEXT='\QGet Started\E'].
10-28 15:12:06.007  2542  2559 D UiDevice: Searching for node with selector: BySelector [TEXT='\QGet Started\E'].
10-28 15:12:06.110  2542  2559 D UiDevice: Searching for node with selector: BySelector [TEXT='\QGet Started\E'].
10-28 15:12:06.214  2542  2559 D UiDevice: Searching for node with selector: BySelector [TEXT='\QGet Started\E'].
10-28 15:12:06.317  2542  2559 D UiDevice: Searching for node with selector: BySelector [TEXT='\QGet Started\E'].
10-28 15:12:06.420  2542  2559 D UiDevice: Searching for node with selector: BySelector [TEXT='\QGet Started\E'].
10-28 15:12:06.523  2542  2559 D UiDevice: Searching for node with selector: BySelector [TEXT='\QGet Started\E'].
10-28 15:12:06.627  2542  2559 D UiDevice: Searching for node with selector: BySelector [TEXT='\QGet Started\E'].
10-28 15:12:06.731  2542  2559 D UiDevice: Searching for node with selector: BySelector [TEXT='\QGet Started\E'].
10-28 15:12:06.834  2542  2559 D UiDevice: Searching for node with selector: BySelector [TEXT='\QGet Started\E'].
10-28 15:12:06.938  2542  2559 D UiDevice: Searching for node with selector: BySelector [TEXT='\QGet Started\E'].
10-28 15:12:07.041  2542  2559 D UiDevice: Searching for node with selector: BySelector [TEXT='\QGet Started\E'].
10-28 15:12:07.145  2542  2559 D UiDevice: Searching for node with selector: BySelector [TEXT='\QGet Started\E'].
10-28 15:12:07.170  1708  1708 I ProvidersCache: Updating roots due to change on user 0at content://com.android.externalstorage.documents/
10-28 15:12:07.249  2542  2559 D UiDevice: Searching for node with selector: BySelector [TEXT='\QGet Started\E'].
10-28 15:12:07.352  2542  2559 D UiDevice: Searching for node with selector: BySelector [TEXT='\QGet Started\E'].
10-28 15:12:07.456  2542  2559 D UiDevice: Searching for node with selector: BySelector [TEXT='\QGet Started\E'].
10-28 15:12:07.559  2542  2559 D UiDevice: Searching for node with selector: BySelector [TEXT='\QGet Started\E'].
10-28 15:12:07.663  2542  2559 D UiDevice: Searching for node with selector: BySelector [TEXT='\QGet Started\E'].
10-28 15:12:07.766  2542  2559 D UiDevice: Searching for node with selector: BySelector [TEXT='\QGet Started\E'].
10-28 15:12:07.870  2542  2559 D UiDevice: Searching for node with selector: BySelector [TEXT='\QGet Started\E'].
10-28 15:12:07.973  2542  2559 D UiDevice: Searching for node with selector: BySelector [TEXT='\QGet Started\E'].
10-28 15:12:08.076  2542  2559 D UiDevice: Searching for node with selector: BySelector [TEXT='\QGet Started\E'].
10-28 15:12:08.179  2542  2559 D UiDevice: Searching for node with selector: BySelector [TEXT='\QGet Started\E'].
10-28 15:12:08.283  2542  2559 D UiDevice: Searching for node with selector: BySelector [TEXT='\QGet Started\E'].
10-28 15:12:08.386  2542  2559 D UiDevice: Searching for node with selector: BySelector [TEXT='\QGet Started\E'].
10-28 15:12:08.490  2542  2559 D UiDevice: Searching for node with selector: BySelector [TEXT='\QGet Started\E'].
10-28 15:12:08.594  2542  2559 D UiDevice: Searching for node with selector: BySelector [TEXT='\QGet Started\E'].
10-28 15:12:08.698  2542  2559 D UiDevice: Searching for node with selector: BySelector [TEXT='\QGet Started\E'].
10-28 15:12:08.801  2542  2559 D UiDevice: Searching for node with selector: BySelector [TEXT='\QGet Started\E'].
10-28 15:12:08.905  2542  2559 D UiDevice: Searching for node with selector: BySelector [TEXT='\QGet Started\E'].
10-28 15:12:09.008  2542  2559 D UiDevice: Searching for node with selector: BySelector [TEXT='\QGet Started\E'].
10-28 15:12:09.112  2542  2559 D UiDevice: Searching for node with selector: BySelector [TEXT='\QGet Started\E'].
10-28 15:12:09.215  2542  2559 D UiDevice: Searching for node with selector: BySelector [TEXT='\QGet Started\E'].
10-28 15:12:09.318  2542  2559 D UiDevice: Searching for node with selector: BySelector [TEXT='\QGet Started\E'].
10-28 15:12:09.422  2542  2559 D UiDevice: Searching for node with selector: BySelector [TEXT='\QGet Started\E'].
10-28 15:12:10.426  2542  2559 D UiDevice: Retrieving node with selector: BySelector [TEXT='\QGet Started\E'].
10-28 15:12:10.429  2542  2559 D UiDevice: Node not found with selector: BySelector [TEXT='\QGet Started\E'].
10-28 15:12:12.454   862  1304 D EGL_emulation: app_time_stats: avg=446.28ms min=11.43ms max=12445.19ms count=30
10-28 15:12:15.418  2633  2701 D UstadCache: CacheTrimmer:  Trim cache run: max (evictable) size = 100000000 bytes
10-28 15:12:15.418  2633  2701 V UstadCache: CacheTrimmer:  deleting
10-28 15:12:15.429  2542  2559 D Benchmark: Profile Installer - Save Profile
10-28 15:12:15.446  2633  2633 I Process : Sending signal. PID: 2633 SIG: 10
10-28 15:12:15.446  2633  2633 D ProfileInstaller:
10-28 15:12:15.446  2633  2638 I kaisipan.mobile: Thread[3,tid=2638,WaitingInMainSignalCatcherLoop,Thread*=0x736948fad6f0,peer=0x13581f48,"Signal Catcher"]: reacting to signal 10
10-28 15:12:15.446  2633  2638 I kaisipan.mobile:
10-28 15:12:15.446  2633  2638 I kaisipan.mobile: SIGUSR1 forcing GC (no HPROF) and profile save
10-28 15:12:15.471  2633  2638 I kaisipan.mobile: Explicit concurrent copying GC freed 154920(6056KB) AllocSpace objects, 12(376KB) LOS objects, 49% free, 7856KB/15MB, paused 60us,9us total 24.669ms
10-28 15:12:15.473  2633  2644 W System  : A resource failed to call close.
10-28 15:12:15.948  2542  2559 D Benchmark: Killing process org.kaisipan.mobile
10-28 15:12:15.948  2542  2559 D UiDevice: Executing shell command: killall org.kaisipan.mobile
10-28 15:12:15.962  1493  1680 W MediaProvider: isAppCloneUserPair for user 0: false
10-28 15:12:15.963  1493  1680 V MediaProvider: Inserted id:1000000037 less than next row id backup:1000001000.
10-28 15:12:15.998   584  1007 I PackageDexOptimizer: Running dexopt (dexoptNeeded=-3) on: /data/app/~~EFLmwlxs6fLx-EpFxvJ9lg==/org.kaisipan.mobile-TVisp_8JWhaVjfznyxZtdQ==/base.apk pkg=org.kaisipan.mobile isa=x86_64 dexoptFlags=boot_complete,profile_guided,force,enable_hidden_api_checks targetFilter=speed-profile oatDir=/data/app/~~EFLmwlxs6fLx-EpFxvJ9lg==/org.kaisipan.mobile-TVisp_8JWhaVjfznyxZtdQ==/oat classLoaderContext=PCL[]{PCL[/system_ext/framework/androidx.window.extensions.jar]#PCL[/system_ext/framework/androidx.window.sidecar.jar]}
10-28 15:12:15.998   489   515 V installd: DexInv: --- BEGIN '/data/app/~~EFLmwlxs6fLx-EpFxvJ9lg==/org.kaisipan.mobile-TVisp_8JWhaVjfznyxZtdQ==/base.apk' ---
10-28 15:12:15.999   489   515 V installd: Running /apex/com.android.art/bin/dex2oat64 in=base.apk out=/data/app/~~EFLmwlxs6fLx-EpFxvJ9lg==/org.kaisipan.mobile-TVisp_8JWhaVjfznyxZtdQ==/oat/x86_64/base.odex
10-28 15:12:16.010  3011  3011 W dex2oat64: Unexpected CPU variant for x86: x86_64.
10-28 15:12:16.010  3011  3011 W dex2oat64: Known variants: atom, sandybridge, silvermont, kabylake, default
10-28 15:12:16.012  3011  3011 W dex2oat64: Mismatch between dex2oat instruction set features to use (ISA: X86_64 Feature string: -ssse3,-sse4.1,-sse4.2,-avx,-avx2,-popcnt) and those from CPP defines (ISA: X86_64 Feature string: ssse3,sse4.1,sse4.2,-avx,-avx2,popcnt) for the command line:
10-28 15:12:16.012  3011  3011 W dex2oat64: /apex/com.android.art/bin/dex2oat64 --zip-fd=8 --zip-location=base.apk --oat-fd=9 --oat-location=/data/app/~~EFLmwlxs6fLx-EpFxvJ9lg==/org.kaisipan.mobile-TVisp_8JWhaVjfznyxZtdQ==/oat/x86_64/base.odex --input-vdex-fd=11 --output-vdex-fd=10 --app-image-fd=14 --image-format=lz4 --profile-file-fd=13 --swap-fd=12 --classpath-dir=/data/app/~~EFLmwlxs6fLx-EpFxvJ9lg==/org.kaisipan.mobile-TVisp_8JWhaVjfznyxZtdQ== --class-loader-context=PCL[]{PCL[/system_ext/framework/androidx.window.extensions.jar]#PCL[/system_ext/framework/androidx.window.sidecar.jar]} --instruction-set=x86_64 --instruction-set-features=default --instruction-set-variant=x86_64 --compiler-filter=speed-profile --compilation-reason=cmdline --max-image-block-size=524288 --resolve-startup-const-strings=true --generate-mini-debug-info --runtime-arg -Xtarget-sdk-version:34 --runtime-arg -Xhidden-api-policy:enabled --runtime-arg -Xms64m --runtime-arg -Xmx512m
10-28 15:12:16.016  3011  3011 I dex2oat64: /apex/com.android.art/bin/dex2oat64 --input-vdex-fd=11 --output-vdex-fd=10 --profile-file-fd=13 --classpath-dir=/data/app/~~EFLmwlxs6fLx-EpFxvJ9lg==/org.kaisipan.mobile-TVisp_8JWhaVjfznyxZtdQ== --class-loader-context=PCL[]{PCL[/system_ext/framework/androidx.window.extensions.jar]#PCL[/system_ext/framework/androidx.window.sidecar.jar]} --compiler-filter=speed-profile --compilation-reason=cmdline --max-image-block-size=524288 --resolve-startup-const-strings=true --generate-mini-debug-info
10-28 15:12:19.660  3011  3014 W dex2oat64: Accessing hidden method Landroid/window/BackEvent;->getProgress()F (blocked, linking, denied)
10-28 15:12:19.660  3011  3014 W dex2oat64: Accessing hidden method Landroid/window/BackEvent;->getSwipeEdge()I (blocked, linking, denied)
10-28 15:12:19.661  3011  3014 W dex2oat64: Accessing hidden method Landroid/window/BackEvent;->getTouchX()F (blocked, linking, denied)
10-28 15:12:19.661  3011  3014 W dex2oat64: Accessing hidden method Landroid/window/BackEvent;->getTouchY()F (blocked, linking, denied)
10-28 15:12:19.893  3011  3013 W dex2oat64: Method java.lang.Object androidx.compose.runtime.snapshots.SnapshotStateMap.mutate(kotlin.jvm.functions.Function1) failed lock verification and will run slower.
10-28 15:12:19.893  3011  3013 W dex2oat64: Common causes for lock verification issues are non-optimized dex code
10-28 15:12:19.893  3011  3013 W dex2oat64: and incorrect proguard optimizations.
10-28 15:12:19.893  3011  3013 W dex2oat64: Method void androidx.compose.runtime.snapshots.SnapshotStateMap.update(kotlin.jvm.functions.Function1) failed lock verification and will run slower.
10-28 15:12:19.893  3011  3013 W dex2oat64: Method boolean androidx.compose.runtime.snapshots.SnapshotStateMap.removeIf$runtime_release(kotlin.jvm.functions.Function1) failed lock verification and will run slower.
10-28 15:12:19.911  3011  3013 W dex2oat64: Method boolean androidx.compose.runtime.snapshots.SnapshotStateList.conditionalUpdate(boolean, kotlin.jvm.functions.Function1) failed lock verification and will run slower.
10-28 15:12:19.911  3011  3013 W dex2oat64: Method boolean androidx.compose.runtime.snapshots.SnapshotStateList.conditionalUpdate$default(androidx.compose.runtime.snapshots.SnapshotStateList, boolean, kotlin.jvm.functions.Function1, int, java.lang.Object) failed lock verification and will run slower.
10-28 15:12:19.911  3011  3013 W dex2oat64: Method java.lang.Object androidx.compose.runtime.snapshots.SnapshotStateList.mutate(kotlin.jvm.functions.Function1) failed lock verification and will run slower.
10-28 15:12:19.912  3011  3013 W dex2oat64: Method void androidx.compose.runtime.snapshots.SnapshotStateList.update(boolean, kotlin.jvm.functions.Function1) failed lock verification and will run slower.
10-28 15:12:19.912  3011  3013 W dex2oat64: Method void androidx.compose.runtime.snapshots.SnapshotStateList.update$default(androidx.compose.runtime.snapshots.SnapshotStateList, boolean, kotlin.jvm.functions.Function1, int, java.lang.Object) failed lock verification and will run slower.
10-28 15:12:21.158  3011  3011 I dex2oat64: Explicit concurrent copying GC freed 197125(31MB) AllocSpace objects, 0(0B) LOS objects, 49% free, 2154KB/4309KB, paused 16us,2us total 7.638ms
10-28 15:12:21.487  3011  3011 I dex2oat64: dex2oat took 5.477s (8.914s cpu) (threads: 4) arena alloc=11MB (11998328B) java alloc=2154KB (2206680B) native alloc=22MB (23418480B) free=145MB (152859792B)
10-28 15:12:21.517   489   515 V installd: DexInv: --- END '/data/app/~~EFLmwlxs6fLx-EpFxvJ9lg==/org.kaisipan.mobile-TVisp_8JWhaVjfznyxZtdQ==/base.apk' (success) ---
10-28 15:12:21.565  1493  1876 W MediaProvider: isAppCloneUserPair for user 0: false
10-28 15:12:21.565  1493  1876 V MediaProvider: Inserted id:1000000038 less than next row id backup:1000001000.
10-28 15:12:21.942  3031  3031 W profman : profman took 341.781ms
10-28 15:12:21.967  1493  1680 W MediaProvider: isAppCloneUserPair for user 0: false
10-28 15:12:21.968  1493  1680 V MediaProvider: Inserted id:1000000039 less than next row id backup:1000001000.
10-28 15:12:22.056  1493  1680 I MediaProvider: Deleted 0 0 0 0 0 0 0 items on external_primary due to com.ustadmobile.app_android_baselineprofile
10-28 15:12:22.094   584   942 D WifiNl80211Manager: Scan result ready event
10-28 15:12:22.094   584   942 D WifiNative: Scan result ready event
10-28 15:12:22.844  2542  2559 D Benchmark: Unstable profiles during iteration 3
10-28 15:12:22.845  2542  2559 D Benchmark: Killing package org.kaisipan.mobile
10-28 15:12:22.845  2542  2559 D Benchmark: Killing process org.kaisipan.mobile
10-28 15:12:22.845  2542  2559 D UiDevice: Executing shell command: killall org.kaisipan.mobile
10-28 15:12:22.857  2542  2559 D Benchmark: Compile iteration (4) for org.kaisipan.mobile
10-28 15:12:22.857  2542  2559 D UiDevice: Pressing home button.
10-28 15:12:22.873   862   862 V ShadeControllerImpl: NotificationShadeWindow: com.android.systemui.shade.NotificationShadeWindowView{86d7116 I.E...... ......ID 0,0-320,640} canPanelBeCollapsed(): false
10-28 15:12:22.875  1339  1339 D TaplTarget: Launcher.onNewIntent: Intent { act=android.intent.action.MAIN cat=[android.intent.category.HOME] flg=0x10400100 cmp=com.android.launcher3/.uioverrides.QuickstepLauncher (has extras) }
10-28 15:12:22.878   862   862 V ShadeControllerImpl: NotificationShadeWindow: com.android.systemui.shade.NotificationShadeWindowView{86d7116 I.E...... ......ID 0,0-320,640} canPanelBeCollapsed(): false
10-28 15:12:22.905   424   463 W TransactionTracing: Could not find layer handle 0x706935034f10
10-28 15:12:22.910   862  1304 D EGL_emulation: app_time_stats: avg=10455.40ms min=10455.40ms max=10455.40ms count=1
10-28 15:12:22.916  1493  1676 W MediaProvider: isAppCloneUserPair for user 0: false
10-28 15:12:22.917  1493  1676 V MediaProvider: Inserted id:1000000040 less than next row id backup:1000001000.
10-28 15:12:22.920   424   424 I BpBinder: onLastStrongRef automatically unlinking death recipients: <uncached descriptor>
10-28 15:12:22.961  2542  2559 I System.out: 0 Flags,FrameTimelineVsyncId,IntendedVsync,Vsync,InputEventId,HandleInputStart,AnimationStart,PerformTraversalsStart,DrawStart,FrameDeadline,FrameInterval,FrameStartTime,SyncQueued,SyncStart,IssueDrawCommandsStart,SwapBuffers,FrameCompleted,DequeueBufferDuration,QueueBufferDuration,GpuCompleted,SwapBuffersCompleted,DisplayPresentTime,CommandSubmissionCompleted,
10-28 15:12:22.961  2542  2559 I System.out: 1 1,4763,326033683323,326050349989,0,326057146232,326057146512,326057146682,326083497209,326050349989,326057143592,16666666,326087259540,326087738400,326087864820,326088061270,326088714480,2580,281050,326088682860,326088714480,326103532745,326088061270,
10-28 15:12:22.961  2542  2559 I System.out: 2 0,4835,326067016655,326083683321,0,326093455162,326093455692,326099679744,326099700784,326117016653,326093453842,16666666,326100348404,326100373444,326100399984,326101371324,326104856935,2140,256750,326104772315,326104856935,326118345449,326101371324,
10-28 15:12:22.961  2542  2559 I System.out: 3 0,4907,326100349987,326100349987,0,326106621275,326106622025,326146057016,326146081766,326133683319,326106618665,16666666,326159557230,326159583800,326159629070,326159675650,326167149692,1980,129500,326167149692,326160249900,326169552923,326159675650,
10-28 15:12:22.961  2542  2559 I System.out: 4 0,4950,326117016653,326150349985,0,326162666041,326162666371,326180659606,326180687836,326200349983,326162664541,16666666,326194365500,326194716650,326194771520,326195322390,326200486962,1690,78740,326200486962,326196002410,326202956962,326195322390,
10-28 15:12:22.961  2542  2559 I System.out: 5 0,5051,326167016651,326183683317,0,326198558121,326198558931,326202698852,326202719352,326233683315,326198556151,16666666,326204953563,326205001913,326205057243,326206136833,326214034275,2340,91420,326214034275,326206770073,326220125617,326206136833,
10-28 15:12:22.961  2542  2559 I System.out: 6 0,5116,326200349983,326200349983,0,326206501553,326206502013,326210228264,326210249444,326250349981,326206500143,16666666,326212405945,326212607705,326212648925,326213424655,326220551947,6464612,95130,326217146996,326220551947,326237856652,326213424655,
10-28 15:12:22.961  2542  2559 I System.out: 7 0,5152,326217016649,326217016649,0,326219068127,326219068567,326223128828,326223151158,326267016647,326219065967,16666666,326226574769,326226626069,326226671279,326227346209,326238328792,10384913,93340,326233781501,326238328792,326252981526,326227346209,
10-28 15:12:22.961  2542  2559 I System.out: 8 0,5188,326233683315,326233683315,0,326238786902,326238787352,326258196068,326258239728,326283683313,326238784892,16666666,326264847089,326264899189,326264950019,326265763040,326266591020,3130,182830,326266559260,326266591020,326270336441,326265763040,
10-28 15:12:22.961  2542  2559 I System.out: 9 0,5224,326250349981,326250349981,0,326266140960,326266141200,326273440012,326273462902,326300349979,326266140320,16666666,326275944662,326275971272,326276010412,326276574253,326282142244,2080,96300,326282142244,326277179633,326288263056,326276574253,
10-28 15:12:22.961  2542  2559 I System.out: 10 0,5260,326267016647,326267016647,0,326276702543,326276702733,326279488283,326279499803,326317016645,326276701693,16666666,326281090124,326281119444,326281138144,326281554824,326289179886,6979922,80180,326283802955,326289179886,326329745727,326281554824,
10-28 15:12:22.961  2542  2559 I System.out: 11 0,5296,326283683313,326283683313,0,326283963295,326283963555,326290708297,326290729787,326333683311,326283962505,16666666,326292330297,326292362927,326292413497,326293140547,326330010057,36096750,86530,326300490799,326330010057,326335504419,326293140547,
10-28 15:12:22.961  2542  2559 I System.out: 12 0,5318,326300349979,326300349979,0,326305388381,326305388981,326308870302,326308891542,326350349977,326305385861,16666666,326311144182,326330132398,326330292938,326331671448,326335981749,2899821,139560,326335627049,326335981749,326338188400,326331671448,
10-28 15:12:22.961  2542  2559 I System.out: 13 0,5347,326317016645,326333683311,0,326340306250,326340306630,326343257381,326343283071,326367016643,326340304240,16666666,326345690372,326345720142,326345766162,326347136292,326350493653,2490,158150,326350493653,326348356023,326353462504,326347136292,
10-28 15:12:22.961  2542  2559 I System.out: 14 0,5398,326350349977,326350349977,0,326350934013,326350934213,326354021014,326354043134,326383683309,326350932543,16666666,326355737145,326355770985,326355809045,326356432775,326367113728,2670,112290,326367113728,326357251735,326368795308,326356432775,
10-28 15:12:22.961  2542  2559 I System.out: 15 0,5420,326367016643,326367016643,0,326367445128,326367445278,326372261489,326372287069,326400349975,326367443828,16666666,326375653740,326375706360,326375759390,326376531910,326383821322,2370,109290,326383821322,326377381621,326386134923,326376531910,
10-28 15:12:22.961  2542  2559 I System.out: 16 0,5442,326383683309,326383683309,0,326384251303,326384251613,326388982784,326389009614,326417016641,326384250123,16666666,326391977745,326392028925,326392078125,326392932155,326393900895,2310,165250,326393876245,326393900895,326402491758,326392932155,
10-28 15:12:22.961  2542  2559 I System.out: 17 0,5471,326400349975,326400349975,0,326400784407,326400784547,326404142088,326404163418,326433683307,326400783317,16666666,326406278059,326406311079,326406350759,326406970199,326417119152,41330,108530,326417119152,326407929919,326418112382,326406970199,
10-28 15:12:22.961  2542  2559 I System.out: 18 0,5493,326417016641,326417016641,0,326417269542,326417269672,326418384142,326418403642,326450349973,326417268342,16666666,326420143663,326420222363,326420265963,326420490473,326433779286,3510,202550,326433779286,326421484763,326435170957,326420490473,
10-28 15:12:22.961  2542  2559 I System.out: 19 0,5515,326433683307,326433683307,0,326434243276,326434243666,326435716927,326435744077,326467016639,326434240676,16666666,326437582467,326437644597,326437695687,326437973827,326439015778,3220,192280,326438975478,326439015778,326452527252,326437973827,
10-28 15:12:22.961  2542  2559 I System.out: 20 0,5523,326450349973,326450349973,0,326450487531,326450487771,326451306081,326451321761,326483683305,326450486621,16666666,326452902332,326452940182,326452977512,326453191722,326467081206,3130,93140,326467081206,326454112772,326469067896,326453191722,
10-28 15:12:22.961  2542  2559 I System.out: 21 0,5538,326467016639,326467016639,0,326467449526,326467449706,326468476976,326468498706,326500349971,326467448446,16666666,326470633507,326470675007,326470704087,326470912847,326483787700,3180,181230,326483787700,326471960237,326486249571,326470912847,
10-28 15:12:22.961  2542  2559 I System.out: 22 0,5553,326483683305,326483683305,0,326483963140,326483963250,326486835671,326486852891,326517016637,326483962370,16666666,326488675562,326488713682,326488757302,326489203782,326500444335,2910,114820,326500444335,326489989522,326501696935,326489203782,
10-28 15:12:22.961  2542  2559 I System.out: 23 0,5568,326500349971,326500349971,0,326500498695,326500499045,326503084086,326503140356,326533683303,326500497975,16666666,326504681136,326504721286,326504776756,326505295436,326517110609,2950,115420,326517110609,326506097316,326519077660,326505295436,
10-28 15:12:22.961  2542  2559 I System.out: 24 0,5583,326517016637,326517016637,0,326517180539,326517180919,326519061570,326519087480,326550349969,326517179029,16666666,326521411291,326521455351,326521497661,326521983951,326533772754,3200,171410,326533772754,326522929241,326534994454,326521983951,
10-28 15:12:22.961  2542  2559 I System.out: 25 0,5605,326533683303,326533683303,0,326534061344,326534061464,326535156384,326535178974,326567016635,326534060414,16666666,326536704575,326536773615,326536841645,326537421235,326538401975,2930,184280,326538360475,326538401975,326556028840,326537421235,
10-28 15:12:22.961  2542  2559 I System.out: 26 0,5634,326550349969,326550349969,0,326551078859,326551079259,326551569139,326551587369,326583683301,326551076919,16666666,326551653149,326551700929,326551747559,326552364349,326567112143,2699050,191951,326567112143,326556142920,543416442285627,326552364349,
10-28 15:12:22.962  2542  2559 I System.out: 27 0,5656,326567016635,326567016635,0,326567434543,326567434743,326567922214,326570081454,326600349967,326567433843,16666666,326570277954,326570329824,326570372714,326570752204,326583776758,1970,127750,326583776758,326571499705,543888888688293,326570752204,
10-28 15:12:22.962  2542  2559 I System.out: 28 0,5678,326583683301,326583683301,0,326583836168,326583836478,326587561729,326587576389,326617016633,326583835058,16666666,326589950750,326590001930,326590052100,326590497430,326600449303,3930,215470,326600449303,326591412170,0,326590497430,
10-28 15:12:22.962  2542  2559 I System.out: 29 0,5693,326600349967,326600349967,0,326600522773,326600523203,326601835043,326601852343,326633683299,326600521693,16666666,326602335523,326602373943,326602416943,326602928523,326617110147,3810,146211,326617110147,326603879384,0,326602928523,
10-28 15:12:22.962  2542  2559 I System.out: 30 8,5708,326617016633,326617016633,0,326617224177,326617224577,326617224777,326617240587,326633683299,326617222677,16666666,326617245247,326617984357,0,0,0,0,0,0,0,0,0,
10-28 15:12:22.962  2542  2559 D Benchmark: Starting activity with command: am start  -W "intent:#Intent;action=android.intent.action.MAIN;category=android.intent.category.LAUNCHER;launchFlags=0x10008000;package=org.kaisipan.mobile;component=org.kaisipan.mobile/com.ustadmobile.port.android.view.AppActivity;end"
10-28 15:12:22.964  1493  1876 W MediaProvider: isAppCloneUserPair for user 0: false
10-28 15:12:22.964  1493  1876 V MediaProvider: Inserted id:1000000041 less than next row id backup:1000001000.
10-28 15:12:22.997   862   919 D SplashScreenView: Build android.window.SplashScreenView{16b8042 V.E...... ......ID 0,0-0,0}
10-28 15:12:22.997   862   919 D SplashScreenView: Icon: view: null drawable: null size: 0
10-28 15:12:22.997   862   919 D SplashScreenView: Branding: view: android.view.View{e5e853 G.ED..... ......I. 0,0-0,0 #10204db android:id/splashscreen_branding_view} drawable: null size w: 0 h: 0
10-28 15:12:23.010  2633  2633 D AppActivity$onDestroy: AppActivity#onDestroy
10-28 15:12:23.011   584   947 W InputManager-JNI: Input channel object '62c168e org.kaisipan.mobile/com.ustadmobile.port.android.view.AppActivity (client)' was disposed without first being removed with the input manager!
10-28 15:12:23.016   862  1304 W Parcel  : Expecting binder but got null!
10-28 15:12:23.026  2633  2633 W CustomTabsClient: Unable to find any Custom Tabs packages, you may need to add a <queries> element to your manifest. See the docs for CustomTabsClient#getPackageName.
10-28 15:12:23.026  2633  2633 W AppActivity$bindCustomTabsService: CustomTabs: Service NOT supported
10-28 15:12:23.030  2633  2633 D AutofillManager: Fill dialog is enabled:false, hints=[]
10-28 15:12:23.036  2633  2633 W OnBackInvokedCallback: OnBackInvokedCallback is not enabled for the application.
10-28 15:12:23.036  2633  2633 W OnBackInvokedCallback: Set 'android:enableOnBackInvokedCallback="true"' in the application manifest.
10-28 15:12:23.044   584   856 D ConnectivityService: requestNetwork for uid/pid:10126/2633 activeRequest: null callbackRequest: 50 [NetworkRequest [ REQUEST id=51, [ Capabilities: INTERNET&NOT_RESTRICTED&TRUSTED&NOT_VCN_MANAGED Uid: 10126 RequestorUid: 10126 RequestorPkg: org.kaisipan.mobile UnderlyingNetworks: Null] ]] callback flags: 0 order: 2147483647
10-28 15:12:23.044   584   808 D ConnectivityService: NetReassign [51 : null → 100]
10-28 15:12:23.045   584   801 D WifiNetworkFactory: got request NetworkRequest [ REQUEST id=51, [ Capabilities: INTERNET&NOT_RESTRICTED&TRUSTED&NOT_VCN_MANAGED Uid: 10126 RequestorUid: 10126 RequestorPkg: org.kaisipan.mobile UnderlyingNetworks: Null] ]
10-28 15:12:23.045   584   801 D UntrustedWifiNetworkFactory: got request NetworkRequest [ REQUEST id=51, [ Capabilities: INTERNET&NOT_RESTRICTED&TRUSTED&NOT_VCN_MANAGED Uid: 10126 RequestorUid: 10126 RequestorPkg: org.kaisipan.mobile UnderlyingNetworks: Null] ]
10-28 15:12:23.045   584   801 D OemPaidWifiNetworkFactory: got request NetworkRequest [ REQUEST id=51, [ Capabilities: INTERNET&NOT_RESTRICTED&TRUSTED&NOT_VCN_MANAGED Uid: 10126 RequestorUid: 10126 RequestorPkg: org.kaisipan.mobile UnderlyingNetworks: Null] ]
10-28 15:12:23.045   584   801 D MultiInternetWifiNetworkFactory: got request NetworkRequest [ REQUEST id=51, [ Capabilities: INTERNET&NOT_RESTRICTED&TRUSTED&NOT_VCN_MANAGED Uid: 10126 RequestorUid: 10126 RequestorPkg: org.kaisipan.mobile UnderlyingNetworks: Null] ]
10-28 15:12:23.053  2633  2690 W Parcel  : Expecting binder but got null!
10-28 15:12:23.056   584   604 I ActivityTaskManager: Displayed org.kaisipan.mobile/com.ustadmobile.port.android.view.AppActivity: +59ms
10-28 15:12:23.066  2633  2633 D UstadViewModelFunKt$ustadViewModel$viewModel$invoke: ustadViewModel(): create viewmodel for: com.ustadmobile.core.viewmodel.redirect.RedirectViewModel
10-28 15:12:23.067  2633  2633 I System.out: com.ustadmobile.core.db.UmAppDatabase_DoorWrapper@229d481
10-28 15:12:23.071   424   463 W TransactionTracing: Could not find layer handle 0x7069350382d0
10-28 15:12:23.077  2542  2559 D Benchmark: Result: Starting: Intent { act=android.intent.action.MAIN cat=[android.intent.category.LAUNCHER] flg=0x10008000 pkg=org.kaisipan.mobile cmp=org.kaisipan.mobile/com.ustadmobile.port.android.view.AppActivity }
10-28 15:12:23.077  2542  2559 D Benchmark: Status: ok
10-28 15:12:23.077  2542  2559 D Benchmark: LaunchState: WARM
10-28 15:12:23.077  2542  2559 D Benchmark: Activity: org.kaisipan.mobile/com.ustadmobile.port.android.view.AppActivity
10-28 15:12:23.077  2542  2559 D Benchmark: TotalTime: 59
10-28 15:12:23.077  2542  2559 D Benchmark: WaitTime: 60
10-28 15:12:23.077  2542  2559 D Benchmark: Complete
10-28 15:12:23.079  2633  2633 D UstadNavControllerPreCompose$onCollectNavCommand: NavCommandEffect: Navigate: Go to Login
10-28 15:12:23.084  2633  2633 D UstadViewModelFunKt$ustadViewModel$viewModel$invoke: ustadViewModel(): create viewmodel for: com.ustadmobile.core.viewmodel.login.LoginViewModel
10-28 15:12:23.088  2633  2744 V UstadCache: OKHttp-CacheInterceptor:  intercept: GET https://oer.kaisipan.org/v2/Site/verify
10-28 15:12:23.088  2633  2744 I UstadCache: UstadCache(): Retrieve https://oer.kaisipan.org/v2/Site/verify
10-28 15:12:23.094  2633  2744 D UstadCache: UstadCache(): FOUND https://oer.kaisipan.org/v2/Site/verify
10-28 15:12:23.096  2633  2744 D TrafficStats: tagSocket(100) with statsTag=0xffffffff, statsUid=-1
10-28 15:12:23.097  1493  1680 W MediaProvider: isAppCloneUserPair for user 0: false
10-28 15:12:23.098  1493  1680 V MediaProvider: Inserted id:1000000042 less than next row id backup:1000001000.
10-28 15:12:23.177  2542  2559 I System.out: 0 Flags,FrameTimelineVsyncId,IntendedVsync,Vsync,InputEventId,HandleInputStart,AnimationStart,PerformTraversalsStart,DrawStart,FrameDeadline,FrameInterval,FrameStartTime,SyncQueued,SyncStart,IssueDrawCommandsStart,SwapBuffers,FrameCompleted,DequeueBufferDuration,QueueBufferDuration,GpuCompleted,SwapBuffersCompleted,DisplayPresentTime,CommandSubmissionCompleted,
10-28 15:12:23.177  2542  2559 I System.out: 1 1,5976,349867015703,349883682369,0,349892387222,349892387452,349892477182,349915606879,349883682369,349892385512,16666666,349915856809,349915962439,349916004939,349916105499,349916688069,2040,166480,349916661179,349916688069,300575128284,349916105499,
10-28 15:12:23.177  2542  2559 I System.out: 2 0,6048,349900349035,349917015701,0,349926240072,349926240742,349933025864,349933048594,349933682367,349926237462,16666666,349933687664,349935233644,349935263344,349935355034,349936345955,4080,99100,349936314485,349936345955,300638976361,349935355034,
10-28 15:12:23.177  2542  2559 I System.out: 3 0,6119,349933682367,349933682367,0,349943821537,349943821847,349971170994,349971193974,349967015699,349943820087,16666666,349980856317,349980895767,349980930917,349980995557,349982333007,2920,323480,349982300597,349982333007,300810021849,349980995557,
10-28 15:12:23.177  2542  2559 I System.out: 4 0,6156,349950349033,349967015699,0,349983736038,349983736678,349998866892,349998890942,349967015699,349983678488,16666666,350009441575,350009486845,350009529935,350009752775,300858246522,2520,161050,300858217772,350010542475,300878482018,350009752775,
10-28 15:12:23.177  2542  2559 D UiDevice: Waiting 10000ms for SearchCondition[hasObject=BySelector [TEXT='\QGet Started\E']].
10-28 15:12:23.177  2542  2559 D UiDevice: Searching for node with selector: BySelector [TEXT='\QGet Started\E'].
10-28 15:12:23.188  2633  2744 D UstadCache: OKHttp-CacheInterceptor:  MISS(invalid) https://oer.kaisipan.org/v2/Site/verify
10-28 15:12:23.188  2633  2744 D UstadCache: OKHttp-CacheInterceptor:  newCacheAndStoreResponse: GET https://oer.kaisipan.org/v2/Site/verify 200 ()
10-28 15:12:23.189  2633  2744 V UstadCache: OKHttp-CacheInterceptor:  https://oer.kaisipan.org/v2/Site/verify MISS(invalid) can store/update 200  (contentType=application/json; charset=UTF-8, content-encoding=null content-length=177)
10-28 15:12:23.193  2633  2754 D UstadCache: UstadCache(): storerequest 1 entries
10-28 15:12:23.194  2633  2754 V UstadCache: UstadCache(): copied request data for https://oer.kaisipan.org/v2/Site/verify to /data/user/0/org.kaisipan.mobile/files/httpfiles/tmpwork/4.tmp (integrity=sha256-+Gj5X+R/uXuHkt8sVDRb99IojGPQMF8H9XLmkpGzlgU=)
10-28 15:12:23.194  2633  2754 V UstadCache: UstadCache(): cacheEntries created 1 entries
10-28 15:12:23.195  2633  2754 D UstadCache: UstadCache(): deleting 1 tmp files
10-28 15:12:23.195  2633  2754 D UstadCache: UstadCache(): db transaction completed
10-28 15:12:23.272   424   463 W TransactionTracing: Could not find layer handle 0x70693503ae50
10-28 15:12:23.272   424   463 W TransactionTracing: Could not find layer handle 0x70693503a6d0
10-28 15:12:23.303   424   463 W TransactionTracing: Could not find layer handle 0x70693503d730
10-28 15:12:23.303   424   463 W TransactionTracing: Could not find layer handle 0x70693503d7f0
10-28 15:12:23.303   424   463 W TransactionTracing: Could not find layer handle 0x70693503a310
10-28 15:12:23.303   424   463 W TransactionTracing: Could not find layer handle 0x70693503af10
10-28 15:12:23.303   424   463 W TransactionTracing: Could not find layer handle 0x706935038f90
10-28 15:12:23.303   424   463 W TransactionTracing: Could not find layer handle 0x706935038f90
10-28 15:12:23.303   424   463 W TransactionTracing: Could not find layer handle 0x70693503af10
10-28 15:12:23.303   424   463 W TransactionTracing: Could not find layer handle 0x70693503d730
10-28 15:12:23.341   584  1007 W InputManager-JNI: Input channel object 'd2793 Splash Screen org.kaisipan.mobile (client)' was disposed without first being removed with the input manager!
10-28 15:12:23.358  1339  1339 W FrameTracker: Missed SF frame:PREDICTION_ERROR, 6106, 4284408, CUJ=J<LAUNCHER_APP_CLOSE_TO_HOME>
10-28 15:12:23.358  1339  1339 W FrameTracker: Missed SF frame:PREDICTION_ERROR, 6199, 6468056, CUJ=J<LAUNCHER_APP_CLOSE_TO_HOME>
10-28 15:12:23.358  1339  1339 W FrameTracker: Missed SF frame:PREDICTION_ERROR, 6228, 3555414, CUJ=J<LAUNCHER_APP_CLOSE_TO_HOME>
10-28 15:12:23.358  1339  1339 W FrameTracker: Missed SF frame:PREDICTION_ERROR, 6293, 7002292, CUJ=J<LAUNCHER_APP_CLOSE_TO_HOME>
10-28 15:12:23.358  1339  1339 W FrameTracker: Missed SF frame:PREDICTION_ERROR, 6365, 3768578, CUJ=J<LAUNCHER_APP_CLOSE_TO_HOME>
10-28 15:12:23.358  1339  1339 W FrameTracker: Missed SF frame:PREDICTION_ERROR, 6401, 3318937, CUJ=J<LAUNCHER_APP_CLOSE_TO_HOME>
10-28 15:12:23.358  1339  1339 W FrameTracker: Missed SF frame:PREDICTION_ERROR, 6437, 5171376, CUJ=J<LAUNCHER_APP_CLOSE_TO_HOME>
10-28 15:12:23.358  1339  1339 W FrameTracker: Missing SF jank callback for vsyncId: 6502, CUJ=J<LAUNCHER_APP_CLOSE_TO_HOME>
10-28 15:12:23.359  1339  1698 V PerfettoTrigger: Not triggering com.android.telemetry.interaction-jank-monitor-9 - not enough time since last trigger
10-28 15:12:23.370   424   463 W TransactionTracing: Could not find layer handle 0x7069350381b0
10-28 15:12:23.391   862   918 W FrameTracker: Missed SF frame:PREDICTION_ERROR, 6250, 5106683, CUJ=J<SPLASHSCREEN_EXIT_ANIM>
10-28 15:12:23.391   862   918 W FrameTracker: Missed SF frame:PREDICTION_ERROR, 6286, 0, CUJ=J<SPLASHSCREEN_EXIT_ANIM>
10-28 15:12:23.391   862   918 W FrameTracker: Missing HWUI jank callback for vsyncId: 6286, CUJ=J<SPLASHSCREEN_EXIT_ANIM>
10-28 15:12:23.391   862   918 W FrameTracker: Missed SF frame:PREDICTION_ERROR, 6466, 3704174, CUJ=J<SPLASHSCREEN_EXIT_ANIM>
10-28 15:12:23.391   862   918 W FrameTracker: Missed SF frame:PREDICTION_ERROR, 6495, 4730043, CUJ=J<SPLASHSCREEN_EXIT_ANIM>
10-28 15:12:23.391   862   918 W FrameTracker: Missed SF frame:PREDICTION_ERROR, 6524, 2796361, CUJ=J<SPLASHSCREEN_EXIT_ANIM>
10-28 15:12:23.391   862   918 W FrameTracker: Missed SF frame:PREDICTION_ERROR, 6553, 5374520, CUJ=J<SPLASHSCREEN_EXIT_ANIM>
10-28 15:12:23.391   862   918 W FrameTracker: Missed SF frame:PREDICTION_ERROR, 6589, 0, CUJ=J<SPLASHSCREEN_EXIT_ANIM>
10-28 15:12:23.391   862   918 W FrameTracker: Missing HWUI jank callback for vsyncId: 6589, CUJ=J<SPLASHSCREEN_EXIT_ANIM>
10-28 15:12:23.391   862   907 V PerfettoTrigger: Not triggering com.android.telemetry.interaction-jank-monitor-39 - not enough time since last trigger
10-28 15:12:23.520   424   463 W TransactionTracing: Could not find layer handle 0x706935037d90
10-28 15:12:23.520   424   463 W TransactionTracing: Could not find layer handle 0x70693503cb90
10-28 15:12:23.520   424   463 W TransactionTracing: Could not find layer handle 0x70693503cb90
10-28 15:12:23.632  2542  2559 D UiDevice: Searching for node with selector: BySelector [TEXT='\QGet Started\E'].
10-28 15:12:24.228  2542  2559 D UiDevice: Searching for node with selector: BySelector [TEXT='\QGet Started\E'].
10-28 15:12:24.331  2542  2559 D UiDevice: Searching for node with selector: BySelector [TEXT='\QGet Started\E'].
10-28 15:12:24.435  2542  2559 D UiDevice: Searching for node with selector: BySelector [TEXT='\QGet Started\E'].
