10-28 15:16:20.398  4139  4139 I dex2oat64: /apex/com.android.art/bin/dex2oat64 --input-vdex-fd=11 --output-vdex-fd=10 --profile-file-fd=13 --classpath-dir=/data/app/~~EFLmwlxs6fLx-EpFxvJ9lg==/org.kaisipan.mobile-TVisp_8JWhaVjfznyxZtdQ== --class-loader-context=PCL[]{PCL[/system_ext/framework/androidx.window.extensions.jar]#PCL[/system_ext/framework/androidx.window.sidecar.jar]} --compiler-filter=speed-profile --compilation-reason=cmdline --max-image-block-size=524288 --resolve-startup-const-strings=true --generate-mini-debug-info
10-28 15:16:24.274  4139  4141 W dex2oat64: Accessing hidden method Landroid/window/BackEvent;->getProgress()F (blocked, linking, denied)
10-28 15:16:24.274  4139  4141 W dex2oat64: Accessing hidden method Landroid/window/BackEvent;->getSwipeEdge()I (blocked, linking, denied)
10-28 15:16:24.274  4139  4141 W dex2oat64: Accessing hidden method Landroid/window/BackEvent;->getTouchX()F (blocked, linking, denied)
10-28 15:16:24.274  4139  4141 W dex2oat64: Accessing hidden method Landroid/window/BackEvent;->getTouchY()F (blocked, linking, denied)
10-28 15:16:24.506  4139  4139 W dex2oat64: Method java.lang.Object androidx.compose.runtime.snapshots.SnapshotStateMap.mutate(kotlin.jvm.functions.Function1) failed lock verification and will run slower.
10-28 15:16:24.506  4139  4139 W dex2oat64: Common causes for lock verification issues are non-optimized dex code
10-28 15:16:24.506  4139  4139 W dex2oat64: and incorrect proguard optimizations.
10-28 15:16:24.506  4139  4139 W dex2oat64: Method void androidx.compose.runtime.snapshots.SnapshotStateMap.update(kotlin.jvm.functions.Function1) failed lock verification and will run slower.
10-28 15:16:24.507  4139  4139 W dex2oat64: Method boolean androidx.compose.runtime.snapshots.SnapshotStateMap.removeIf$runtime_release(kotlin.jvm.functions.Function1) failed lock verification and will run slower.
10-28 15:16:24.528  4139  4141 W dex2oat64: Method boolean androidx.compose.runtime.snapshots.SnapshotStateList.conditionalUpdate(boolean, kotlin.jvm.functions.Function1) failed lock verification and will run slower.
10-28 15:16:24.528  4139  4141 W dex2oat64: Method boolean androidx.compose.runtime.snapshots.SnapshotStateList.conditionalUpdate$default(androidx.compose.runtime.snapshots.SnapshotStateList, boolean, kotlin.jvm.functions.Function1, int, java.lang.Object) failed lock verification and will run slower.
10-28 15:16:24.529  4139  4141 W dex2oat64: Method java.lang.Object androidx.compose.runtime.snapshots.SnapshotStateList.mutate(kotlin.jvm.functions.Function1) failed lock verification and will run slower.
10-28 15:16:24.529  4139  4141 W dex2oat64: Method void androidx.compose.runtime.snapshots.SnapshotStateList.update(boolean, kotlin.jvm.functions.Function1) failed lock verification and will run slower.
10-28 15:16:24.529  4139  4141 W dex2oat64: Method void androidx.compose.runtime.snapshots.SnapshotStateList.update$default(androidx.compose.runtime.snapshots.SnapshotStateList, boolean, kotlin.jvm.functions.Function1, int, java.lang.Object) failed lock verification and will run slower.
10-28 15:16:25.766  4139  4139 I dex2oat64: Explicit concurrent copying GC freed 197116(31MB) AllocSpace objects, 0(0B) LOS objects, 49% free, 2154KB/4309KB, paused 17us,2us total 7.551ms
10-28 15:16:26.078  4139  4139 I dex2oat64: dex2oat took 5.685s (9.012s cpu) (threads: 4) arena alloc=11MB (11612152B) java alloc=2154KB (2206680B) native alloc=22MB (23360320B) free=145MB (152728480B)
10-28 15:16:26.105   489   515 V installd: DexInv: --- END '/data/app/~~EFLmwlxs6fLx-EpFxvJ9lg==/org.kaisipan.mobile-TVisp_8JWhaVjfznyxZtdQ==/base.apk' (success) ---
10-28 15:16:26.160  1493  1676 W MediaProvider: isAppCloneUserPair for user 0: false
10-28 15:16:26.161  1493  1676 V MediaProvider: Inserted id:1000000098 less than next row id backup:1000001000.
10-28 15:16:26.550  4159  4159 W profman : profman took 364.049ms
10-28 15:16:26.570  1493  1680 W MediaProvider: isAppCloneUserPair for user 0: false
10-28 15:16:26.571  1493  1680 V MediaProvider: Inserted id:1000000099 less than next row id backup:1000001000.
10-28 15:16:26.769  1493  1680 I MediaProvider: Deleted 0 0 0 0 0 0 0 items on external_primary due to com.ustadmobile.app_android_baselineprofile
10-28 15:16:27.561  2542  2559 D Benchmark: Unstable profiles during iteration 13
10-28 15:16:27.561  2542  2559 D Benchmark: Killing package org.kaisipan.mobile
10-28 15:16:27.561  2542  2559 D Benchmark: Killing process org.kaisipan.mobile
10-28 15:16:27.562  2542  2559 D UiDevice: Executing shell command: killall org.kaisipan.mobile
10-28 15:16:27.574  2542  2559 D Benchmark: Compile iteration (14) for org.kaisipan.mobile
10-28 15:16:27.574  2542  2559 D UiDevice: Pressing home button.
10-28 15:16:27.593   862   862 V ShadeControllerImpl: NotificationShadeWindow: com.android.systemui.shade.NotificationShadeWindowView{86d7116 I.E...... ......ID 0,0-320,640} canPanelBeCollapsed(): false
10-28 15:16:27.600  1339  1339 D TaplTarget: Launcher.onNewIntent: Intent { act=android.intent.action.MAIN cat=[android.intent.category.HOME] flg=0x10400100 cmp=com.android.launcher3/.uioverrides.QuickstepLauncher (has extras) }
10-28 15:16:27.605   862   862 V ShadeControllerImpl: NotificationShadeWindow: com.android.systemui.shade.NotificationShadeWindowView{86d7116 I.E...... ......ID 0,0-320,640} canPanelBeCollapsed(): false
10-28 15:16:27.620   424   424 I BpBinder: onLastStrongRef automatically unlinking death recipients: <uncached descriptor>
10-28 15:16:27.644   862  1304 D EGL_emulation: app_time_stats: avg=862.48ms min=10.88ms max=23419.32ms count=28
10-28 15:16:27.648  1493  2742 W MediaProvider: isAppCloneUserPair for user 0: false
10-28 15:16:27.648  1493  2742 V MediaProvider: Inserted id:1000000100 less than next row id backup:1000001000.
10-28 15:16:27.670   424   463 W TransactionTracing: Could not find layer handle 0x706935038ff0
10-28 15:16:27.703  2542  2559 I System.out: 0 Flags,FrameTimelineVsyncId,IntendedVsync,Vsync,InputEventId,HandleInputStart,AnimationStart,PerformTraversalsStart,DrawStart,FrameDeadline,FrameInterval,FrameStartTime,SyncQueued,SyncStart,IssueDrawCommandsStart,SwapBuffers,FrameCompleted,DequeueBufferDuration,QueueBufferDuration,GpuCompleted,SwapBuffersCompleted,DisplayPresentTime,CommandSubmissionCompleted,
10-28 15:16:27.703  2542  2559 I System.out: 1 1,17026,570450340213,570450340213,0,570455847668,570455847898,570455848038,570474198533,570467006879,570455846218,16666666,570474804853,570475081063,570475115213,570475204033,570482567845,1210,88290,570482567845,570475670063,-2,570475204033,
10-28 15:16:27.703  2542  2559 I System.out: 2 0,17069,570467006879,570467006879,0,570477655884,570477656134,570481410895,570481426245,570500340211,570477654884,16666666,570482025265,570482054135,570482083705,570482164645,570483804315,2070,92570,570483804315,570482595985,570487923666,570482164645,
10-28 15:16:27.703  2542  2559 I System.out: 3 0,17105,570483673545,570483673545,0,570484414735,570484415065,570513535414,570513559414,570517006877,570484412985,16666666,570521219176,570522522626,570522566576,570522634366,570523501876,2940,349170,570523470356,570523501876,570536121150,570522634366,
10-28 15:16:27.703  2542  2559 I System.out: 4 0,17148,570500340211,570517006877,0,570524268527,570524268847,570532776879,570532801989,570550340209,570524267447,16666666,570543723132,570543779602,570543831042,570544033542,570548804003,1420,74220,570548804003,570544596462,570552912985,570544033542,
10-28 15:16:27.703  2542  2559 I System.out: 5 0,17227,570533673543,570533673543,0,570545177632,570545177932,570546874723,570546895103,570567006875,570545176382,16666666,570547722503,570547745113,570547779793,570548364133,570554485845,5646702,62780,570550457774,570554485845,570571156110,570548364133,
10-28 15:16:27.703  2542  2559 I System.out: 6 0,17263,570550340209,570550340209,0,570550528174,570550528594,570552886065,570552914015,570583673541,570550526804,16666666,570554740005,570554760545,570554796095,570556265375,570572001480,15048894,88710,570567126338,570572001480,570587100404,570556265375,
10-28 15:16:27.703  2542  2559 I System.out: 7 0,17299,570567006875,570567006875,0,570573263770,570573264650,570576212421,570576239181,570600340207,570573261330,16666666,570578106022,570578144322,570578208912,570578758762,570587313724,8037962,61100,570583785393,570587313724,570603922599,570578758762,
10-28 15:16:27.703  2542  2559 I System.out: 8 0,17335,570583673541,570583673541,0,570587455784,570587456724,570590223135,570590253195,570617006873,570587452784,16666666,570592685346,570592802626,570592855576,570593642846,570604310939,9985623,83360,570600451518,570604310939,570618089883,570593642846,
10-28 15:16:27.703  2542  2559 I System.out: 9 0,17371,570600340207,570600340207,0,570604168449,570604168699,570611856201,570611877021,570633673539,570604166469,16666666,570614404152,570614443372,570614506232,570615293362,570623447074,7362012,140060,570617116532,570623447074,570638505788,570615293362,
10-28 15:16:27.703  2542  2559 I System.out: 10 0,17407,570617006873,570617006873,0,570618391673,570618392113,570620999843,570621017323,570650340205,570618390163,16666666,570622109194,570623477134,570623523744,570624995725,570638798578,12335083,70390,570633828617,570638798578,570653721523,570624995725,
10-28 15:16:27.703  2542  2559 I System.out: 11 0,17443,570633673539,570633673539,0,570634886247,570634886697,570637002318,570637022978,570667006871,570634883637,16666666,570638619028,570638881708,570638924098,570640026609,570653984113,13158724,97900,570650488682,570653984113,570669272107,570640026609,
10-28 15:16:27.703  2542  2559 I System.out: 12 0,17479,570650340205,570650340205,0,570650850912,570650851082,570652343222,570652358402,570683673537,570650849912,16666666,570653412582,570654006103,570654096673,570654919253,570669879737,13794904,83360,570667088986,570669879737,570688369092,570654919253,
10-28 15:16:27.703  2542  2559 I System.out: 13 0,17515,570667006871,570667006871,0,570667204776,570667205026,570669889967,570670649927,570700340203,570667203716,16666666,570673195038,570673257958,570673319168,570674131478,570688759482,13700384,147250,570675009668,570688759482,570703244626,570674131478,
10-28 15:16:27.703  2542  2559 I System.out: 14 0,17544,570683673537,570683673537,0,570684151771,570684151921,570686009651,570686033881,570717006869,570684150941,16666666,570687788412,570688792142,570688844582,570689662012,570703338266,12037113,103320,570700447685,570703338266,570722304432,570689662012,
10-28 15:16:27.703  2542  2559 I System.out: 15 0,17573,570700340203,570700340203,0,570701000306,570701000566,570703680096,570703703486,570733673535,570700998676,16666666,570705223477,570705281207,570705343447,570706290247,570721574131,14291794,84860,570717169330,570721574131,570738492436,570706290247,
10-28 15:16:27.703  2542  2559 I System.out: 16 0,17609,570717006869,570717006869,0,570717457740,570717457930,570719537691,570719562391,570750340201,570717455770,16666666,570721123981,570721602921,570721685261,570722767892,570738818066,14915694,147790,570733814185,570738818066,570751881780,570722767892,
10-28 15:16:27.703  2542  2559 I System.out: 17 0,17631,570733673535,570733673535,0,570733886435,570733886835,570737137486,570737166986,570767006867,570733884775,16666666,570739370646,570739412796,570739466046,570740328987,570752774600,10946783,98040,570750492439,570752774600,570768572004,570740328987,
10-28 15:16:27.703  2542  2559 I System.out: 18 0,17669,570750340201,570750340201,0,570753194360,570753194690,570755313581,570755339321,570783673533,570753191760,16666666,570756549061,570756598831,570756653431,570757656781,570769581075,10864213,164060,570767153524,570769581075,570786019159,570757656781,
10-28 15:16:27.703  2542  2559 I System.out: 19 0,17696,570767006867,570767006867,0,570768569364,570768570254,570771400035,570771426485,570800340199,570768566204,16666666,570773076946,570773116006,570773163526,570774048606,570786272189,11190093,83590,570775037106,570786272189,570802083664,570774048606,
10-28 15:16:27.703  2542  2559 I System.out: 20 0,17722,570783673533,570783673533,0,570784157259,570784157399,570784854839,570784875139,570817006865,570784156279,16666666,570786030459,570786319339,570786371279,570786606329,570802787704,14963554,136070,570787684930,570802787704,570819318689,570786606329,
10-28 15:16:27.703  2542  2559 I System.out: 21 0,17747,570800340199,570800340199,0,570800574333,570800574813,570801542154,570801580364,570833673531,570800571143,16666666,570803052334,570803111104,570803185664,570803545904,570819439639,14894415,123940,570817112158,570819439639,570835667573,570803545904,
10-28 15:16:27.703  2542  2559 I System.out: 22 0,17762,570817006865,570817006865,0,570817217328,570817217908,570818116908,570818149438,570850340197,570817214408,16666666,570819312749,570819463599,570819507189,570819743409,570835823193,14964664,183530,570833816623,570835823193,570851506427,570819743409,
10-28 15:16:27.703  2542  2559 I System.out: 23 0,17785,570833673531,570833673531,0,570833873603,570833873943,570834324953,570834347413,570867006863,570833871963,16666666,570835074773,570835848603,570835898253,570836203153,570851884218,14674075,101630,570850460777,570851884218,570868293812,570836203153,
10-28 15:16:27.703  2542  2559 I System.out: 24 0,17800,570850340197,570850340197,0,570850555597,570850556007,570852991738,570853020328,570883673529,570850554347,16666666,570854365768,570854406198,570854463578,570854951218,570868606552,12582323,203350,570867118822,570868606552,570885379037,570854951218,
10-28 15:16:27.703  2542  2559 I System.out: 25 0,17821,570867006863,570867006863,0,570867171742,570867172062,570868788042,570868811762,570900340195,570867170382,16666666,570869712743,570869754473,570869803043,570870411093,570885666107,14405654,122100,570883787806,570885666107,570902459772,570870411093,
10-28 15:16:27.703  2542  2559 I System.out: 26 0,17829,570883673529,570883673529,0,570883839046,570883839466,570884671617,570884698907,570917006861,570883837746,16666666,570886427747,570886498777,570886552347,570887056297,570902648732,14804144,118221,570900451061,570902648732,570919173516,570887056297,
10-28 15:16:27.703  2542  2559 I System.out: 27 0,17844,570900340195,570900340195,0,570900565581,570900566231,570901304861,570901331931,570933673527,570900563541,16666666,570902427372,570902681912,570902722402,570903075312,570919314096,15421094,162580,570917120906,570919314096,570935596831,570903075312,
10-28 15:16:27.703  2542  2559 I System.out: 28 0,17866,570917006861,570917006861,0,570917203286,570917203806,570917561166,570917585866,570950340193,570917201416,16666666,570917665656,570919335236,570919369896,570919716026,570935896891,15207444,170980,570933749190,570935896891,570952757726,570919716026,
10-28 15:16:27.703  2542  2559 I System.out: 29 0,17881,570933673527,570933673527,0,570933825950,570933826310,570934207820,570934223440,570967006859,570933824130,16666666,570935415091,570935926741,570935972411,570936374621,570952976826,15737965,98350,570950452795,570952976826,0,570936374621,
10-28 15:16:27.703  2542  2559 I System.out: 30 0,17910,570950340193,570950340193,0,570950578815,570950579165,570954048306,570954076546,570983673525,570950577465,16666666,570955465766,570955512676,570955556306,570955891876,570968288860,11660703,80210,570967133950,570968288860,0,570955891876,
10-28 15:16:27.703  2542  2559 I System.out: 31 0,17932,570967006859,570967006859,0,570967210420,570967210820,570967807720,570967823400,571000340191,570967209080,16666666,570968295110,570968320110,570968367030,570968916050,570984795144,14911234,108780,570969846680,570984795144,0,570968916050,
10-28 15:16:27.703  2542  2559 I System.out: 32 0,17954,570983673525,570983673525,0,570983914244,570983914714,570983914964,570984131424,571017006857,570983912904,16666666,570984217344,570984816624,570984862124,570985148145,571001718749,15695494,134420,571000445899,571001718749,0,570985148145,
10-28 15:16:27.704  2542  2559 D Benchmark: Starting activity with command: am start  -W "intent:#Intent;action=android.intent.action.MAIN;category=android.intent.category.LAUNCHER;launchFlags=0x10008000;package=org.kaisipan.mobile;component=org.kaisipan.mobile/com.ustadmobile.port.android.view.AppActivity;end"
10-28 15:16:27.707  1493  1876 W MediaProvider: isAppCloneUserPair for user 0: false
10-28 15:16:27.708  1493  1876 V MediaProvider: Inserted id:1000000101 less than next row id backup:1000001000.
10-28 15:16:27.746   862   919 D SplashScreenView: Build android.window.SplashScreenView{5bc54e8 V.E...... ......ID 0,0-0,0}
10-28 15:16:27.746   862   919 D SplashScreenView: Icon: view: null drawable: null size: 0
10-28 15:16:27.746   862   919 D SplashScreenView: Branding: view: android.view.View{67f0701 G.ED..... ......I. 0,0-0,0 #10204db android:id/splashscreen_branding_view} drawable: null size w: 0 h: 0
10-28 15:16:27.749  2633  2633 D AppActivity$onDestroy: AppActivity#onDestroy
10-28 15:16:27.752   584   942 W InputManager-JNI: Input channel object '424aaf org.kaisipan.mobile/com.ustadmobile.port.android.view.AppActivity (client)' was disposed without first being removed with the input manager!
10-28 15:16:27.761  2633  2633 W CustomTabsClient: Unable to find any Custom Tabs packages, you may need to add a <queries> element to your manifest. See the docs for CustomTabsClient#getPackageName.
10-28 15:16:27.761  2633  2633 W AppActivity$bindCustomTabsService: CustomTabs: Service NOT supported
10-28 15:16:27.763   862  1304 W Parcel  : Expecting binder but got null!
10-28 15:16:27.767  2633  2633 D AutofillManager: Fill dialog is enabled:false, hints=[]
10-28 15:16:27.772  2633  2633 W OnBackInvokedCallback: OnBackInvokedCallback is not enabled for the application.
10-28 15:16:27.772  2633  2633 W OnBackInvokedCallback: Set 'android:enableOnBackInvokedCallback="true"' in the application manifest.
10-28 15:16:27.776   584   856 D ConnectivityService: requestNetwork for uid/pid:10126/2633 activeRequest: null callbackRequest: 70 [NetworkRequest [ REQUEST id=71, [ Capabilities: INTERNET&NOT_RESTRICTED&TRUSTED&NOT_VCN_MANAGED Uid: 10126 RequestorUid: 10126 RequestorPkg: org.kaisipan.mobile UnderlyingNetworks: Null] ]] callback flags: 0 order: 2147483647
10-28 15:16:27.779   584   808 D ConnectivityService: NetReassign [71 : null → 100]
10-28 15:16:27.780   584   801 D WifiNetworkFactory: got request NetworkRequest [ REQUEST id=71, [ Capabilities: INTERNET&NOT_RESTRICTED&TRUSTED&NOT_VCN_MANAGED Uid: 10126 RequestorUid: 10126 RequestorPkg: org.kaisipan.mobile UnderlyingNetworks: Null] ]
10-28 15:16:27.780   584   801 D UntrustedWifiNetworkFactory: got request NetworkRequest [ REQUEST id=71, [ Capabilities: INTERNET&NOT_RESTRICTED&TRUSTED&NOT_VCN_MANAGED Uid: 10126 RequestorUid: 10126 RequestorPkg: org.kaisipan.mobile UnderlyingNetworks: Null] ]
10-28 15:16:27.780   584   801 D OemPaidWifiNetworkFactory: got request NetworkRequest [ REQUEST id=71, [ Capabilities: INTERNET&NOT_RESTRICTED&TRUSTED&NOT_VCN_MANAGED Uid: 10126 RequestorUid: 10126 RequestorPkg: org.kaisipan.mobile UnderlyingNetworks: Null] ]
10-28 15:16:27.780   584   801 D MultiInternetWifiNetworkFactory: got request NetworkRequest [ REQUEST id=71, [ Capabilities: INTERNET&NOT_RESTRICTED&TRUSTED&NOT_VCN_MANAGED Uid: 10126 RequestorUid: 10126 RequestorPkg: org.kaisipan.mobile UnderlyingNetworks: Null] ]
10-28 15:16:27.784  2633  2690 W Parcel  : Expecting binder but got null!
10-28 15:16:27.786   584   604 I ActivityTaskManager: Displayed org.kaisipan.mobile/com.ustadmobile.port.android.view.AppActivity: +47ms
10-28 15:16:27.789   424   463 W TransactionTracing: Could not find layer handle 0x70693503c8f0
10-28 15:16:27.792  2633  2633 D UstadViewModelFunKt$ustadViewModel$viewModel$invoke: ustadViewModel(): create viewmodel for: com.ustadmobile.core.viewmodel.redirect.RedirectViewModel
10-28 15:16:27.793  2633  2633 I System.out: com.ustadmobile.core.db.UmAppDatabase_DoorWrapper@229d481
10-28 15:16:27.796  2633  2633 D UstadNavControllerPreCompose$onCollectNavCommand: NavCommandEffect: Navigate: Go to Login
10-28 15:16:27.810  2633  2633 D UstadViewModelFunKt$ustadViewModel$viewModel$invoke: ustadViewModel(): create viewmodel for: com.ustadmobile.core.viewmodel.login.LoginViewModel
10-28 15:16:27.812  2542  2559 D Benchmark: Result: Starting: Intent { act=android.intent.action.MAIN cat=[android.intent.category.LAUNCHER] flg=0x10008000 pkg=org.kaisipan.mobile cmp=org.kaisipan.mobile/com.ustadmobile.port.android.view.AppActivity }
10-28 15:16:27.812  2542  2559 D Benchmark: Status: ok
10-28 15:16:27.812  2542  2559 D Benchmark: LaunchState: WARM
10-28 15:16:27.812  2542  2559 D Benchmark: Activity: org.kaisipan.mobile/com.ustadmobile.port.android.view.AppActivity
10-28 15:16:27.812  2542  2559 D Benchmark: TotalTime: 47
10-28 15:16:27.812  2542  2559 D Benchmark: WaitTime: 49
10-28 15:16:27.812  2542  2559 D Benchmark: Complete
10-28 15:16:27.814  2633  2744 V UstadCache: OKHttp-CacheInterceptor:  intercept: GET https://oer.kaisipan.org/v2/Site/verify
10-28 15:16:27.814  2633  2744 I UstadCache: UstadCache(): Retrieve https://oer.kaisipan.org/v2/Site/verify
10-28 15:16:27.815  2633  2744 D UstadCache: UstadCache(): FOUND https://oer.kaisipan.org/v2/Site/verify
10-28 15:16:27.817  2633  2744 D TrafficStats: tagSocket(100) with statsTag=0xffffffff, statsUid=-1
10-28 15:16:27.829  1493  2742 W MediaProvider: isAppCloneUserPair for user 0: false
10-28 15:16:27.830  1493  2742 V MediaProvider: Inserted id:1000000102 less than next row id backup:1000001000.
10-28 15:16:27.900  2542  2559 I System.out: 0 Flags,FrameTimelineVsyncId,IntendedVsync,Vsync,InputEventId,HandleInputStart,AnimationStart,PerformTraversalsStart,DrawStart,FrameDeadline,FrameInterval,FrameStartTime,SyncQueued,SyncStart,IssueDrawCommandsStart,SwapBuffers,FrameCompleted,DequeueBufferDuration,QueueBufferDuration,GpuCompleted,SwapBuffersCompleted,DisplayPresentTime,CommandSubmissionCompleted,
10-28 15:16:27.900  2542  2559 I System.out: 1 1,18252,594617005913,594617005913,0,594630060722,594630060982,594630149722,594646348327,594633672579,594630059202,16666666,594646760277,594646858057,594646908917,594647062027,594650475608,2040,214370,594650475608,594647663747,594652554089,594647062027,
10-28 15:16:27.900  2542  2559 I System.out: 2 0,18295,594633672579,594650339245,0,594653699089,594653699609,594658344770,594658366580,594683672577,594653695989,16666666,594658762510,594658787700,594658817460,594658932900,594659621841,1990,331761,594659601461,594659621841,546219542366,594658932900,
10-28 15:16:27.900  2542  2559 I System.out: 3 0,18367,594667005911,594667005911,0,594669497613,594669497803,594690111629,594690142949,594700339243,594669494763,16666666,594696549181,594696572531,594696615991,594696689281,594697506261,1930,459890,594697484641,594697506261,546268280969,594696689281,
10-28 15:16:27.900  2542  2559 I System.out: 4 0,18410,594683672577,594683672577,0,594698345801,594698346101,594708870854,594708905234,594717005909,594698344911,16666666,594715899626,594715935856,594715995426,594716546326,594720011167,2850,135340,594719972087,594720011167,546285712004,594716546326,
10-28 15:16:27.900  2542  2559 I System.out: 5 0,18453,594700339243,594717005909,0,594717009406,594717009636,594720681188,594720695808,594717005909,594717007236,16666666,594721572088,594721601558,594721679898,594722857258,546287255824,13072904,72870,546283865723,594737052352,546302423219,594722857258,
10-28 15:16:27.900  2542  2559 D UiDevice: Waiting 10000ms for SearchCondition[hasObject=BySelector [TEXT='\QGet Started\E']].
10-28 15:16:27.900  2542  2559 D UiDevice: Searching for node with selector: BySelector [TEXT='\QGet Started\E'].
10-28 15:16:27.915  2633  2744 D UstadCache: OKHttp-CacheInterceptor:  MISS(invalid) https://oer.kaisipan.org/v2/Site/verify
10-28 15:16:27.915  2633  2744 D UstadCache: OKHttp-CacheInterceptor:  newCacheAndStoreResponse: GET https://oer.kaisipan.org/v2/Site/verify 200 ()
10-28 15:16:27.915  2633  2744 V UstadCache: OKHttp-CacheInterceptor:  https://oer.kaisipan.org/v2/Site/verify MISS(invalid) can store/update 200  (contentType=application/json; charset=UTF-8, content-encoding=null content-length=177)
10-28 15:16:27.918  2633  2754 D UstadCache: UstadCache(): storerequest 1 entries
10-28 15:16:27.919  2633  2754 V UstadCache: UstadCache(): copied request data for https://oer.kaisipan.org/v2/Site/verify to /data/user/0/org.kaisipan.mobile/files/httpfiles/tmpwork/14.tmp (integrity=sha256-+Gj5X+R/uXuHkt8sVDRb99IojGPQMF8H9XLmkpGzlgU=)
10-28 15:16:27.919  2633  2754 V UstadCache: UstadCache(): cacheEntries created 1 entries
10-28 15:16:27.920  2633  2754 D UstadCache: UstadCache(): deleting 1 tmp files
10-28 15:16:27.920  2633  2754 D UstadCache: UstadCache(): db transaction completed
10-28 15:16:28.009  1339  1339 W FrameTracker: Missed SF frame:PREDICTION_ERROR, 18149, 5959324, CUJ=J<LAUNCHER_APP_CLOSE_TO_HOME>
10-28 15:16:28.009  1339  1339 W FrameTracker: Missed SF frame:PREDICTION_ERROR, 18164, 4202082, CUJ=J<LAUNCHER_APP_CLOSE_TO_HOME>
10-28 15:16:28.009  1339  1339 W FrameTracker: Missed SF frame:PREDICTION_ERROR, 18201, 6089980, CUJ=J<LAUNCHER_APP_CLOSE_TO_HOME>
10-28 15:16:28.009  1339  1339 W FrameTracker: Missed SF frame:PREDICTION_ERROR, 18245, 5250177, CUJ=J<LAUNCHER_APP_CLOSE_TO_HOME>
10-28 15:16:28.009  1339  1339 W FrameTracker: Missed SF frame:PREDICTION_ERROR, 18288, 8653387, CUJ=J<LAUNCHER_APP_CLOSE_TO_HOME>
10-28 15:16:28.009  1339  1339 W FrameTracker: Missed SF frame:PREDICTION_ERROR, 18315, 4510064, CUJ=J<LAUNCHER_APP_CLOSE_TO_HOME>
10-28 15:16:28.009  1339  1339 W FrameTracker: Missed SF frame:PREDICTION_ERROR, 18511, 3910207, CUJ=J<LAUNCHER_APP_CLOSE_TO_HOME>
10-28 15:16:28.009  1339  1339 W FrameTracker: Missed SF frame:PREDICTION_ERROR, 18619, 3518673, CUJ=J<LAUNCHER_APP_CLOSE_TO_HOME>
10-28 15:16:28.009  1339  1698 V PerfettoTrigger: Not triggering com.android.telemetry.interaction-jank-monitor-9 - not enough time since last trigger
10-28 15:16:28.037   424   463 W TransactionTracing: Could not find layer handle 0x70693503aa30
10-28 15:16:28.053   424   463 W TransactionTracing: Could not find layer handle 0x70693503ec90
10-28 15:16:28.053   424   463 W TransactionTracing: Could not find layer handle 0x706935040a90
10-28 15:16:28.053   424   463 W TransactionTracing: Could not find layer handle 0x706935038390
10-28 15:16:28.053   424   463 W TransactionTracing: Could not find layer handle 0x706935038a50
10-28 15:16:28.053   424   463 W TransactionTracing: Could not find layer handle 0x70693503d730
10-28 15:16:28.075   584   856 W InputManager-JNI: Input channel object '23bd6d6 Splash Screen org.kaisipan.mobile (client)' was disposed without first being removed with the input manager!
10-28 15:16:28.103   424   463 W TransactionTracing: Could not find layer handle 0x706935040c70
10-28 15:16:28.125   862   918 W FrameTracker: Missed SF frame:PREDICTION_ERROR, 18346, 9546634, CUJ=J<SPLASHSCREEN_EXIT_ANIM>
10-28 15:16:28.125   862   918 W FrameTracker: Missed SF frame:PREDICTION_ERROR, 18396, 0, CUJ=J<SPLASHSCREEN_EXIT_ANIM>
10-28 15:16:28.125   862   918 W FrameTracker: Missing HWUI jank callback for vsyncId: 18396, CUJ=J<SPLASHSCREEN_EXIT_ANIM>
10-28 15:16:28.125   862   918 W FrameTracker: Missed SF frame:PREDICTION_ERROR, 18504, 5207078, CUJ=J<SPLASHSCREEN_EXIT_ANIM>
10-28 15:16:28.125   862   918 W FrameTracker: Missed SF frame:PREDICTION_ERROR, 18540, 5555056, CUJ=J<SPLASHSCREEN_EXIT_ANIM>
10-28 15:16:28.125   862   918 W FrameTracker: Missing HWUI jank callback for vsyncId: 18576, CUJ=J<SPLASHSCREEN_EXIT_ANIM>
10-28 15:16:28.125   862   918 W FrameTracker: Missed SF frame:PREDICTION_ERROR, 18645, 5164382, CUJ=J<SPLASHSCREEN_EXIT_ANIM>
10-28 15:16:28.125   862   918 W FrameTracker: Missed SF frame:PREDICTION_ERROR, 18720, 5175269, CUJ=J<SPLASHSCREEN_EXIT_ANIM>
10-28 15:16:28.125   862   918 W FrameTracker: Missed SF frame:PREDICTION_ERROR, 18749, 4707308, CUJ=J<SPLASHSCREEN_EXIT_ANIM>
10-28 15:16:28.125   862   918 W FrameTracker: Missed SF frame:PREDICTION_ERROR, 18772, 6068287, CUJ=J<SPLASHSCREEN_EXIT_ANIM>
10-28 15:16:28.125   862   918 W FrameTracker: Missing HWUI jank callback for vsyncId: 18814, CUJ=J<SPLASHSCREEN_EXIT_ANIM>
10-28 15:16:28.125   862   918 W FrameTracker: Missing SF jank callback for vsyncId: 18872, CUJ=J<SPLASHSCREEN_EXIT_ANIM>
10-28 15:16:28.125   862   907 V PerfettoTrigger: Not triggering com.android.telemetry.interaction-jank-monitor-39 - not enough time since last trigger
10-28 15:16:28.253   424   463 W TransactionTracing: Could not find layer handle 0x70693503e330
10-28 15:16:28.253   424   463 W TransactionTracing: Could not find layer handle 0x70693503d4f0
10-28 15:16:28.253   424   463 W TransactionTracing: Could not find layer handle 0x70693503f290
10-28 15:16:28.253   424   463 W TransactionTracing: Could not find layer handle 0x70693503f290
10-28 15:16:28.253   424   463 W TransactionTracing: Could not find layer handle 0x70693503d4f0
10-28 15:16:28.398  2542  2559 D UiDevice: Searching for node with selector: BySelector [TEXT='\QGet Started\E'].
10-28 15:16:28.981  2542  2559 D UiDevice: Searching for node with selector: BySelector [TEXT='\QGet Started\E'].
10-28 15:16:29.084  2542  2559 D UiDevice: Searching for node with selector: BySelector [TEXT='\QGet Started\E'].
10-28 15:16:29.186  2542  2559 D UiDevice: Searching for node with selector: BySelector [TEXT='\QGet Started\E'].
10-28 15:16:29.289  2542  2559 D UiDevice: Searching for node with selector: BySelector [TEXT='\QGet Started\E'].
10-28 15:16:29.391  2542  2559 D UiDevice: Searching for node with selector: BySelector [TEXT='\QGet Started\E'].
10-28 15:16:29.493  2542  2559 D UiDevice: Searching for node with selector: BySelector [TEXT='\QGet Started\E'].
10-28 15:16:29.596  2542  2559 D UiDevice: Searching for node with selector: BySelector [TEXT='\QGet Started\E'].
10-28 15:16:29.699  2542  2559 D UiDevice: Searching for node with selector: BySelector [TEXT='\QGet Started\E'].
10-28 15:16:29.801  2542  2559 D UiDevice: Searching for node with selector: BySelector [TEXT='\QGet Started\E'].
10-28 15:16:29.904  2542  2559 D UiDevice: Searching for node with selector: BySelector [TEXT='\QGet Started\E'].
10-28 15:16:30.006  2542  2559 D UiDevice: Searching for node with selector: BySelector [TEXT='\QGet Started\E'].
10-28 15:16:30.109  2542  2559 D UiDevice: Searching for node with selector: BySelector [TEXT='\QGet Started\E'].
10-28 15:16:30.211  2542  2559 D UiDevice: Searching for node with selector: BySelector [TEXT='\QGet Started\E'].
10-28 15:16:30.314  2542  2559 D UiDevice: Searching for node with selector: BySelector [TEXT='\QGet Started\E'].
10-28 15:16:30.416  2542  2559 D UiDevice: Searching for node with selector: BySelector [TEXT='\QGet Started\E'].
10-28 15:16:30.519  2542  2559 D UiDevice: Searching for node with selector: BySelector [TEXT='\QGet Started\E'].
10-28 15:16:30.621  2542  2559 D UiDevice: Searching for node with selector: BySelector [TEXT='\QGet Started\E'].
10-28 15:16:30.724  2542  2559 D UiDevice: Searching for node with selector: BySelector [TEXT='\QGet Started\E'].
10-28 15:16:30.826  2542  2559 D UiDevice: Searching for node with selector: BySelector [TEXT='\QGet Started\E'].
10-28 15:16:30.929  2542  2559 D UiDevice: Searching for node with selector: BySelector [TEXT='\QGet Started\E'].
10-28 15:16:31.032  2542  2559 D UiDevice: Searching for node with selector: BySelector [TEXT='\QGet Started\E'].
10-28 15:16:31.134  2542  2559 D UiDevice: Searching for node with selector: BySelector [TEXT='\QGet Started\E'].
10-28 15:16:31.237  2542  2559 D UiDevice: Searching for node with selector: BySelector [TEXT='\QGet Started\E'].
10-28 15:16:31.340  2542  2559 D UiDevice: Searching for node with selector: BySelector [TEXT='\QGet Started\E'].
10-28 15:16:31.442  2542  2559 D UiDevice: Searching for node with selector: BySelector [TEXT='\QGet Started\E'].
10-28 15:16:31.544  2542  2559 D UiDevice: Searching for node with selector: BySelector [TEXT='\QGet Started\E'].
10-28 15:16:31.647  2542  2559 D UiDevice: Searching for node with selector: BySelector [TEXT='\QGet Started\E'].
10-28 15:16:31.749  2542  2559 D UiDevice: Searching for node with selector: BySelector [TEXT='\QGet Started\E'].
10-28 15:16:31.852  2542  2559 D UiDevice: Searching for node with selector: BySelector [TEXT='\QGet Started\E'].
10-28 15:16:31.954  2542  2559 D UiDevice: Searching for node with selector: BySelector [TEXT='\QGet Started\E'].
10-28 15:16:32.057  2542  2559 D UiDevice: Searching for node with selector: BySelector [TEXT='\QGet Started\E'].
10-28 15:16:32.159  2542  2559 D UiDevice: Searching for node with selector: BySelector [TEXT='\QGet Started\E'].
10-28 15:16:32.261  2542  2559 D UiDevice: Searching for node with selector: BySelector [TEXT='\QGet Started\E'].
10-28 15:16:32.364  2542  2559 D UiDevice: Searching for node with selector: BySelector [TEXT='\QGet Started\E'].
10-28 15:16:32.467  2542  2559 D UiDevice: Searching for node with selector: BySelector [TEXT='\QGet Started\E'].
10-28 15:16:32.569  2542  2559 D UiDevice: Searching for node with selector: BySelector [TEXT='\QGet Started\E'].
10-28 15:16:32.672  2542  2559 D UiDevice: Searching for node with selector: BySelector [TEXT='\QGet Started\E'].
10-28 15:16:32.775  2542  2559 D UiDevice: Searching for node with selector: BySelector [TEXT='\QGet Started\E'].
10-28 15:16:32.878  2542  2559 D UiDevice: Searching for node with selector: BySelector [TEXT='\QGet Started\E'].
10-28 15:16:32.980  2542  2559 D UiDevice: Searching for node with selector: BySelector [TEXT='\QGet Started\E'].
10-28 15:16:33.083  2542  2559 D UiDevice: Searching for node with selector: BySelector [TEXT='\QGet Started\E'].
10-28 15:16:33.185  2542  2559 D UiDevice: Searching for node with selector: BySelector [TEXT='\QGet Started\E'].
10-28 15:16:33.288  2542  2559 D UiDevice: Searching for node with selector: BySelector [TEXT='\QGet Started\E'].
10-28 15:16:33.390  2542  2559 D UiDevice: Searching for node with selector: BySelector [TEXT='\QGet Started\E'].
10-28 15:16:33.493  2542  2559 D UiDevice: Searching for node with selector: BySelector [TEXT='\QGet Started\E'].
10-28 15:16:33.596  2542  2559 D UiDevice: Searching for node with selector: BySelector [TEXT='\QGet Started\E'].
10-28 15:16:33.699  2542  2559 D UiDevice: Searching for node with selector: BySelector [TEXT='\QGet Started\E'].
10-28 15:16:33.801  2542  2559 D UiDevice: Searching for node with selector: BySelector [TEXT='\QGet Started\E'].
10-28 15:16:33.904  2542  2559 D UiDevice: Searching for node with selector: BySelector [TEXT='\QGet Started\E'].
10-28 15:16:34.007  2542  2559 D UiDevice: Searching for node with selector: BySelector [TEXT='\QGet Started\E'].
10-28 15:16:34.110  2542  2559 D UiDevice: Searching for node with selector: BySelector [TEXT='\QGet Started\E'].
10-28 15:16:34.213  2542  2559 D UiDevice: Searching for node with selector: BySelector [TEXT='\QGet Started\E'].
10-28 15:16:34.315  2542  2559 D UiDevice: Searching for node with selector: BySelector [TEXT='\QGet Started\E'].
10-28 15:16:34.418  2542  2559 D UiDevice: Searching for node with selector: BySelector [TEXT='\QGet Started\E'].
10-28 15:16:34.521  2542  2559 D UiDevice: Searching for node with selector: BySelector [TEXT='\QGet Started\E'].
10-28 15:16:34.624  2542  2559 D UiDevice: Searching for node with selector: BySelector [TEXT='\QGet Started\E'].
10-28 15:16:34.726  2542  2559 D UiDevice: Searching for node with selector: BySelector [TEXT='\QGet Started\E'].
10-28 15:16:34.829  2542  2559 D UiDevice: Searching for node with selector: BySelector [TEXT='\QGet Started\E'].
10-28 15:16:34.931  2542  2559 D UiDevice: Searching for node with selector: BySelector [TEXT='\QGet Started\E'].
10-28 15:16:35.034  2542  2559 D UiDevice: Searching for node with selector: BySelector [TEXT='\QGet Started\E'].
10-28 15:16:35.136  2542  2559 D UiDevice: Searching for node with selector: BySelector [TEXT='\QGet Started\E'].
10-28 15:16:35.239  2542  2559 D UiDevice: Searching for node with selector: BySelector [TEXT='\QGet Started\E'].
10-28 15:16:35.342  2542  2559 D UiDevice: Searching for node with selector: BySelector [TEXT='\QGet Started\E'].
10-28 15:16:35.444  2542  2559 D UiDevice: Searching for node with selector: BySelector [TEXT='\QGet Started\E'].
10-28 15:16:35.546  2542  2559 D UiDevice: Searching for node with selector: BySelector [TEXT='\QGet Started\E'].
10-28 15:16:35.649  2542  2559 D UiDevice: Searching for node with selector: BySelector [TEXT='\QGet Started\E'].
10-28 15:16:35.752  2542  2559 D UiDevice: Searching for node with selector: BySelector [TEXT='\QGet Started\E'].
10-28 15:16:35.855  2542  2559 D UiDevice: Searching for node with selector: BySelector [TEXT='\QGet Started\E'].
10-28 15:16:35.958  2542  2559 D UiDevice: Searching for node with selector: BySelector [TEXT='\QGet Started\E'].
10-28 15:16:36.060  2542  2559 D UiDevice: Searching for node with selector: BySelector [TEXT='\QGet Started\E'].
10-28 15:16:36.163  2542  2559 D UiDevice: Searching for node with selector: BySelector [TEXT='\QGet Started\E'].
10-28 15:16:36.265  2542  2559 D UiDevice: Searching for node with selector: BySelector [TEXT='\QGet Started\E'].
10-28 15:16:36.368  2542  2559 D UiDevice: Searching for node with selector: BySelector [TEXT='\QGet Started\E'].
10-28 15:16:36.470  2542  2559 D UiDevice: Searching for node with selector: BySelector [TEXT='\QGet Started\E'].
10-28 15:16:36.573  2542  2559 D UiDevice: Searching for node with selector: BySelector [TEXT='\QGet Started\E'].
10-28 15:16:36.676  2542  2559 D UiDevice: Searching for node with selector: BySelector [TEXT='\QGet Started\E'].
10-28 15:16:36.779  2542  2559 D UiDevice: Searching for node with selector: BySelector [TEXT='\QGet Started\E'].
10-28 15:16:36.881  2542  2559 D UiDevice: Searching for node with selector: BySelector [TEXT='\QGet Started\E'].
10-28 15:16:36.984  2542  2559 D UiDevice: Searching for node with selector: BySelector [TEXT='\QGet Started\E'].
10-28 15:16:37.087  2542  2559 D UiDevice: Searching for node with selector: BySelector [TEXT='\QGet Started\E'].
10-28 15:16:37.189  2542  2559 D UiDevice: Searching for node with selector: BySelector [TEXT='\QGet Started\E'].
10-28 15:16:37.292  2542  2559 D UiDevice: Searching for node with selector: BySelector [TEXT='\QGet Started\E'].
10-28 15:16:37.394  2542  2559 D UiDevice: Searching for node with selector: BySelector [TEXT='\QGet Started\E'].
10-28 15:16:37.497  2542  2559 D UiDevice: Searching for node with selector: BySelector [TEXT='\QGet Started\E'].
10-28 15:16:37.599  2542  2559 D UiDevice: Searching for node with selector: BySelector [TEXT='\QGet Started\E'].
10-28 15:16:37.701  2542  2559 D UiDevice: Searching for node with selector: BySelector [TEXT='\QGet Started\E'].
10-28 15:16:37.804  2542  2559 D UiDevice: Searching for node with selector: BySelector [TEXT='\QGet Started\E'].
10-28 15:16:37.906  2542  2559 D UiDevice: Searching for node with selector: BySelector [TEXT='\QGet Started\E'].
10-28 15:16:38.909  2542  2559 D UiDevice: Retrieving node with selector: BySelector [TEXT='\QGet Started\E'].
10-28 15:16:38.911  2542  2559 D UiDevice: Node not found with selector: BySelector [TEXT='\QGet Started\E'].
10-28 15:16:43.913  2542  2559 D Benchmark: Profile Installer - Save Profile
10-28 15:16:43.950  2633  2633 I Process : Sending signal. PID: 2633 SIG: 10
10-28 15:16:43.950  2633  2633 D ProfileInstaller:
10-28 15:16:43.951  2633  2638 I kaisipan.mobile: Thread[3,tid=2638,WaitingInMainSignalCatcherLoop,Thread*=0x736948fad6f0,peer=0x138020f0,"Signal Catcher"]: reacting to signal 10
10-28 15:16:43.951  2633  2638 I kaisipan.mobile:
10-28 15:16:43.951  2633  2638 I kaisipan.mobile: SIGUSR1 forcing GC (no HPROF) and profile save
10-28 15:16:44.014  2633  2638 I kaisipan.mobile: Explicit concurrent copying GC freed 190533(7236KB) AllocSpace objects, 11(292KB) LOS objects, 49% free, 7953KB/15MB, paused 76us,111us total 63.539ms
10-28 15:16:44.021  2633  2644 W System  : A resource failed to call close.
10-28 15:16:44.454  2542  2559 D Benchmark: Killing process org.kaisipan.mobile
10-28 15:16:44.455  2542  2559 D UiDevice: Executing shell command: killall org.kaisipan.mobile
10-28 15:16:44.483  1493  1676 W MediaProvider: isAppCloneUserPair for user 0: false
10-28 15:16:44.485  1493  1676 V MediaProvider: Inserted id:1000000103 less than next row id backup:1000001000.
10-28 15:16:44.530   584   856 I PackageDexOptimizer: Running dexopt (dexoptNeeded=-3) on: /data/app/~~EFLmwlxs6fLx-EpFxvJ9lg==/org.kaisipan.mobile-TVisp_8JWhaVjfznyxZtdQ==/base.apk pkg=org.kaisipan.mobile isa=x86_64 dexoptFlags=boot_complete,profile_guided,force,enable_hidden_api_checks targetFilter=speed-profile oatDir=/data/app/~~EFLmwlxs6fLx-EpFxvJ9lg==/org.kaisipan.mobile-TVisp_8JWhaVjfznyxZtdQ==/oat classLoaderContext=PCL[]{PCL[/system_ext/framework/androidx.window.extensions.jar]#PCL[/system_ext/framework/androidx.window.sidecar.jar]}
10-28 15:16:44.532   489   515 V installd: DexInv: --- BEGIN '/data/app/~~EFLmwlxs6fLx-EpFxvJ9lg==/org.kaisipan.mobile-TVisp_8JWhaVjfznyxZtdQ==/base.apk' ---
10-28 15:16:44.532   489   515 V installd: Running /apex/com.android.art/bin/dex2oat64 in=base.apk out=/data/app/~~EFLmwlxs6fLx-EpFxvJ9lg==/org.kaisipan.mobile-TVisp_8JWhaVjfznyxZtdQ==/oat/x86_64/base.odex
10-28 15:16:44.545  4251  4251 W dex2oat64: Unexpected CPU variant for x86: x86_64.
10-28 15:16:44.545  4251  4251 W dex2oat64: Known variants: atom, sandybridge, silvermont, kabylake, default
10-28 15:16:44.547  4251  4251 W dex2oat64: Mismatch between dex2oat instruction set features to use (ISA: X86_64 Feature string: -ssse3,-sse4.1,-sse4.2,-avx,-avx2,-popcnt) and those from CPP defines (ISA: X86_64 Feature string: ssse3,sse4.1,sse4.2,-avx,-avx2,popcnt) for the command line:
10-28 15:16:44.547  4251  4251 W dex2oat64: /apex/com.android.art/bin/dex2oat64 --zip-fd=8 --zip-location=base.apk --oat-fd=9 --oat-location=/data/app/~~EFLmwlxs6fLx-EpFxvJ9lg==/org.kaisipan.mobile-TVisp_8JWhaVjfznyxZtdQ==/oat/x86_64/base.odex --input-vdex-fd=11 --output-vdex-fd=10 --app-image-fd=14 --image-format=lz4 --profile-file-fd=13 --swap-fd=12 --classpath-dir=/data/app/~~EFLmwlxs6fLx-EpFxvJ9lg==/org.kaisipan.mobile-TVisp_8JWhaVjfznyxZtdQ== --class-loader-context=PCL[]{PCL[/system_ext/framework/androidx.window.extensions.jar]#PCL[/system_ext/framework/androidx.window.sidecar.jar]} --instruction-set=x86_64 --instruction-set-features=default --instruction-set-variant=x86_64 --compiler-filter=speed-profile --compilation-reason=cmdline --max-image-block-size=524288 --resolve-startup-const-strings=true --generate-mini-debug-info --runtime-arg -Xtarget-sdk-version:34 --runtime-arg -Xhidden-api-policy:enabled --runtime-arg -Xms64m --runtime-arg -Xmx512m
10-28 15:16:44.550  4251  4251 I dex2oat64: /apex/com.android.art/bin/dex2oat64 --input-vdex-fd=11 --output-vdex-fd=10 --profile-file-fd=13 --classpath-dir=/data/app/~~EFLmwlxs6fLx-EpFxvJ9lg==/org.kaisipan.mobile-TVisp_8JWhaVjfznyxZtdQ== --class-loader-context=PCL[]{PCL[/system_ext/framework/androidx.window.extensions.jar]#PCL[/system_ext/framework/androidx.window.sidecar.jar]} --compiler-filter=speed-profile --compilation-reason=cmdline --max-image-block-size=524288 --resolve-startup-const-strings=true --generate-mini-debug-info
10-28 15:16:45.432  2633  2703 D UstadCache: CacheTrimmer:  Trim cache run: max (evictable) size = 100000000 bytes
10-28 15:16:45.434  2633  2703 V UstadCache: CacheTrimmer:  deleting
10-28 15:16:48.423  4251  4254 W dex2oat64: Accessing hidden method Landroid/window/BackEvent;->getProgress()F (blocked, linking, denied)
10-28 15:16:48.424  4251  4254 W dex2oat64: Accessing hidden method Landroid/window/BackEvent;->getSwipeEdge()I (blocked, linking, denied)
10-28 15:16:48.424  4251  4254 W dex2oat64: Accessing hidden method Landroid/window/BackEvent;->getTouchX()F (blocked, linking, denied)
10-28 15:16:48.424  4251  4254 W dex2oat64: Accessing hidden method Landroid/window/BackEvent;->getTouchY()F (blocked, linking, denied)
10-28 15:16:48.654  4251  4253 W dex2oat64: Method java.lang.Object androidx.compose.runtime.snapshots.SnapshotStateMap.mutate(kotlin.jvm.functions.Function1) failed lock verification and will run slower.
10-28 15:16:48.654  4251  4253 W dex2oat64: Common causes for lock verification issues are non-optimized dex code
10-28 15:16:48.654  4251  4253 W dex2oat64: and incorrect proguard optimizations.
10-28 15:16:48.654  4251  4253 W dex2oat64: Method void androidx.compose.runtime.snapshots.SnapshotStateMap.update(kotlin.jvm.functions.Function1) failed lock verification and will run slower.
10-28 15:16:48.654  4251  4253 W dex2oat64: Method boolean androidx.compose.runtime.snapshots.SnapshotStateMap.removeIf$runtime_release(kotlin.jvm.functions.Function1) failed lock verification and will run slower.
10-28 15:16:48.676  4251  4253 W dex2oat64: Method boolean androidx.compose.runtime.snapshots.SnapshotStateList.conditionalUpdate(boolean, kotlin.jvm.functions.Function1) failed lock verification and will run slower.
10-28 15:16:48.676  4251  4253 W dex2oat64: Method boolean androidx.compose.runtime.snapshots.SnapshotStateList.conditionalUpdate$default(androidx.compose.runtime.snapshots.SnapshotStateList, boolean, kotlin.jvm.functions.Function1, int, java.lang.Object) failed lock verification and will run slower.
10-28 15:16:48.676  4251  4253 W dex2oat64: Method java.lang.Object androidx.compose.runtime.snapshots.SnapshotStateList.mutate(kotlin.jvm.functions.Function1) failed lock verification and will run slower.
10-28 15:16:48.676  4251  4253 W dex2oat64: Method void androidx.compose.runtime.snapshots.SnapshotStateList.update(boolean, kotlin.jvm.functions.Function1) failed lock verification and will run slower.
10-28 15:16:48.676  4251  4253 W dex2oat64: Method void androidx.compose.runtime.snapshots.SnapshotStateList.update$default(androidx.compose.runtime.snapshots.SnapshotStateList, boolean, kotlin.jvm.functions.Function1, int, java.lang.Object) failed lock verification and will run slower.
10-28 15:16:49.952  4251  4251 I dex2oat64: Explicit concurrent copying GC freed 197121(31MB) AllocSpace objects, 0(0B) LOS objects, 49% free, 2154KB/4309KB, paused 16us,2us total 7.650ms
10-28 15:16:50.273  4251  4251 I dex2oat64: dex2oat took 5.728s (9.088s cpu) (threads: 4) arena alloc=11MB (12407104B) java alloc=2154KB (2206680B) native alloc=22MB (23369968B) free=145MB (152767520B)
10-28 15:16:50.301   489   515 V installd: DexInv: --- END '/data/app/~~EFLmwlxs6fLx-EpFxvJ9lg==/org.kaisipan.mobile-TVisp_8JWhaVjfznyxZtdQ==/base.apk' (success) ---
10-28 15:16:50.355  1493  1876 W MediaProvider: isAppCloneUserPair for user 0: false
10-28 15:16:50.356  1493  1876 V MediaProvider: Inserted id:1000000104 less than next row id backup:1000001000.
10-28 15:16:50.747  4271  4271 W profman : profman took 357.710ms
10-28 15:16:50.775  1493  1676 W MediaProvider: isAppCloneUserPair for user 0: false
10-28 15:16:50.776  1493  1676 V MediaProvider: Inserted id:1000000105 less than next row id backup:1000001000.
10-28 15:16:51.003  1493  1680 I MediaProvider: Deleted 0 0 0 0 0 0 0 items on external_primary due to com.ustadmobile.app_android_baselineprofile
10-28 15:16:51.779  2542  2559 D Benchmark: Unstable profiles during iteration 14
10-28 15:16:51.779  2542  2559 D Benchmark: Killing package org.kaisipan.mobile
10-28 15:16:51.779  2542  2559 D Benchmark: Killing process org.kaisipan.mobile
10-28 15:16:51.779  2542  2559 D UiDevice: Executing shell command: killall org.kaisipan.mobile
10-28 15:16:51.793  2542  2559 D Benchmark: Compile iteration (15) for org.kaisipan.mobile
10-28 15:16:51.793  2542  2559 D UiDevice: Pressing home button.
10-28 15:16:51.811   862   862 V ShadeControllerImpl: NotificationShadeWindow: com.android.systemui.shade.NotificationShadeWindowView{86d7116 I.E...... ......ID 0,0-320,640} canPanelBeCollapsed(): false
10-28 15:16:51.816  1339  1339 D TaplTarget: Launcher.onNewIntent: Intent { act=android.intent.action.MAIN cat=[android.intent.category.HOME] flg=0x10400100 cmp=com.android.launcher3/.uioverrides.QuickstepLauncher (has extras) }
10-28 15:16:51.819   862   862 V ShadeControllerImpl: NotificationShadeWindow: com.android.systemui.shade.NotificationShadeWindowView{86d7116 I.E...... ......ID 0,0-320,640} canPanelBeCollapsed(): false
10-28 15:16:51.836   424   424 I BpBinder: onLastStrongRef automatically unlinking death recipients: <uncached descriptor>
10-28 15:16:51.860  1493  3492 W MediaProvider: isAppCloneUserPair for user 0: false
10-28 15:16:51.861  1493  3492 V MediaProvider: Inserted id:1000000106 less than next row id backup:1000001000.
10-28 15:16:51.862   862  1304 D EGL_emulation: app_time_stats: avg=835.09ms min=14.14ms max=23471.06ms count=29
10-28 15:16:51.890   424   463 W TransactionTracing: Could not find layer handle 0x706935038690
10-28 15:16:51.902  2542  2559 I System.out: 0 Flags,FrameTimelineVsyncId,IntendedVsync,Vsync,InputEventId,HandleInputStart,AnimationStart,PerformTraversalsStart,DrawStart,FrameDeadline,FrameInterval,FrameStartTime,SyncQueued,SyncStart,IssueDrawCommandsStart,SwapBuffers,FrameCompleted,DequeueBufferDuration,QueueBufferDuration,GpuCompleted,SwapBuffersCompleted,DisplayPresentTime,CommandSubmissionCompleted,
10-28 15:16:51.902  2542  2559 I System.out: 1 1,18252,594617005913,594617005913,0,594630060722,594630060982,594630149722,594646348327,594633672579,594630059202,16666666,594646760277,594646858057,594646908917,594647062027,594650475608,2040,214370,594650475608,594647663747,594652554089,594647062027,
