10-28 15:12:55.680  2542  2559 D UiDevice: Searching for node with selector: BySelector [TEXT='\QGet Started\E'].
10-28 15:12:55.783  2542  2559 D UiDevice: Searching for node with selector: BySelector [TEXT='\QGet Started\E'].
10-28 15:12:55.886  2542  2559 D UiDevice: Searching for node with selector: BySelector [TEXT='\QGet Started\E'].
10-28 15:12:55.990  2542  2559 D UiDevice: Searching for node with selector: BySelector [TEXT='\QGet Started\E'].
10-28 15:12:56.093  2542  2559 D UiDevice: Searching for node with selector: BySelector [TEXT='\QGet Started\E'].
10-28 15:12:56.196  2542  2559 D UiDevice: Searching for node with selector: BySelector [TEXT='\QGet Started\E'].
10-28 15:12:56.299  2542  2559 D UiDevice: Searching for node with selector: BySelector [TEXT='\QGet Started\E'].
10-28 15:12:56.402  2542  2559 D UiDevice: Searching for node with selector: BySelector [TEXT='\QGet Started\E'].
10-28 15:12:56.505  2542  2559 D UiDevice: Searching for node with selector: BySelector [TEXT='\QGet Started\E'].
10-28 15:12:56.608  2542  2559 D UiDevice: Searching for node with selector: BySelector [TEXT='\QGet Started\E'].
10-28 15:12:56.712  2542  2559 D UiDevice: Searching for node with selector: BySelector [TEXT='\QGet Started\E'].
10-28 15:12:56.815  2542  2559 D UiDevice: Searching for node with selector: BySelector [TEXT='\QGet Started\E'].
10-28 15:12:56.918  2542  2559 D UiDevice: Searching for node with selector: BySelector [TEXT='\QGet Started\E'].
10-28 15:12:57.021  2542  2559 D UiDevice: Searching for node with selector: BySelector [TEXT='\QGet Started\E'].
10-28 15:12:57.124  2542  2559 D UiDevice: Searching for node with selector: BySelector [TEXT='\QGet Started\E'].
10-28 15:12:57.227  2542  2559 D UiDevice: Searching for node with selector: BySelector [TEXT='\QGet Started\E'].
10-28 15:12:58.231  2542  2559 D UiDevice: Retrieving node with selector: BySelector [TEXT='\QGet Started\E'].
10-28 15:12:58.234  2542  2559 D UiDevice: Node not found with selector: BySelector [TEXT='\QGet Started\E'].
10-28 15:13:00.029   862  1304 D EGL_emulation: app_time_stats: avg=451.68ms min=13.03ms max=12355.57ms count=29
10-28 15:13:01.993   394   394 E android.hardware.power.stats@1.0-service-mock: Failed to getEnergyData
10-28 15:13:03.235  2542  2559 D Benchmark: Profile Installer - Save Profile
10-28 15:13:03.265  2633  2633 I Process : Sending signal. PID: 2633 SIG: 10
10-28 15:13:03.265  2633  2633 D ProfileInstaller:
10-28 15:13:03.265  2633  2638 I kaisipan.mobile: Thread[3,tid=2638,WaitingInMainSignalCatcherLoop,Thread*=0x736948fad6f0,peer=0x135c1d50,"Signal Catcher"]: reacting to signal 10
10-28 15:13:03.265  2633  2638 I kaisipan.mobile:
10-28 15:13:03.265  2633  2638 I kaisipan.mobile: SIGUSR1 forcing GC (no HPROF) and profile save
10-28 15:13:03.326  2633  2638 I kaisipan.mobile: Explicit concurrent copying GC freed 168603(6500KB) AllocSpace objects, 11(292KB) LOS objects, 49% free, 7866KB/15MB, paused 64us,68us total 60.313ms
10-28 15:13:03.332  2633  2644 W System  : A resource failed to call close.
10-28 15:13:03.770  2542  2559 D Benchmark: Killing process org.kaisipan.mobile
10-28 15:13:03.770  2542  2559 D UiDevice: Executing shell command: killall org.kaisipan.mobile
10-28 15:13:03.802  1493  1680 W MediaProvider: isAppCloneUserPair for user 0: false
10-28 15:13:03.804  1493  1680 V MediaProvider: Inserted id:1000000049 less than next row id backup:1000001000.
10-28 15:13:03.854   584   856 I PackageDexOptimizer: Running dexopt (dexoptNeeded=-3) on: /data/app/~~EFLmwlxs6fLx-EpFxvJ9lg==/org.kaisipan.mobile-TVisp_8JWhaVjfznyxZtdQ==/base.apk pkg=org.kaisipan.mobile isa=x86_64 dexoptFlags=boot_complete,profile_guided,force,enable_hidden_api_checks targetFilter=speed-profile oatDir=/data/app/~~EFLmwlxs6fLx-EpFxvJ9lg==/org.kaisipan.mobile-TVisp_8JWhaVjfznyxZtdQ==/oat classLoaderContext=PCL[]{PCL[/system_ext/framework/androidx.window.extensions.jar]#PCL[/system_ext/framework/androidx.window.sidecar.jar]}
10-28 15:13:03.856   489   515 V installd: DexInv: --- BEGIN '/data/app/~~EFLmwlxs6fLx-EpFxvJ9lg==/org.kaisipan.mobile-TVisp_8JWhaVjfznyxZtdQ==/base.apk' ---
10-28 15:13:03.856   489   515 V installd: Running /apex/com.android.art/bin/dex2oat64 in=base.apk out=/data/app/~~EFLmwlxs6fLx-EpFxvJ9lg==/org.kaisipan.mobile-TVisp_8JWhaVjfznyxZtdQ==/oat/x86_64/base.odex
10-28 15:13:03.867  3236  3236 W dex2oat64: Unexpected CPU variant for x86: x86_64.
10-28 15:13:03.867  3236  3236 W dex2oat64: Known variants: atom, sandybridge, silvermont, kabylake, default
10-28 15:13:03.868  3236  3236 W dex2oat64: Mismatch between dex2oat instruction set features to use (ISA: X86_64 Feature string: -ssse3,-sse4.1,-sse4.2,-avx,-avx2,-popcnt) and those from CPP defines (ISA: X86_64 Feature string: ssse3,sse4.1,sse4.2,-avx,-avx2,popcnt) for the command line:
10-28 15:13:03.868  3236  3236 W dex2oat64: /apex/com.android.art/bin/dex2oat64 --zip-fd=8 --zip-location=base.apk --oat-fd=9 --oat-location=/data/app/~~EFLmwlxs6fLx-EpFxvJ9lg==/org.kaisipan.mobile-TVisp_8JWhaVjfznyxZtdQ==/oat/x86_64/base.odex --input-vdex-fd=11 --output-vdex-fd=10 --app-image-fd=14 --image-format=lz4 --profile-file-fd=13 --swap-fd=12 --classpath-dir=/data/app/~~EFLmwlxs6fLx-EpFxvJ9lg==/org.kaisipan.mobile-TVisp_8JWhaVjfznyxZtdQ== --class-loader-context=PCL[]{PCL[/system_ext/framework/androidx.window.extensions.jar]#PCL[/system_ext/framework/androidx.window.sidecar.jar]} --instruction-set=x86_64 --instruction-set-features=default --instruction-set-variant=x86_64 --compiler-filter=speed-profile --compilation-reason=cmdline --max-image-block-size=524288 --resolve-startup-const-strings=true --generate-mini-debug-info --runtime-arg -Xtarget-sdk-version:34 --runtime-arg -Xhidden-api-policy:enabled --runtime-arg -Xms64m --runtime-arg -Xmx512m
10-28 15:13:03.872  3236  3236 I dex2oat64: /apex/com.android.art/bin/dex2oat64 --input-vdex-fd=11 --output-vdex-fd=10 --profile-file-fd=13 --classpath-dir=/data/app/~~EFLmwlxs6fLx-EpFxvJ9lg==/org.kaisipan.mobile-TVisp_8JWhaVjfznyxZtdQ== --class-loader-context=PCL[]{PCL[/system_ext/framework/androidx.window.extensions.jar]#PCL[/system_ext/framework/androidx.window.sidecar.jar]} --compiler-filter=speed-profile --compilation-reason=cmdline --max-image-block-size=524288 --resolve-startup-const-strings=true --generate-mini-debug-info
10-28 15:13:07.832  3236  3238 W dex2oat64: Accessing hidden method Landroid/window/BackEvent;->getProgress()F (blocked, linking, denied)
10-28 15:13:07.833  3236  3238 W dex2oat64: Accessing hidden method Landroid/window/BackEvent;->getSwipeEdge()I (blocked, linking, denied)
10-28 15:13:07.833  3236  3238 W dex2oat64: Accessing hidden method Landroid/window/BackEvent;->getTouchX()F (blocked, linking, denied)
10-28 15:13:07.833  3236  3238 W dex2oat64: Accessing hidden method Landroid/window/BackEvent;->getTouchY()F (blocked, linking, denied)
10-28 15:13:08.071  3236  3239 W dex2oat64: Method java.lang.Object androidx.compose.runtime.snapshots.SnapshotStateMap.mutate(kotlin.jvm.functions.Function1) failed lock verification and will run slower.
10-28 15:13:08.071  3236  3239 W dex2oat64: Common causes for lock verification issues are non-optimized dex code
10-28 15:13:08.071  3236  3239 W dex2oat64: and incorrect proguard optimizations.
10-28 15:13:08.071  3236  3239 W dex2oat64: Method void androidx.compose.runtime.snapshots.SnapshotStateMap.update(kotlin.jvm.functions.Function1) failed lock verification and will run slower.
10-28 15:13:08.072  3236  3239 W dex2oat64: Method boolean androidx.compose.runtime.snapshots.SnapshotStateMap.removeIf$runtime_release(kotlin.jvm.functions.Function1) failed lock verification and will run slower.
10-28 15:13:08.090  3236  3236 W dex2oat64: Method boolean androidx.compose.runtime.snapshots.SnapshotStateList.conditionalUpdate(boolean, kotlin.jvm.functions.Function1) failed lock verification and will run slower.
10-28 15:13:08.090  3236  3236 W dex2oat64: Method boolean androidx.compose.runtime.snapshots.SnapshotStateList.conditionalUpdate$default(androidx.compose.runtime.snapshots.SnapshotStateList, boolean, kotlin.jvm.functions.Function1, int, java.lang.Object) failed lock verification and will run slower.
10-28 15:13:08.090  3236  3236 W dex2oat64: Method java.lang.Object androidx.compose.runtime.snapshots.SnapshotStateList.mutate(kotlin.jvm.functions.Function1) failed lock verification and will run slower.
10-28 15:13:08.090  3236  3236 W dex2oat64: Method void androidx.compose.runtime.snapshots.SnapshotStateList.update(boolean, kotlin.jvm.functions.Function1) failed lock verification and will run slower.
10-28 15:13:08.090  3236  3236 W dex2oat64: Method void androidx.compose.runtime.snapshots.SnapshotStateList.update$default(androidx.compose.runtime.snapshots.SnapshotStateList, boolean, kotlin.jvm.functions.Function1, int, java.lang.Object) failed lock verification and will run slower.
10-28 15:13:09.357  3236  3236 I dex2oat64: Explicit concurrent copying GC freed 197116(31MB) AllocSpace objects, 0(0B) LOS objects, 49% free, 2154KB/4309KB, paused 17us,2us total 8.186ms
10-28 15:13:09.705  3236  3236 I dex2oat64: dex2oat took 5.838s (9.291s cpu) (threads: 4) arena alloc=10MB (10618192B) java alloc=2154KB (2206680B) native alloc=22MB (23426848B) free=145MB (152855584B)
10-28 15:13:09.733   489   515 V installd: DexInv: --- END '/data/app/~~EFLmwlxs6fLx-EpFxvJ9lg==/org.kaisipan.mobile-TVisp_8JWhaVjfznyxZtdQ==/base.apk' (success) ---
10-28 15:13:09.787  1493  1876 W MediaProvider: isAppCloneUserPair for user 0: false
10-28 15:13:09.788  1493  1876 V MediaProvider: Inserted id:1000000050 less than next row id backup:1000001000.
10-28 15:13:10.189  3256  3256 W profman : profman took 372.270ms
10-28 15:13:10.210  1493  1680 W MediaProvider: isAppCloneUserPair for user 0: false
10-28 15:13:10.211  1493  1680 V MediaProvider: Inserted id:1000000051 less than next row id backup:1000001000.
10-28 15:13:10.309  1493  1876 I MediaProvider: Deleted 0 0 0 0 0 0 0 items on external_primary due to com.ustadmobile.app_android_baselineprofile
10-28 15:13:11.111  2542  2559 D Benchmark: Unstable profiles during iteration 5
10-28 15:13:11.112  2542  2559 D Benchmark: Killing package org.kaisipan.mobile
10-28 15:13:11.112  2542  2559 D Benchmark: Killing process org.kaisipan.mobile
10-28 15:13:11.112  2542  2559 D UiDevice: Executing shell command: killall org.kaisipan.mobile
10-28 15:13:11.124  2542  2559 D Benchmark: Compile iteration (6) for org.kaisipan.mobile
10-28 15:13:11.124  2542  2559 D UiDevice: Pressing home button.
10-28 15:13:11.141   862   862 V ShadeControllerImpl: NotificationShadeWindow: com.android.systemui.shade.NotificationShadeWindowView{86d7116 I.E...... ......ID 0,0-320,640} canPanelBeCollapsed(): false
10-28 15:13:11.148  1339  1339 D TaplTarget: Launcher.onNewIntent: Intent { act=android.intent.action.MAIN cat=[android.intent.category.HOME] flg=0x10400100 cmp=com.android.launcher3/.uioverrides.QuickstepLauncher (has extras) }
10-28 15:13:11.151   862   862 V ShadeControllerImpl: NotificationShadeWindow: com.android.systemui.shade.NotificationShadeWindowView{86d7116 I.E...... ......ID 0,0-320,640} canPanelBeCollapsed(): false
10-28 15:13:11.170   424   424 I BpBinder: onLastStrongRef automatically unlinking death recipients: <uncached descriptor>
10-28 15:13:11.195   862  1304 D EGL_emulation: app_time_stats: avg=11165.03ms min=11165.03ms max=11165.03ms count=1
10-28 15:13:11.196  1493  1676 W MediaProvider: isAppCloneUserPair for user 0: false
10-28 15:13:11.197  1493  1676 V MediaProvider: Inserted id:1000000052 less than next row id backup:1000001000.
10-28 15:13:11.222   424   463 W TransactionTracing: Could not find layer handle 0x706935038030
10-28 15:13:11.239  2542  2559 I System.out: 0 Flags,FrameTimelineVsyncId,IntendedVsync,Vsync,InputEventId,HandleInputStart,AnimationStart,PerformTraversalsStart,DrawStart,FrameDeadline,FrameInterval,FrameStartTime,SyncQueued,SyncStart,IssueDrawCommandsStart,SwapBuffers,FrameCompleted,DequeueBufferDuration,QueueBufferDuration,GpuCompleted,SwapBuffersCompleted,DisplayPresentTime,CommandSubmissionCompleted,
10-28 15:13:11.239  2542  2559 I System.out: 1 1,7202,373883681409,373900348075,0,373910652344,373910652624,373910788864,373937384191,373900348075,373910650254,16666666,373937928121,373938108061,373938210881,373938384762,373950473535,2980,458910,373950473535,373939276102,373952843386,373938384762,
10-28 15:13:11.239  2542  2559 I System.out: 2 0,7267,373917014741,373933681407,0,373944281173,373944281763,373949827175,373949847205,373983681405,373944278593,16666666,373953576176,373953591996,373953615396,373953701566,373967128249,2280,86540,373967128249,373954201416,373970546960,373953701566,
10-28 15:13:11.239  2542  2559 I System.out: 3 0,7339,373950348073,373950348073,0,373956233596,373956234076,373987518975,373987545175,374000348071,373956231946,16666666,373997054088,373997086198,373997137528,373997208178,374000489969,2180,137560,374000489969,373997759888,374004568550,373997208178,
10-28 15:13:11.239  2542  2559 I System.out: 4 0,7382,373967014739,374000348071,0,374006038770,374006039240,374022258725,374022281185,374033681403,374006036530,16666666,374031251037,374031291687,374031349757,374031745237,374033777188,2930,197820,374033777188,374032574638,374036834909,374031745237,
10-28 15:13:11.239  2542  2559 I System.out: 5 0,7483,374017014737,374033681403,0,374035501488,374035502078,374038883749,374038906949,374067014735,374035499448,16666666,374041214200,374041271520,374041335240,374042630290,374050481613,2680,126090,374050481613,374043233601,374051470943,374042630290,
10-28 15:13:11.239  2542  2559 I System.out: 6 0,7548,374050348069,374050348069,0,374051252413,374051252673,374054080444,374054099184,374083681401,374051250693,16666666,374056446564,374056475674,374056531844,374057443555,374067159577,2780,132780,374067159577,374058358345,374068199568,374057443555,
10-28 15:13:11.239  2542  2559 I System.out: 7 0,7584,374067014735,374067014735,0,374068832748,374068833248,374072161559,374072181809,374100348067,374068831248,16666666,374074391929,374074440059,374074500329,374075786360,374083792982,2330,111330,374083792982,374076548330,374086443003,374075786360,
10-28 15:13:11.239  2542  2559 I System.out: 8 0,7620,374083681401,374083681401,0,374084224182,374084224322,374096960616,374096985266,374117014733,374084223112,16666666,374101161517,374101508207,374101565537,374102896397,374105951088,3360,122690,374105917428,374105951088,374119441152,374102896397,
10-28 15:13:11.239  2542  2559 I System.out: 9 0,7652,374100348067,374100348067,0,374103050817,374103051017,374105458048,374105477328,374133681399,374103050047,16666666,374107103318,374107140078,374107182678,374108190739,374119785862,10734103,82950,374117115711,374119785862,374138047077,374108190739,
10-28 15:13:11.239  2542  2559 I System.out: 10 0,7692,374117014733,374117014733,0,374117697741,374117697981,374120402492,374120419642,374150348065,374117696481,16666666,374122429573,374122904183,374122968883,374123659003,374136829687,12450374,121800,374133834326,374136829687,374155092542,374123659003,
10-28 15:13:11.239  2542  2559 I System.out: 11 0,7728,374133681399,374133681399,0,374134160316,374134160506,374137438397,374137463187,374167014731,374134159426,16666666,374139657287,374139707707,374139764537,374140638328,374155467292,13826914,159640,374141585328,374155467292,374171646996,374140638328,
10-28 15:13:11.239  2542  2559 I System.out: 12 0,7757,374150348065,374150348065,0,374150607130,374150607450,374153720801,374153743661,374183681397,374150606270,16666666,374155933822,374155985992,374156049082,374156879742,374171870936,13865793,114510,374167138725,374171870936,374186381380,374156879742,
10-28 15:13:11.239  2542  2559 I System.out: 13 0,7779,374167014731,374167014731,0,374170563636,374170564026,374173552527,374173576257,374200348063,374170561746,16666666,374175449477,374175482007,374175534227,374176329848,374186995231,9669893,125890,374183807730,374186995231,374202323505,374176329848,
10-28 15:13:11.239  2542  2559 I System.out: 14 0,7815,374183681397,374183681397,0,374183901460,374183902010,374186909101,374186968311,374217014729,374183898800,16666666,374189013701,374189052021,374189096031,374189854201,374205895436,14989084,81980,374200468854,374205895436,374222081200,374189854201,
10-28 15:13:11.239  2542  2559 I System.out: 15 0,7851,374200348063,374200348063,0,374200685224,374200685444,374203982475,374204008925,374233681395,374200684384,16666666,374206446556,374206487536,374206544236,374207361706,374219771470,11184563,103800,374217176549,374219771470,374234791674,374207361706,
10-28 15:13:11.239  2542  2559 I System.out: 16 0,7870,374217014729,374217014729,0,374217507279,374217507539,374220177400,374220197420,374250348061,374217505349,16666666,374222057800,374222094640,374222158060,374223379321,374235206314,10709183,195910,374224397941,374235206314,374252784959,374223379321,
10-28 15:13:11.239  2542  2559 I System.out: 17 0,7909,374233681395,374233681395,0,374234091014,374234091794,374236658054,374236678794,374267014727,374233854354,16666666,374238368825,374238408285,374238465855,374239416355,374253094619,12593924,109910,374250478078,374253094619,374268362583,374239416355,
10-28 15:13:11.239  2542  2559 I System.out: 18 0,7924,374250348061,374250348061,0,374252985449,374252986029,374256542850,374256567180,374283681393,374252982959,16666666,374258483340,374258529850,374258572170,374259311861,374268797553,8480662,97730,374267126173,374268797553,374286029968,374259311861,
10-28 15:13:11.239  2542  2559 I System.out: 19 0,7943,374267014727,374267014727,0,374267205523,374267205713,374268928433,374268954553,374300348059,374267203573,16666666,374270492824,374270533024,374270586514,374270875414,374286324788,13897384,381970,374272368674,374286324788,374302166223,374270875414,
10-28 15:13:11.239  2542  2559 I System.out: 20 0,7961,374283681393,374283681393,0,374284098388,374284098628,374284984838,374285013458,374317014725,374284097468,16666666,374286892778,374286952108,374287003408,374287298198,374302374863,13995024,107950,374300422242,374302374863,374319178797,374287298198,
10-28 15:13:11.239  2542  2559 I System.out: 21 0,7983,374300348059,374300348059,0,374300530152,374300530642,374301465142,374301535692,374333681391,374300527642,16666666,374303493463,374303544143,374303582063,374303812353,374319435907,14645794,98570,374317120047,374319435907,374335571782,374303812353,
10-28 15:13:11.239  2542  2559 I System.out: 22 0,7991,374317014725,374317014725,0,374317239197,374317239667,374318237217,374318262917,374350348057,374317237987,16666666,374320044238,374320081458,374320110358,374320295048,374335855112,14549384,95630,374333769601,374335855112,374352371137,374320295048,
10-28 15:13:11.239  2542  2559 I System.out: 23 0,8006,374333681391,374333681391,0,374333876531,374333876901,374337180052,374337206372,374367014723,374333875521,16666666,374339098083,374339132293,374339208763,374339847853,374352673107,11826024,138000,374340800373,374352673107,374368281071,374339847853,
10-28 15:13:11.239  2542  2559 I System.out: 24 0,8028,374350348057,374350348057,0,374350521616,374350521866,374353437317,374353464337,374383681389,374350520566,16666666,374355103897,374355140957,374355178127,374355548437,374368239121,11886053,97150,374367098461,374368239121,374384552385,374355548437,
10-28 15:13:11.239  2542  2559 I System.out: 25 0,8036,374367014723,374367014723,0,374367194401,374367194651,374368272221,374368290481,374400348055,374367193321,16666666,374370069791,374370130711,374370172321,374370579492,374385696886,14344734,123760,374383798485,374385696886,374401841940,374370579492,
10-28 15:13:11.239  2542  2559 I System.out: 26 0,8058,374383681389,374383681389,0,374383934845,374383935265,374385388616,374385423236,374417014721,374383932565,16666666,374387447516,374387486806,374387522786,374387879716,374402066830,13349823,165230,374400478630,374402066830,374418334575,374387879716,
10-28 15:13:11.240  2542  2559 I System.out: 27 0,8080,374400348055,374400348055,0,374400524770,374400525030,374400855310,374400875820,374433681387,374400523690,16666666,374400922290,374402098400,374402155190,374403179171,374418169615,13646494,227070,374404476921,374418169615,543888888688293,374403179171,
10-28 15:13:11.240  2542  2559 I System.out: 28 0,8109,374417014721,374417014721,0,374417202325,374417202725,374417609055,374418830815,374450348053,374417200555,16666666,374419011845,374419034725,374419073565,374419454395,374435458170,15000605,80750,374433796949,374435458170,0,374419454395,
10-28 15:13:11.240  2542  2559 I System.out: 29 0,8131,374433681387,374433681387,0,374433870639,374433871209,374437185530,374437201160,374467014719,374433869339,16666666,374439897741,374439943851,374439992581,374440427541,374453901315,12500124,187500,374450467564,374453901315,0,374440427541,
10-28 15:13:11.240  2542  2559 I System.out: 30 0,8146,374450348053,374450348053,0,374450582584,374450583104,374451974024,374451996274,374483681385,374450581014,16666666,374452493484,374453930005,374453972185,374454448415,374469029809,13807474,84610,374467136098,374469029809,0,374454448415,
10-28 15:13:11.240  2542  2559 I System.out: 31 8,8161,374467014719,374467014719,0,374467169408,374467169748,374467170018,374467180878,374483681385,374467168458,16666666,374467184538,374469063879,0,0,0,0,0,0,0,0,0,
10-28 15:13:11.240  2542  2559 D Benchmark: Starting activity with command: am start  -W "intent:#Intent;action=android.intent.action.MAIN;category=android.intent.category.LAUNCHER;launchFlags=0x10008000;package=org.kaisipan.mobile;component=org.kaisipan.mobile/com.ustadmobile.port.android.view.AppActivity;end"
10-28 15:13:11.242  1493  1876 W MediaProvider: isAppCloneUserPair for user 0: false
10-28 15:13:11.242  1493  1876 V MediaProvider: Inserted id:1000000053 less than next row id backup:1000001000.
10-28 15:13:11.275   862   919 D SplashScreenView: Build android.window.SplashScreenView{96cd71c V.E...... ......ID 0,0-0,0}
10-28 15:13:11.275   862   919 D SplashScreenView: Icon: view: null drawable: null size: 0
10-28 15:13:11.275   862   919 D SplashScreenView: Branding: view: android.view.View{88a4f25 G.ED..... ......I. 0,0-0,0 #10204db android:id/splashscreen_branding_view} drawable: null size w: 0 h: 0
10-28 15:13:11.283  2633  2633 D AppActivity$onDestroy: AppActivity#onDestroy
10-28 15:13:11.285   584   947 W InputManager-JNI: Input channel object '21f1cdd org.kaisipan.mobile/com.ustadmobile.port.android.view.AppActivity (client)' was disposed without first being removed with the input manager!
10-28 15:13:11.297   862  1304 W Parcel  : Expecting binder but got null!
10-28 15:13:11.297  2633  2633 W CustomTabsClient: Unable to find any Custom Tabs packages, you may need to add a <queries> element to your manifest. See the docs for CustomTabsClient#getPackageName.
10-28 15:13:11.297  2633  2633 W AppActivity$bindCustomTabsService: CustomTabs: Service NOT supported
10-28 15:13:11.303  2633  2633 D AutofillManager: Fill dialog is enabled:false, hints=[]
10-28 15:13:11.308  2633  2633 W OnBackInvokedCallback: OnBackInvokedCallback is not enabled for the application.
10-28 15:13:11.308  2633  2633 W OnBackInvokedCallback: Set 'android:enableOnBackInvokedCallback="true"' in the application manifest.
10-28 15:13:11.312   584  1815 D ConnectivityService: requestNetwork for uid/pid:10126/2633 activeRequest: null callbackRequest: 54 [NetworkRequest [ REQUEST id=55, [ Capabilities: INTERNET&NOT_RESTRICTED&TRUSTED&NOT_VCN_MANAGED Uid: 10126 RequestorUid: 10126 RequestorPkg: org.kaisipan.mobile UnderlyingNetworks: Null] ]] callback flags: 0 order: 2147483647
10-28 15:13:11.313   584   808 D ConnectivityService: NetReassign [55 : null → 100]
10-28 15:13:11.313   584   801 D WifiNetworkFactory: got request NetworkRequest [ REQUEST id=55, [ Capabilities: INTERNET&NOT_RESTRICTED&TRUSTED&NOT_VCN_MANAGED Uid: 10126 RequestorUid: 10126 RequestorPkg: org.kaisipan.mobile UnderlyingNetworks: Null] ]
10-28 15:13:11.313   584   801 D UntrustedWifiNetworkFactory: got request NetworkRequest [ REQUEST id=55, [ Capabilities: INTERNET&NOT_RESTRICTED&TRUSTED&NOT_VCN_MANAGED Uid: 10126 RequestorUid: 10126 RequestorPkg: org.kaisipan.mobile UnderlyingNetworks: Null] ]
10-28 15:13:11.313   584   801 D OemPaidWifiNetworkFactory: got request NetworkRequest [ REQUEST id=55, [ Capabilities: INTERNET&NOT_RESTRICTED&TRUSTED&NOT_VCN_MANAGED Uid: 10126 RequestorUid: 10126 RequestorPkg: org.kaisipan.mobile UnderlyingNetworks: Null] ]
10-28 15:13:11.313   584   801 D MultiInternetWifiNetworkFactory: got request NetworkRequest [ REQUEST id=55, [ Capabilities: INTERNET&NOT_RESTRICTED&TRUSTED&NOT_VCN_MANAGED Uid: 10126 RequestorUid: 10126 RequestorPkg: org.kaisipan.mobile UnderlyingNetworks: Null] ]
10-28 15:13:11.319  2633  2690 W Parcel  : Expecting binder but got null!
10-28 15:13:11.325   584   604 I ActivityTaskManager: Displayed org.kaisipan.mobile/com.ustadmobile.port.android.view.AppActivity: +53ms
10-28 15:13:11.330  2633  2633 D UstadViewModelFunKt$ustadViewModel$viewModel$invoke: ustadViewModel(): create viewmodel for: com.ustadmobile.core.viewmodel.redirect.RedirectViewModel
10-28 15:13:11.334  2633  2633 I System.out: com.ustadmobile.core.db.UmAppDatabase_DoorWrapper@229d481
10-28 15:13:11.338  2633  2633 D UstadNavControllerPreCompose$onCollectNavCommand: NavCommandEffect: Navigate: Go to Login
10-28 15:13:11.343  2633  2633 D UstadViewModelFunKt$ustadViewModel$viewModel$invoke: ustadViewModel(): create viewmodel for: com.ustadmobile.core.viewmodel.login.LoginViewModel
10-28 15:13:11.347  2633  2744 V UstadCache: OKHttp-CacheInterceptor:  intercept: GET https://oer.kaisipan.org/v2/Site/verify
10-28 15:13:11.347  2633  2744 I UstadCache: UstadCache(): Retrieve https://oer.kaisipan.org/v2/Site/verify
10-28 15:13:11.347  2633  2744 D UstadCache: UstadCache(): FOUND https://oer.kaisipan.org/v2/Site/verify
10-28 15:13:11.351  2633  2744 D TrafficStats: tagSocket(100) with statsTag=0xffffffff, statsUid=-1
10-28 15:13:11.351  2542  2559 D Benchmark: Result: Starting: Intent { act=android.intent.action.MAIN cat=[android.intent.category.LAUNCHER] flg=0x10008000 pkg=org.kaisipan.mobile cmp=org.kaisipan.mobile/com.ustadmobile.port.android.view.AppActivity }
10-28 15:13:11.351  2542  2559 D Benchmark: Status: ok
10-28 15:13:11.351  2542  2559 D Benchmark: LaunchState: WARM
10-28 15:13:11.351  2542  2559 D Benchmark: Activity: org.kaisipan.mobile/com.ustadmobile.port.android.view.AppActivity
10-28 15:13:11.351  2542  2559 D Benchmark: TotalTime: 53
10-28 15:13:11.351  2542  2559 D Benchmark: WaitTime: 57
10-28 15:13:11.351  2542  2559 D Benchmark: Complete
10-28 15:13:11.367  1493  2742 W MediaProvider: isAppCloneUserPair for user 0: false
10-28 15:13:11.368  1493  2742 V MediaProvider: Inserted id:1000000054 less than next row id backup:1000001000.
10-28 15:13:11.437  2542  2559 I System.out: 0 Flags,FrameTimelineVsyncId,IntendedVsync,Vsync,InputEventId,HandleInputStart,AnimationStart,PerformTraversalsStart,DrawStart,FrameDeadline,FrameInterval,FrameStartTime,SyncQueued,SyncStart,IssueDrawCommandsStart,SwapBuffers,FrameCompleted,DequeueBufferDuration,QueueBufferDuration,GpuCompleted,SwapBuffersCompleted,DisplayPresentTime,CommandSubmissionCompleted,
10-28 15:13:11.437  2542  2559 I System.out: 1 1,8450,398150347105,398150347105,0,398165779521,398165779751,398165779871,398182270776,398167013771,398165778291,16666666,398182776456,398182866856,398182938336,398183078126,398183915096,1230,77460,398183915096,398183467106,349919572440,398183078126,
10-28 15:13:11.437  2542  2559 I System.out: 2 0,8493,398167013771,398183680437,0,398191205168,398191205508,398199529620,398199551120,398217013769,398191203268,16666666,398200072801,398200100741,398200130241,398200490191,398201076341,3240,139920,398201048761,398201076341,349952507649,398200490191,
10-28 15:13:11.437  2542  2559 I System.out: 3 0,8565,398200347103,398200347103,0,398203764972,398203765462,398230021789,398230050219,398233680435,398203762692,16666666,398242236442,398242261282,398242299272,398242381592,398250462975,2040,135420,398250462975,398242897632,349985737398,398242381592,
10-28 15:13:11.437  2542  2559 I System.out: 4 0,8608,398217013769,398233680435,0,398246068153,398246068623,398266782809,398266805059,398233680435,398246066213,16666666,398276944762,398276991712,398277048712,398277429552,350017151317,1960,89370,350017151317,398278040402,350020273658,398277429552,
10-28 15:13:11.438  2542  2559 D UiDevice: Waiting 10000ms for SearchCondition[hasObject=BySelector [TEXT='\QGet Started\E']].
10-28 15:13:11.438  2542  2559 D UiDevice: Searching for node with selector: BySelector [TEXT='\QGet Started\E'].
10-28 15:13:11.474  2633  2744 D UstadCache: OKHttp-CacheInterceptor:  MISS(invalid) https://oer.kaisipan.org/v2/Site/verify
10-28 15:13:11.474  2633  2744 D UstadCache: OKHttp-CacheInterceptor:  newCacheAndStoreResponse: GET https://oer.kaisipan.org/v2/Site/verify 200 ()
10-28 15:13:11.475  2633  2744 V UstadCache: OKHttp-CacheInterceptor:  https://oer.kaisipan.org/v2/Site/verify MISS(invalid) can store/update 200  (contentType=application/json; charset=UTF-8, content-encoding=null content-length=177)
10-28 15:13:11.478  2633  2754 D UstadCache: UstadCache(): storerequest 1 entries
10-28 15:13:11.479  2633  2754 V UstadCache: UstadCache(): copied request data for https://oer.kaisipan.org/v2/Site/verify to /data/user/0/org.kaisipan.mobile/files/httpfiles/tmpwork/6.tmp (integrity=sha256-+Gj5X+R/uXuHkt8sVDRb99IojGPQMF8H9XLmkpGzlgU=)
10-28 15:13:11.480  2633  2754 V UstadCache: UstadCache(): cacheEntries created 1 entries
10-28 15:13:11.480  2633  2754 D UstadCache: UstadCache(): deleting 1 tmp files
10-28 15:13:11.480  2633  2754 D UstadCache: UstadCache(): db transaction completed
10-28 15:13:11.604   424   463 W TransactionTracing: Could not find layer handle 0x70693503b8d0
10-28 15:13:11.608   584  1815 W InputManager-JNI: Input channel object '2bc1736 Splash Screen org.kaisipan.mobile (client)' was disposed without first being removed with the input manager!
10-28 15:13:11.640  1339  1339 W FrameTracker: Missed SF frame:PREDICTION_ERROR, 8333, 5523710, CUJ=J<LAUNCHER_APP_CLOSE_TO_HOME>
10-28 15:13:11.641  1339  1339 W FrameTracker: Missed SF frame:PREDICTION_ERROR, 8355, 4256658, CUJ=J<LAUNCHER_APP_CLOSE_TO_HOME>
10-28 15:13:11.641  1339  1339 W FrameTracker: Missed SF frame:PREDICTION_ERROR, 8486, 4069722, CUJ=J<LAUNCHER_APP_CLOSE_TO_HOME>
10-28 15:13:11.641  1339  1339 W FrameTracker: Missed SF frame:PREDICTION_ERROR, 8709, 3941763, CUJ=J<LAUNCHER_APP_CLOSE_TO_HOME>
10-28 15:13:11.641  1339  1339 W FrameTracker: Missed SF frame:PREDICTION_ERROR, 8882, 3411886, CUJ=J<LAUNCHER_APP_CLOSE_TO_HOME>
10-28 15:13:11.641  1339  1339 W FrameTracker: Missed SF frame:PREDICTION_ERROR, 8918, 3275925, CUJ=J<LAUNCHER_APP_CLOSE_TO_HOME>
10-28 15:13:11.641  1339  1339 W FrameTracker: Missing SF jank callback for vsyncId: 8976, CUJ=J<LAUNCHER_APP_CLOSE_TO_HOME>
10-28 15:13:11.642  1339  1698 V PerfettoTrigger: Not triggering com.android.telemetry.interaction-jank-monitor-9 - not enough time since last trigger
10-28 15:13:11.658   862   918 W FrameTracker: Missed SF frame:PREDICTION_ERROR, 8551, 8887620, CUJ=J<SPLASHSCREEN_EXIT_ANIM>
10-28 15:13:11.658   862   918 W FrameTracker: Missed SF frame:PREDICTION_ERROR, 8637, 7117907, CUJ=J<SPLASHSCREEN_EXIT_ANIM>
10-28 15:13:11.658   862   918 W FrameTracker: Missing HWUI jank callback for vsyncId: 8666, CUJ=J<SPLASHSCREEN_EXIT_ANIM>
10-28 15:13:11.658   862   918 W FrameTracker: Missing HWUI jank callback for vsyncId: 8731, CUJ=J<SPLASHSCREEN_EXIT_ANIM>
10-28 15:13:11.658   862   918 W FrameTracker: Missed SF frame:PREDICTION_ERROR, 8766, 4500421, CUJ=J<SPLASHSCREEN_EXIT_ANIM>
10-28 15:13:11.658   862   918 W FrameTracker: Missing HWUI jank callback for vsyncId: 8839, CUJ=J<SPLASHSCREEN_EXIT_ANIM>
10-28 15:13:11.658   862   918 W FrameTracker: Missed SF frame:PREDICTION_ERROR, 8911, 6032586, CUJ=J<SPLASHSCREEN_EXIT_ANIM>
10-28 15:13:11.658   862   918 W FrameTracker: Missed SF frame:PREDICTION_ERROR, 8940, 4042204, CUJ=J<SPLASHSCREEN_EXIT_ANIM>
10-28 15:13:11.658   862   918 W FrameTracker: Missed SF frame:PREDICTION_ERROR, 8991, 3843931, CUJ=J<SPLASHSCREEN_EXIT_ANIM>
10-28 15:13:11.658   862   918 W FrameTracker: Missed SF frame:PREDICTION_ERROR, 9034, 4364970, CUJ=J<SPLASHSCREEN_EXIT_ANIM>
10-28 15:13:11.658   862   918 W FrameTracker: Missed SF frame:PREDICTION_ERROR, 9056, 0, CUJ=J<SPLASHSCREEN_EXIT_ANIM>
10-28 15:13:11.658   862   918 W FrameTracker: Missing HWUI jank callback for vsyncId: 9056, CUJ=J<SPLASHSCREEN_EXIT_ANIM>
10-28 15:13:11.659   862   907 V PerfettoTrigger: Not triggering com.android.telemetry.interaction-jank-monitor-39 - not enough time since last trigger
10-28 15:13:11.788   424   463 W TransactionTracing: Could not find layer handle 0x706935036470
10-28 15:13:11.788   424   463 W TransactionTracing: Could not find layer handle 0x70693503b630
10-28 15:13:11.788   424   463 W TransactionTracing: Could not find layer handle 0x706935039590
10-28 15:13:11.788   424   463 W TransactionTracing: Could not find layer handle 0x706935039590
10-28 15:13:11.788   424   463 W TransactionTracing: Could not find layer handle 0x70693503b630
10-28 15:13:11.938  2542  2559 D UiDevice: Searching for node with selector: BySelector [TEXT='\QGet Started\E'].
10-28 15:13:12.521  2542  2559 D UiDevice: Searching for node with selector: BySelector [TEXT='\QGet Started\E'].
10-28 15:13:12.624  2542  2559 D UiDevice: Searching for node with selector: BySelector [TEXT='\QGet Started\E'].
10-28 15:13:12.728  2542  2559 D UiDevice: Searching for node with selector: BySelector [TEXT='\QGet Started\E'].
10-28 15:13:12.831  2542  2559 D UiDevice: Searching for node with selector: BySelector [TEXT='\QGet Started\E'].
10-28 15:13:12.934  2542  2559 D UiDevice: Searching for node with selector: BySelector [TEXT='\QGet Started\E'].
10-28 15:13:13.038  2542  2559 D UiDevice: Searching for node with selector: BySelector [TEXT='\QGet Started\E'].
10-28 15:13:13.141  2542  2559 D UiDevice: Searching for node with selector: BySelector [TEXT='\QGet Started\E'].
10-28 15:13:13.244  2542  2559 D UiDevice: Searching for node with selector: BySelector [TEXT='\QGet Started\E'].
10-28 15:13:13.347  2542  2559 D UiDevice: Searching for node with selector: BySelector [TEXT='\QGet Started\E'].
10-28 15:13:13.451  2542  2559 D UiDevice: Searching for node with selector: BySelector [TEXT='\QGet Started\E'].
10-28 15:13:13.554  2542  2559 D UiDevice: Searching for node with selector: BySelector [TEXT='\QGet Started\E'].
10-28 15:13:13.657  2542  2559 D UiDevice: Searching for node with selector: BySelector [TEXT='\QGet Started\E'].
10-28 15:13:13.760  2542  2559 D UiDevice: Searching for node with selector: BySelector [TEXT='\QGet Started\E'].
10-28 15:13:13.864  2542  2559 D UiDevice: Searching for node with selector: BySelector [TEXT='\QGet Started\E'].
10-28 15:13:13.967  2542  2559 D UiDevice: Searching for node with selector: BySelector [TEXT='\QGet Started\E'].
10-28 15:13:14.071  2542  2559 D UiDevice: Searching for node with selector: BySelector [TEXT='\QGet Started\E'].
10-28 15:13:14.174  2542  2559 D UiDevice: Searching for node with selector: BySelector [TEXT='\QGet Started\E'].
10-28 15:13:14.278  2542  2559 D UiDevice: Searching for node with selector: BySelector [TEXT='\QGet Started\E'].
10-28 15:13:14.381  2542  2559 D UiDevice: Searching for node with selector: BySelector [TEXT='\QGet Started\E'].
10-28 15:13:14.484  2542  2559 D UiDevice: Searching for node with selector: BySelector [TEXT='\QGet Started\E'].
10-28 15:13:14.587  2542  2559 D UiDevice: Searching for node with selector: BySelector [TEXT='\QGet Started\E'].
10-28 15:13:14.690  2542  2559 D UiDevice: Searching for node with selector: BySelector [TEXT='\QGet Started\E'].
10-28 15:13:14.794  2542  2559 D UiDevice: Searching for node with selector: BySelector [TEXT='\QGet Started\E'].
10-28 15:13:14.897  2542  2559 D UiDevice: Searching for node with selector: BySelector [TEXT='\QGet Started\E'].
10-28 15:13:15.000  2542  2559 D UiDevice: Searching for node with selector: BySelector [TEXT='\QGet Started\E'].
10-28 15:13:15.104  2542  2559 D UiDevice: Searching for node with selector: BySelector [TEXT='\QGet Started\E'].
10-28 15:13:15.207  2542  2559 D UiDevice: Searching for node with selector: BySelector [TEXT='\QGet Started\E'].
10-28 15:13:15.310  2542  2559 D UiDevice: Searching for node with selector: BySelector [TEXT='\QGet Started\E'].
10-28 15:13:15.414  2542  2559 D UiDevice: Searching for node with selector: BySelector [TEXT='\QGet Started\E'].
10-28 15:13:15.420  2633  2654 D UstadCache: CacheTrimmer:  Trim cache run: max (evictable) size = 100000000 bytes
10-28 15:13:15.420  2633  2654 V UstadCache: CacheTrimmer:  deleting
10-28 15:13:15.517  2542  2559 D UiDevice: Searching for node with selector: BySelector [TEXT='\QGet Started\E'].
10-28 15:13:15.621  2542  2559 D UiDevice: Searching for node with selector: BySelector [TEXT='\QGet Started\E'].
10-28 15:13:15.724  2542  2559 D UiDevice: Searching for node with selector: BySelector [TEXT='\QGet Started\E'].
10-28 15:13:15.827  2542  2559 D UiDevice: Searching for node with selector: BySelector [TEXT='\QGet Started\E'].
10-28 15:13:15.930  2542  2559 D UiDevice: Searching for node with selector: BySelector [TEXT='\QGet Started\E'].
10-28 15:13:16.034  2542  2559 D UiDevice: Searching for node with selector: BySelector [TEXT='\QGet Started\E'].
10-28 15:13:16.137  2542  2559 D UiDevice: Searching for node with selector: BySelector [TEXT='\QGet Started\E'].
10-28 15:13:16.241  2542  2559 D UiDevice: Searching for node with selector: BySelector [TEXT='\QGet Started\E'].
10-28 15:13:16.344  2542  2559 D UiDevice: Searching for node with selector: BySelector [TEXT='\QGet Started\E'].
10-28 15:13:16.447  2542  2559 D UiDevice: Searching for node with selector: BySelector [TEXT='\QGet Started\E'].
10-28 15:13:16.550  2542  2559 D UiDevice: Searching for node with selector: BySelector [TEXT='\QGet Started\E'].
10-28 15:13:16.653  2542  2559 D UiDevice: Searching for node with selector: BySelector [TEXT='\QGet Started\E'].
10-28 15:13:16.756  2542  2559 D UiDevice: Searching for node with selector: BySelector [TEXT='\QGet Started\E'].
10-28 15:13:16.860  2542  2559 D UiDevice: Searching for node with selector: BySelector [TEXT='\QGet Started\E'].
10-28 15:13:16.963  2542  2559 D UiDevice: Searching for node with selector: BySelector [TEXT='\QGet Started\E'].
10-28 15:13:17.066  2542  2559 D UiDevice: Searching for node with selector: BySelector [TEXT='\QGet Started\E'].
10-28 15:13:17.170  2542  2559 D UiDevice: Searching for node with selector: BySelector [TEXT='\QGet Started\E'].
10-28 15:13:17.273  2542  2559 D UiDevice: Searching for node with selector: BySelector [TEXT='\QGet Started\E'].
10-28 15:13:17.376  2542  2559 D UiDevice: Searching for node with selector: BySelector [TEXT='\QGet Started\E'].
10-28 15:13:17.479  2542  2559 D UiDevice: Searching for node with selector: BySelector [TEXT='\QGet Started\E'].
10-28 15:13:17.582  2542  2559 D UiDevice: Searching for node with selector: BySelector [TEXT='\QGet Started\E'].
10-28 15:13:17.686  2542  2559 D UiDevice: Searching for node with selector: BySelector [TEXT='\QGet Started\E'].
10-28 15:13:17.790  2542  2559 D UiDevice: Searching for node with selector: BySelector [TEXT='\QGet Started\E'].
10-28 15:13:17.893  2542  2559 D UiDevice: Searching for node with selector: BySelector [TEXT='\QGet Started\E'].
10-28 15:13:17.997  2542  2559 D UiDevice: Searching for node with selector: BySelector [TEXT='\QGet Started\E'].
10-28 15:13:18.100  2542  2559 D UiDevice: Searching for node with selector: BySelector [TEXT='\QGet Started\E'].
10-28 15:13:18.203  2542  2559 D UiDevice: Searching for node with selector: BySelector [TEXT='\QGet Started\E'].
10-28 15:13:18.306  2542  2559 D UiDevice: Searching for node with selector: BySelector [TEXT='\QGet Started\E'].
10-28 15:13:18.409  2542  2559 D UiDevice: Searching for node with selector: BySelector [TEXT='\QGet Started\E'].
10-28 15:13:18.513  2542  2559 D UiDevice: Searching for node with selector: BySelector [TEXT='\QGet Started\E'].
10-28 15:13:18.617  2542  2559 D UiDevice: Searching for node with selector: BySelector [TEXT='\QGet Started\E'].
10-28 15:13:18.720  2542  2559 D UiDevice: Searching for node with selector: BySelector [TEXT='\QGet Started\E'].
10-28 15:13:18.823  2542  2559 D UiDevice: Searching for node with selector: BySelector [TEXT='\QGet Started\E'].
10-28 15:13:18.927  2542  2559 D UiDevice: Searching for node with selector: BySelector [TEXT='\QGet Started\E'].
10-28 15:13:19.030  2542  2559 D UiDevice: Searching for node with selector: BySelector [TEXT='\QGet Started\E'].
10-28 15:13:19.134  2542  2559 D UiDevice: Searching for node with selector: BySelector [TEXT='\QGet Started\E'].
10-28 15:13:19.237  2542  2559 D UiDevice: Searching for node with selector: BySelector [TEXT='\QGet Started\E'].
10-28 15:13:19.341  2542  2559 D UiDevice: Searching for node with selector: BySelector [TEXT='\QGet Started\E'].
10-28 15:13:19.444  2542  2559 D UiDevice: Searching for node with selector: BySelector [TEXT='\QGet Started\E'].
10-28 15:13:19.547  2542  2559 D UiDevice: Searching for node with selector: BySelector [TEXT='\QGet Started\E'].
10-28 15:13:19.650  2542  2559 D UiDevice: Searching for node with selector: BySelector [TEXT='\QGet Started\E'].
10-28 15:13:19.753  2542  2559 D UiDevice: Searching for node with selector: BySelector [TEXT='\QGet Started\E'].
10-28 15:13:19.856  2542  2559 D UiDevice: Searching for node with selector: BySelector [TEXT='\QGet Started\E'].
10-28 15:13:19.959  2542  2559 D UiDevice: Searching for node with selector: BySelector [TEXT='\QGet Started\E'].
10-28 15:13:20.062  2542  2559 D UiDevice: Searching for node with selector: BySelector [TEXT='\QGet Started\E'].
10-28 15:13:20.165  2542  2559 D UiDevice: Searching for node with selector: BySelector [TEXT='\QGet Started\E'].
10-28 15:13:20.268  2542  2559 D UiDevice: Searching for node with selector: BySelector [TEXT='\QGet Started\E'].
10-28 15:13:20.371  2542  2559 D UiDevice: Searching for node with selector: BySelector [TEXT='\QGet Started\E'].
10-28 15:13:20.474  2542  2559 D UiDevice: Searching for node with selector: BySelector [TEXT='\QGet Started\E'].
10-28 15:13:20.577  2542  2559 D UiDevice: Searching for node with selector: BySelector [TEXT='\QGet Started\E'].
10-28 15:13:20.681  2542  2559 D UiDevice: Searching for node with selector: BySelector [TEXT='\QGet Started\E'].
10-28 15:13:20.784  2542  2559 D UiDevice: Searching for node with selector: BySelector [TEXT='\QGet Started\E'].
10-28 15:13:20.888  2542  2559 D UiDevice: Searching for node with selector: BySelector [TEXT='\QGet Started\E'].
10-28 15:13:20.991  2542  2559 D UiDevice: Searching for node with selector: BySelector [TEXT='\QGet Started\E'].
10-28 15:13:21.094  2542  2559 D UiDevice: Searching for node with selector: BySelector [TEXT='\QGet Started\E'].
10-28 15:13:21.197  2542  2559 D UiDevice: Searching for node with selector: BySelector [TEXT='\QGet Started\E'].
10-28 15:13:21.300  2542  2559 D UiDevice: Searching for node with selector: BySelector [TEXT='\QGet Started\E'].
10-28 15:13:21.403  2542  2559 D UiDevice: Searching for node with selector: BySelector [TEXT='\QGet Started\E'].
10-28 15:13:21.506  2542  2559 D UiDevice: Searching for node with selector: BySelector [TEXT='\QGet Started\E'].
10-28 15:13:22.510  2542  2559 D UiDevice: Retrieving node with selector: BySelector [TEXT='\QGet Started\E'].
10-28 15:13:22.513  2542  2559 D UiDevice: Node not found with selector: BySelector [TEXT='\QGet Started\E'].
10-28 15:13:27.514  2542  2559 D Benchmark: Profile Installer - Save Profile
10-28 15:13:27.531  2633  2633 I Process : Sending signal. PID: 2633 SIG: 10
10-28 15:13:27.531  2633  2633 D ProfileInstaller:
10-28 15:13:27.531  2633  2638 I kaisipan.mobile: Thread[3,tid=2638,WaitingInMainSignalCatcherLoop,Thread*=0x736948fad6f0,peer=0x13d41d50,"Signal Catcher"]: reacting to signal 10
10-28 15:13:27.531  2633  2638 I kaisipan.mobile:
10-28 15:13:27.531  2633  2638 I kaisipan.mobile: SIGUSR1 forcing GC (no HPROF) and profile save
10-28 15:13:27.549  2633  2638 I kaisipan.mobile: Explicit concurrent copying GC freed 181848(6947KB) AllocSpace objects, 11(292KB) LOS objects, 49% free, 7888KB/15MB, paused 21us,11us total 17.623ms
10-28 15:13:27.551  2633  2644 W System  : A resource failed to call close.
10-28 15:13:28.033  2542  2559 D Benchmark: Killing process org.kaisipan.mobile
10-28 15:13:28.033  2542  2559 D UiDevice: Executing shell command: killall org.kaisipan.mobile
10-28 15:13:28.049  1493  1676 W MediaProvider: isAppCloneUserPair for user 0: false
10-28 15:13:28.050  1493  1676 V MediaProvider: Inserted id:1000000055 less than next row id backup:1000001000.
10-28 15:13:28.082   584   942 I PackageDexOptimizer: Running dexopt (dexoptNeeded=-3) on: /data/app/~~EFLmwlxs6fLx-EpFxvJ9lg==/org.kaisipan.mobile-TVisp_8JWhaVjfznyxZtdQ==/base.apk pkg=org.kaisipan.mobile isa=x86_64 dexoptFlags=boot_complete,profile_guided,force,enable_hidden_api_checks targetFilter=speed-profile oatDir=/data/app/~~EFLmwlxs6fLx-EpFxvJ9lg==/org.kaisipan.mobile-TVisp_8JWhaVjfznyxZtdQ==/oat classLoaderContext=PCL[]{PCL[/system_ext/framework/androidx.window.extensions.jar]#PCL[/system_ext/framework/androidx.window.sidecar.jar]}
10-28 15:13:28.083   489   515 V installd: DexInv: --- BEGIN '/data/app/~~EFLmwlxs6fLx-EpFxvJ9lg==/org.kaisipan.mobile-TVisp_8JWhaVjfznyxZtdQ==/base.apk' ---
10-28 15:13:28.083   489   515 V installd: Running /apex/com.android.art/bin/dex2oat64 in=base.apk out=/data/app/~~EFLmwlxs6fLx-EpFxvJ9lg==/org.kaisipan.mobile-TVisp_8JWhaVjfznyxZtdQ==/oat/x86_64/base.odex
10-28 15:13:28.091  3348  3348 W dex2oat64: Unexpected CPU variant for x86: x86_64.
10-28 15:13:28.091  3348  3348 W dex2oat64: Known variants: atom, sandybridge, silvermont, kabylake, default
10-28 15:13:28.092  3348  3348 W dex2oat64: Mismatch between dex2oat instruction set features to use (ISA: X86_64 Feature string: -ssse3,-sse4.1,-sse4.2,-avx,-avx2,-popcnt) and those from CPP defines (ISA: X86_64 Feature string: ssse3,sse4.1,sse4.2,-avx,-avx2,popcnt) for the command line:
10-28 15:13:28.092  3348  3348 W dex2oat64: /apex/com.android.art/bin/dex2oat64 --zip-fd=8 --zip-location=base.apk --oat-fd=9 --oat-location=/data/app/~~EFLmwlxs6fLx-EpFxvJ9lg==/org.kaisipan.mobile-TVisp_8JWhaVjfznyxZtdQ==/oat/x86_64/base.odex --input-vdex-fd=11 --output-vdex-fd=10 --app-image-fd=14 --image-format=lz4 --profile-file-fd=13 --swap-fd=12 --classpath-dir=/data/app/~~EFLmwlxs6fLx-EpFxvJ9lg==/org.kaisipan.mobile-TVisp_8JWhaVjfznyxZtdQ== --class-loader-context=PCL[]{PCL[/system_ext/framework/androidx.window.extensions.jar]#PCL[/system_ext/framework/androidx.window.sidecar.jar]} --instruction-set=x86_64 --instruction-set-features=default --instruction-set-variant=x86_64 --compiler-filter=speed-profile --compilation-reason=cmdline --max-image-block-size=524288 --resolve-startup-const-strings=true --generate-mini-debug-info --runtime-arg -Xtarget-sdk-version:34 --runtime-arg -Xhidden-api-policy:enabled --runtime-arg -Xms64m --runtime-arg -Xmx512m
10-28 15:13:28.094  3348  3348 I dex2oat64: /apex/com.android.art/bin/dex2oat64 --input-vdex-fd=11 --output-vdex-fd=10 --profile-file-fd=13 --classpath-dir=/data/app/~~EFLmwlxs6fLx-EpFxvJ9lg==/org.kaisipan.mobile-TVisp_8JWhaVjfznyxZtdQ== --class-loader-context=PCL[]{PCL[/system_ext/framework/androidx.window.extensions.jar]#PCL[/system_ext/framework/androidx.window.sidecar.jar]} --compiler-filter=speed-profile --compilation-reason=cmdline --max-image-block-size=524288 --resolve-startup-const-strings=true --generate-mini-debug-info
10-28 15:13:32.778  3348  3348 W dex2oat64: Accessing hidden method Landroid/window/BackEvent;->getProgress()F (blocked, linking, denied)
10-28 15:13:32.779  3348  3348 W dex2oat64: Accessing hidden method Landroid/window/BackEvent;->getSwipeEdge()I (blocked, linking, denied)
10-28 15:13:32.780  3348  3348 W dex2oat64: Accessing hidden method Landroid/window/BackEvent;->getTouchX()F (blocked, linking, denied)
10-28 15:13:32.781  3348  3348 W dex2oat64: Accessing hidden method Landroid/window/BackEvent;->getTouchY()F (blocked, linking, denied)
10-28 15:13:33.051  3348  3348 W dex2oat64: Method java.lang.Object androidx.compose.runtime.snapshots.SnapshotStateMap.mutate(kotlin.jvm.functions.Function1) failed lock verification and will run slower.
10-28 15:13:33.051  3348  3348 W dex2oat64: Common causes for lock verification issues are non-optimized dex code
10-28 15:13:33.051  3348  3348 W dex2oat64: and incorrect proguard optimizations.
10-28 15:13:33.051  3348  3348 W dex2oat64: Method void androidx.compose.runtime.snapshots.SnapshotStateMap.update(kotlin.jvm.functions.Function1) failed lock verification and will run slower.
10-28 15:13:33.051  3348  3348 W dex2oat64: Method boolean androidx.compose.runtime.snapshots.SnapshotStateMap.removeIf$runtime_release(kotlin.jvm.functions.Function1) failed lock verification and will run slower.
10-28 15:13:33.069  3348  3351 W dex2oat64: Method boolean androidx.compose.runtime.snapshots.SnapshotStateList.conditionalUpdate(boolean, kotlin.jvm.functions.Function1) failed lock verification and will run slower.
10-28 15:13:33.069  3348  3351 W dex2oat64: Method boolean androidx.compose.runtime.snapshots.SnapshotStateList.conditionalUpdate$default(androidx.compose.runtime.snapshots.SnapshotStateList, boolean, kotlin.jvm.functions.Function1, int, java.lang.Object) failed lock verification and will run slower.
