10-28 15:14:25.808   584   808 D ConnectivityService: NetReassign [61 : null → 100]
10-28 15:14:25.809   584   801 D WifiNetworkFactory: got request NetworkRequest [ REQUEST id=61, [ Capabilities: INTERNET&NOT_RESTRICTED&TRUSTED&NOT_VCN_MANAGED Uid: 10126 RequestorUid: 10126 RequestorPkg: org.kaisipan.mobile UnderlyingNetworks: Null] ]
10-28 15:14:25.809   584   801 D UntrustedWifiNetworkFactory: got request NetworkRequest [ REQUEST id=61, [ Capabilities: INTERNET&NOT_RESTRICTED&TRUSTED&NOT_VCN_MANAGED Uid: 10126 RequestorUid: 10126 RequestorPkg: org.kaisipan.mobile UnderlyingNetworks: Null] ]
10-28 15:14:25.809   584   801 D OemPaidWifiNetworkFactory: got request NetworkRequest [ REQUEST id=61, [ Capabilities: INTERNET&NOT_RESTRICTED&TRUSTED&NOT_VCN_MANAGED Uid: 10126 RequestorUid: 10126 RequestorPkg: org.kaisipan.mobile UnderlyingNetworks: Null] ]
10-28 15:14:25.809   584   801 D MultiInternetWifiNetworkFactory: got request NetworkRequest [ REQUEST id=61, [ Capabilities: INTERNET&NOT_RESTRICTED&TRUSTED&NOT_VCN_MANAGED Uid: 10126 RequestorUid: 10126 RequestorPkg: org.kaisipan.mobile UnderlyingNetworks: Null] ]
10-28 15:14:25.815  2633  2690 W Parcel  : Expecting binder but got null!
10-28 15:14:25.817   584   604 I ActivityTaskManager: Displayed org.kaisipan.mobile/com.ustadmobile.port.android.view.AppActivity: +46ms
10-28 15:14:25.821  2633  2633 D UstadViewModelFunKt$ustadViewModel$viewModel$invoke: ustadViewModel(): create viewmodel for: com.ustadmobile.core.viewmodel.redirect.RedirectViewModel
10-28 15:14:25.821   424   463 W TransactionTracing: Could not find layer handle 0x706935038330
10-28 15:14:25.822  2633  2633 I System.out: com.ustadmobile.core.db.UmAppDatabase_DoorWrapper@229d481
10-28 15:14:25.826  2633  2633 D UstadNavControllerPreCompose$onCollectNavCommand: NavCommandEffect: Navigate: Go to Login
10-28 15:14:25.839  2542  2559 D Benchmark: Result: Starting: Intent { act=android.intent.action.MAIN cat=[android.intent.category.LAUNCHER] flg=0x10008000 pkg=org.kaisipan.mobile cmp=org.kaisipan.mobile/com.ustadmobile.port.android.view.AppActivity }
10-28 15:14:25.839  2542  2559 D Benchmark: Status: ok
10-28 15:14:25.839  2542  2559 D Benchmark: LaunchState: WARM
10-28 15:14:25.839  2542  2559 D Benchmark: Activity: org.kaisipan.mobile/com.ustadmobile.port.android.view.AppActivity
10-28 15:14:25.839  2542  2559 D Benchmark: TotalTime: 46
10-28 15:14:25.839  2542  2559 D Benchmark: WaitTime: 47
10-28 15:14:25.839  2542  2559 D Benchmark: Complete
10-28 15:14:25.842  2633  2633 D UstadViewModelFunKt$ustadViewModel$viewModel$invoke: ustadViewModel(): create viewmodel for: com.ustadmobile.core.viewmodel.login.LoginViewModel
10-28 15:14:25.846  2633  2744 V UstadCache: OKHttp-CacheInterceptor:  intercept: GET https://oer.kaisipan.org/v2/Site/verify
10-28 15:14:25.846  2633  2744 I UstadCache: UstadCache(): Retrieve https://oer.kaisipan.org/v2/Site/verify
10-28 15:14:25.847  2633  2744 D UstadCache: UstadCache(): FOUND https://oer.kaisipan.org/v2/Site/verify
10-28 15:14:25.849  2633  2744 D TrafficStats: tagSocket(100) with statsTag=0xffffffff, statsUid=-1
10-28 15:14:25.859  1493  1680 W MediaProvider: isAppCloneUserPair for user 0: false
10-28 15:14:25.860  1493  1680 V MediaProvider: Inserted id:1000000072 less than next row id backup:1000001000.
10-28 15:14:25.935  2542  2559 I System.out: 0 Flags,FrameTimelineVsyncId,IntendedVsync,Vsync,InputEventId,HandleInputStart,AnimationStart,PerformTraversalsStart,DrawStart,FrameDeadline,FrameInterval,FrameStartTime,SyncQueued,SyncStart,IssueDrawCommandsStart,SwapBuffers,FrameCompleted,DequeueBufferDuration,QueueBufferDuration,GpuCompleted,SwapBuffersCompleted,DisplayPresentTime,CommandSubmissionCompleted,
10-28 15:14:25.935  2542  2559 I System.out: 1 1,12092,472650344125,472650344125,0,472657223292,472657223682,472657223852,472677583858,472667010791,472657221372,16666666,472678054158,472678140378,472678217798,472678361988,472683820330,1230,90840,472683820330,472678816678,472687605311,472678361988,
10-28 15:14:25.935  2542  2559 I System.out: 2 0,12135,472667010791,472667010791,0,472681610189,472681610929,472688232801,472688259771,472717010789,472681608509,16666666,472688791541,472688829421,472688865951,472688958671,472700414014,2120,77330,472700414014,472689354991,423902791880,472688958671,
10-28 15:14:25.935  2542  2559 I System.out: 3 0,12206,472700344123,472700344123,0,472701057905,472701058395,472730533053,472730572813,472733677455,472701056025,16666666,472740362755,472740441895,472740498015,472740555535,472750462188,2960,265530,472750462188,472741268806,423935805009,472740555535,
10-28 15:14:25.935  2542  2559 I System.out: 4 0,12250,472717010789,472733677455,0,472742829006,472742829346,472756688620,472756713050,472783677453,472742826746,16666666,472763976482,472764021422,472764064932,472764525152,472767115833,3040,106510,472767115833,472765223592,423969274868,472764525152,
10-28 15:14:25.935  2542  2559 I System.out: 5 0,12322,472750344121,472750344121,0,472764984802,472764985122,472766496173,472766512863,472767010787,472764983822,16666666,472768362583,472768393023,472768448373,472769488714,423969605679,2410,112350,423967109768,472770627494,423985749653,472769488714,
10-28 15:14:25.936  2542  2559 D UiDevice: Waiting 10000ms for SearchCondition[hasObject=BySelector [TEXT='\QGet Started\E']].
10-28 15:14:25.936  2542  2559 D UiDevice: Searching for node with selector: BySelector [TEXT='\QGet Started\E'].
10-28 15:14:25.949  2633  2744 D UstadCache: OKHttp-CacheInterceptor:  MISS(invalid) https://oer.kaisipan.org/v2/Site/verify
10-28 15:14:25.949  2633  2744 D UstadCache: OKHttp-CacheInterceptor:  newCacheAndStoreResponse: GET https://oer.kaisipan.org/v2/Site/verify 200 ()
10-28 15:14:25.949  2633  2744 V UstadCache: OKHttp-CacheInterceptor:  https://oer.kaisipan.org/v2/Site/verify MISS(invalid) can store/update 200  (contentType=application/json; charset=UTF-8, content-encoding=null content-length=177)
10-28 15:14:25.951  2633  2754 D UstadCache: UstadCache(): storerequest 1 entries
10-28 15:14:25.952  2633  2754 V UstadCache: UstadCache(): copied request data for https://oer.kaisipan.org/v2/Site/verify to /data/user/0/org.kaisipan.mobile/files/httpfiles/tmpwork/9.tmp (integrity=sha256-+Gj5X+R/uXuHkt8sVDRb99IojGPQMF8H9XLmkpGzlgU=)
10-28 15:14:25.952  2633  2754 V UstadCache: UstadCache(): cacheEntries created 1 entries
10-28 15:14:25.952  2633  2754 D UstadCache: UstadCache(): deleting 1 tmp files
10-28 15:14:25.952  2633  2754 D UstadCache: UstadCache(): db transaction completed
10-28 15:14:26.054   424   463 W TransactionTracing: Could not find layer handle 0x70693503c770
10-28 15:14:26.054   424   463 W TransactionTracing: Could not find layer handle 0x706935039830
10-28 15:14:26.054   424   463 W TransactionTracing: Could not find layer handle 0x70693503c770
10-28 15:14:26.087   424   463 W TransactionTracing: Could not find layer handle 0x70693503a310
10-28 15:14:26.087   424   463 W TransactionTracing: Could not find layer handle 0x70693503bed0
10-28 15:14:26.087   424   463 W TransactionTracing: Could not find layer handle 0x70693503f5f0
10-28 15:14:26.087   424   463 W TransactionTracing: Could not find layer handle 0x70693503ac10
10-28 15:14:26.087   424   463 W TransactionTracing: Could not find layer handle 0x70693503d7f0
10-28 15:14:26.105   424   463 W TransactionTracing: Could not find layer handle 0x70693503a010
10-28 15:14:26.108   584  1815 W InputManager-JNI: Input channel object 'bd6c67d Splash Screen org.kaisipan.mobile (client)' was disposed without first being removed with the input manager!
10-28 15:14:26.139  1339  1339 W FrameTracker: Missed SF frame:PREDICTION_ERROR, 12004, 4124722, CUJ=J<LAUNCHER_APP_CLOSE_TO_HOME>
10-28 15:14:26.139  1339  1339 W FrameTracker: Missed SF frame:PREDICTION_ERROR, 12026, 4287391, CUJ=J<LAUNCHER_APP_CLOSE_TO_HOME>
10-28 15:14:26.139  1339  1339 W FrameTracker: Missed SF frame:PREDICTION_ERROR, 12128, 7402336, CUJ=J<LAUNCHER_APP_CLOSE_TO_HOME>
10-28 15:14:26.139  1339  1339 W FrameTracker: Missed SF frame:PREDICTION_ERROR, 12198, 4167672, CUJ=J<LAUNCHER_APP_CLOSE_TO_HOME>
10-28 15:14:26.139  1339  1339 W FrameTracker: Missed SF frame:PREDICTION_ERROR, 12286, 3965120, CUJ=J<LAUNCHER_APP_CLOSE_TO_HOME>
10-28 15:14:26.139  1339  1339 W FrameTracker: Missed SF frame:PREDICTION_ERROR, 12351, 7165578, CUJ=J<LAUNCHER_APP_CLOSE_TO_HOME>
10-28 15:14:26.140  1339  1339 W FrameTracker: Missed SF frame:PREDICTION_ERROR, 12387, 5028996, CUJ=J<LAUNCHER_APP_CLOSE_TO_HOME>
10-28 15:14:26.140  1339  1339 W FrameTracker: Missed SF frame:PREDICTION_ERROR, 12459, 5429013, CUJ=J<LAUNCHER_APP_CLOSE_TO_HOME>
10-28 15:14:26.140  1339  1339 W FrameTracker: Missed SF frame:PREDICTION_ERROR, 12531, 4421520, CUJ=J<LAUNCHER_APP_CLOSE_TO_HOME>
10-28 15:14:26.140  1339  1339 W FrameTracker: Missed SF frame:PREDICTION_ERROR, 12567, 6439639, CUJ=J<LAUNCHER_APP_CLOSE_TO_HOME>
10-28 15:14:26.140  1339  1339 W FrameTracker: Missed SF frame:PREDICTION_ERROR, 12596, 4409597, CUJ=J<LAUNCHER_APP_CLOSE_TO_HOME>
10-28 15:14:26.140  1339  1339 W FrameTracker: Missing SF jank callback for vsyncId: 12625, CUJ=J<LAUNCHER_APP_CLOSE_TO_HOME>
10-28 15:14:26.140  1339  1698 V PerfettoTrigger: Not triggering com.android.telemetry.interaction-jank-monitor-9 - not enough time since last trigger
10-28 15:14:26.158   862   918 W FrameTracker: Missed SF frame:PREDICTION_ERROR, 12186, 0, CUJ=J<SPLASHSCREEN_EXIT_ANIM>
10-28 15:14:26.158   862   918 W FrameTracker: Missing HWUI jank callback for vsyncId: 12186, CUJ=J<SPLASHSCREEN_EXIT_ANIM>
10-28 15:14:26.158   862   918 W FrameTracker: Missed SF frame:PREDICTION_ERROR, 12229, 2805511, CUJ=J<SPLASHSCREEN_EXIT_ANIM>
10-28 15:14:26.158   862   918 W FrameTracker: Missed SF frame:PREDICTION_ERROR, 12279, 8631621, CUJ=J<SPLASHSCREEN_EXIT_ANIM>
10-28 15:14:26.158   862   918 W FrameTracker: Missed SF frame:PREDICTION_ERROR, 12308, 8308320, CUJ=J<SPLASHSCREEN_EXIT_ANIM>
10-28 15:14:26.158   862   918 W FrameTracker: Missed SF frame:PREDICTION_ERROR, 12380, 4826256, CUJ=J<SPLASHSCREEN_EXIT_ANIM>
10-28 15:14:26.158   862   918 W FrameTracker: Missed SF frame:PREDICTION_ERROR, 12452, 0, CUJ=J<SPLASHSCREEN_EXIT_ANIM>
10-28 15:14:26.158   862   918 W FrameTracker: Missing HWUI jank callback for vsyncId: 12452, CUJ=J<SPLASHSCREEN_EXIT_ANIM>
10-28 15:14:26.158   862   918 W FrameTracker: Missed SF frame:PREDICTION_ERROR, 12560, 5874539, CUJ=J<SPLASHSCREEN_EXIT_ANIM>
10-28 15:14:26.158   862   918 W FrameTracker: Missed SF frame:PREDICTION_ERROR, 12583, 4032407, CUJ=J<SPLASHSCREEN_EXIT_ANIM>
10-28 15:14:26.158   862   918 W FrameTracker: Missed SF frame:PREDICTION_ERROR, 12618, 4439666, CUJ=J<SPLASHSCREEN_EXIT_ANIM>
10-28 15:14:26.158   862   918 W FrameTracker: Missed SF frame:PREDICTION_ERROR, 12647, 0, CUJ=J<SPLASHSCREEN_EXIT_ANIM>
10-28 15:14:26.158   862   918 W FrameTracker: Missing HWUI jank callback for vsyncId: 12647, CUJ=J<SPLASHSCREEN_EXIT_ANIM>
10-28 15:14:26.158   862   918 W FrameTracker: Missed SF frame:PREDICTION_ERROR, 12690, 4227113, CUJ=J<SPLASHSCREEN_EXIT_ANIM>
10-28 15:14:26.158   862   918 W FrameTracker: Missing SF jank callback for vsyncId: 12705, CUJ=J<SPLASHSCREEN_EXIT_ANIM>
10-28 15:14:26.159   862   907 V PerfettoTrigger: Not triggering com.android.telemetry.interaction-jank-monitor-39 - not enough time since last trigger
10-28 15:14:26.287   424   463 W TransactionTracing: Could not find layer handle 0x706935038d50
10-28 15:14:26.287   424   463 W TransactionTracing: Could not find layer handle 0x7069350393b0
10-28 15:14:26.287   424   463 W TransactionTracing: Could not find layer handle 0x70693503edb0
10-28 15:14:26.427  2542  2559 D UiDevice: Searching for node with selector: BySelector [TEXT='\QGet Started\E'].
10-28 15:14:27.020  2542  2559 D UiDevice: Searching for node with selector: BySelector [TEXT='\QGet Started\E'].
10-28 15:14:27.123  2542  2559 D UiDevice: Searching for node with selector: BySelector [TEXT='\QGet Started\E'].
10-28 15:14:27.225  2542  2559 D UiDevice: Searching for node with selector: BySelector [TEXT='\QGet Started\E'].
10-28 15:14:27.328  2542  2559 D UiDevice: Searching for node with selector: BySelector [TEXT='\QGet Started\E'].
10-28 15:14:27.431  2542  2559 D UiDevice: Searching for node with selector: BySelector [TEXT='\QGet Started\E'].
10-28 15:14:27.534  2542  2559 D UiDevice: Searching for node with selector: BySelector [TEXT='\QGet Started\E'].
10-28 15:14:27.637  2542  2559 D UiDevice: Searching for node with selector: BySelector [TEXT='\QGet Started\E'].
10-28 15:14:27.740  2542  2559 D UiDevice: Searching for node with selector: BySelector [TEXT='\QGet Started\E'].
10-28 15:14:27.843  2542  2559 D UiDevice: Searching for node with selector: BySelector [TEXT='\QGet Started\E'].
10-28 15:14:27.946  2542  2559 D UiDevice: Searching for node with selector: BySelector [TEXT='\QGet Started\E'].
10-28 15:14:28.049  2542  2559 D UiDevice: Searching for node with selector: BySelector [TEXT='\QGet Started\E'].
10-28 15:14:28.152  2542  2559 D UiDevice: Searching for node with selector: BySelector [TEXT='\QGet Started\E'].
10-28 15:14:28.255  2542  2559 D UiDevice: Searching for node with selector: BySelector [TEXT='\QGet Started\E'].
10-28 15:14:28.358  2542  2559 D UiDevice: Searching for node with selector: BySelector [TEXT='\QGet Started\E'].
10-28 15:14:28.461  2542  2559 D UiDevice: Searching for node with selector: BySelector [TEXT='\QGet Started\E'].
10-28 15:14:28.564  2542  2559 D UiDevice: Searching for node with selector: BySelector [TEXT='\QGet Started\E'].
10-28 15:14:28.667  2542  2559 D UiDevice: Searching for node with selector: BySelector [TEXT='\QGet Started\E'].
10-28 15:14:28.770  2542  2559 D UiDevice: Searching for node with selector: BySelector [TEXT='\QGet Started\E'].
10-28 15:14:28.873  2542  2559 D UiDevice: Searching for node with selector: BySelector [TEXT='\QGet Started\E'].
10-28 15:14:28.976  2542  2559 D UiDevice: Searching for node with selector: BySelector [TEXT='\QGet Started\E'].
10-28 15:14:29.079  2542  2559 D UiDevice: Searching for node with selector: BySelector [TEXT='\QGet Started\E'].
10-28 15:14:29.181  2542  2559 D UiDevice: Searching for node with selector: BySelector [TEXT='\QGet Started\E'].
10-28 15:14:29.284  2542  2559 D UiDevice: Searching for node with selector: BySelector [TEXT='\QGet Started\E'].
10-28 15:14:29.387  2542  2559 D UiDevice: Searching for node with selector: BySelector [TEXT='\QGet Started\E'].
10-28 15:14:29.490  2542  2559 D UiDevice: Searching for node with selector: BySelector [TEXT='\QGet Started\E'].
10-28 15:14:29.593  2542  2559 D UiDevice: Searching for node with selector: BySelector [TEXT='\QGet Started\E'].
10-28 15:14:29.696  2542  2559 D UiDevice: Searching for node with selector: BySelector [TEXT='\QGet Started\E'].
10-28 15:14:29.799  2542  2559 D UiDevice: Searching for node with selector: BySelector [TEXT='\QGet Started\E'].
10-28 15:14:29.902  2542  2559 D UiDevice: Searching for node with selector: BySelector [TEXT='\QGet Started\E'].
10-28 15:14:30.005  2542  2559 D UiDevice: Searching for node with selector: BySelector [TEXT='\QGet Started\E'].
10-28 15:14:30.108  2542  2559 D UiDevice: Searching for node with selector: BySelector [TEXT='\QGet Started\E'].
10-28 15:14:30.210  2542  2559 D UiDevice: Searching for node with selector: BySelector [TEXT='\QGet Started\E'].
10-28 15:14:30.313  2542  2559 D UiDevice: Searching for node with selector: BySelector [TEXT='\QGet Started\E'].
10-28 15:14:30.416  2542  2559 D UiDevice: Searching for node with selector: BySelector [TEXT='\QGet Started\E'].
10-28 15:14:30.518  2542  2559 D UiDevice: Searching for node with selector: BySelector [TEXT='\QGet Started\E'].
10-28 15:14:30.622  2542  2559 D UiDevice: Searching for node with selector: BySelector [TEXT='\QGet Started\E'].
10-28 15:14:30.724  2542  2559 D UiDevice: Searching for node with selector: BySelector [TEXT='\QGet Started\E'].
10-28 15:14:30.827  2542  2559 D UiDevice: Searching for node with selector: BySelector [TEXT='\QGet Started\E'].
10-28 15:14:30.930  2542  2559 D UiDevice: Searching for node with selector: BySelector [TEXT='\QGet Started\E'].
10-28 15:14:31.033  2542  2559 D UiDevice: Searching for node with selector: BySelector [TEXT='\QGet Started\E'].
10-28 15:14:31.136  2542  2559 D UiDevice: Searching for node with selector: BySelector [TEXT='\QGet Started\E'].
10-28 15:14:31.239  2542  2559 D UiDevice: Searching for node with selector: BySelector [TEXT='\QGet Started\E'].
10-28 15:14:31.343  2542  2559 D UiDevice: Searching for node with selector: BySelector [TEXT='\QGet Started\E'].
10-28 15:14:31.445  2542  2559 D UiDevice: Searching for node with selector: BySelector [TEXT='\QGet Started\E'].
10-28 15:14:31.549  2542  2559 D UiDevice: Searching for node with selector: BySelector [TEXT='\QGet Started\E'].
10-28 15:14:31.651  2542  2559 D UiDevice: Searching for node with selector: BySelector [TEXT='\QGet Started\E'].
10-28 15:14:31.754  2542  2559 D UiDevice: Searching for node with selector: BySelector [TEXT='\QGet Started\E'].
10-28 15:14:31.857  2542  2559 D UiDevice: Searching for node with selector: BySelector [TEXT='\QGet Started\E'].
10-28 15:14:31.960  2542  2559 D UiDevice: Searching for node with selector: BySelector [TEXT='\QGet Started\E'].
10-28 15:14:32.063  2542  2559 D UiDevice: Searching for node with selector: BySelector [TEXT='\QGet Started\E'].
10-28 15:14:32.166  2542  2559 D UiDevice: Searching for node with selector: BySelector [TEXT='\QGet Started\E'].
10-28 15:14:32.269  2542  2559 D UiDevice: Searching for node with selector: BySelector [TEXT='\QGet Started\E'].
10-28 15:14:32.372  2542  2559 D UiDevice: Searching for node with selector: BySelector [TEXT='\QGet Started\E'].
10-28 15:14:32.454   862  1304 D EGL_emulation: app_time_stats: avg=241.42ms min=12.07ms max=6030.96ms count=28
10-28 15:14:32.475  2542  2559 D UiDevice: Searching for node with selector: BySelector [TEXT='\QGet Started\E'].
10-28 15:14:33.045  2542  2559 D UiDevice: Searching for node with selector: BySelector [TEXT='\QGet Started\E'].
10-28 15:14:33.148  2542  2559 D UiDevice: Searching for node with selector: BySelector [TEXT='\QGet Started\E'].
10-28 15:14:33.251  2542  2559 D UiDevice: Searching for node with selector: BySelector [TEXT='\QGet Started\E'].
10-28 15:14:33.354  2542  2559 D UiDevice: Searching for node with selector: BySelector [TEXT='\QGet Started\E'].
10-28 15:14:33.456  2542  2559 D UiDevice: Searching for node with selector: BySelector [TEXT='\QGet Started\E'].
10-28 15:14:33.560  2542  2559 D UiDevice: Searching for node with selector: BySelector [TEXT='\QGet Started\E'].
10-28 15:14:33.662  2542  2559 D UiDevice: Searching for node with selector: BySelector [TEXT='\QGet Started\E'].
10-28 15:14:33.765  2542  2559 D UiDevice: Searching for node with selector: BySelector [TEXT='\QGet Started\E'].
10-28 15:14:33.868  2542  2559 D UiDevice: Searching for node with selector: BySelector [TEXT='\QGet Started\E'].
10-28 15:14:33.971  2542  2559 D UiDevice: Searching for node with selector: BySelector [TEXT='\QGet Started\E'].
10-28 15:14:34.075  2542  2559 D UiDevice: Searching for node with selector: BySelector [TEXT='\QGet Started\E'].
10-28 15:14:34.177  2542  2559 D UiDevice: Searching for node with selector: BySelector [TEXT='\QGet Started\E'].
10-28 15:14:34.280  2542  2559 D UiDevice: Searching for node with selector: BySelector [TEXT='\QGet Started\E'].
10-28 15:14:34.386  2542  2559 D UiDevice: Searching for node with selector: BySelector [TEXT='\QGet Started\E'].
10-28 15:14:34.511  2542  2559 D UiDevice: Searching for node with selector: BySelector [TEXT='\QGet Started\E'].
10-28 15:14:34.637  2542  2559 D UiDevice: Searching for node with selector: BySelector [TEXT='\QGet Started\E'].
10-28 15:14:34.757  2542  2559 D UiDevice: Searching for node with selector: BySelector [TEXT='\QGet Started\E'].
10-28 15:14:34.886  2542  2559 D UiDevice: Searching for node with selector: BySelector [TEXT='\QGet Started\E'].
10-28 15:14:34.992  2542  2559 D UiDevice: Searching for node with selector: BySelector [TEXT='\QGet Started\E'].
10-28 15:14:35.096  2542  2559 D UiDevice: Searching for node with selector: BySelector [TEXT='\QGet Started\E'].
10-28 15:14:35.199  2542  2559 D UiDevice: Searching for node with selector: BySelector [TEXT='\QGet Started\E'].
10-28 15:14:35.303  2542  2559 D UiDevice: Searching for node with selector: BySelector [TEXT='\QGet Started\E'].
10-28 15:14:35.407  2542  2559 D UiDevice: Searching for node with selector: BySelector [TEXT='\QGet Started\E'].
10-28 15:14:35.511  2542  2559 D UiDevice: Searching for node with selector: BySelector [TEXT='\QGet Started\E'].
10-28 15:14:35.614  2542  2559 D UiDevice: Searching for node with selector: BySelector [TEXT='\QGet Started\E'].
10-28 15:14:35.718  2542  2559 D UiDevice: Searching for node with selector: BySelector [TEXT='\QGet Started\E'].
10-28 15:14:35.821  2542  2559 D UiDevice: Searching for node with selector: BySelector [TEXT='\QGet Started\E'].
10-28 15:14:35.925  2542  2559 D UiDevice: Searching for node with selector: BySelector [TEXT='\QGet Started\E'].
10-28 15:14:36.028  2542  2559 D UiDevice: Searching for node with selector: BySelector [TEXT='\QGet Started\E'].
10-28 15:14:37.032  2542  2559 D UiDevice: Retrieving node with selector: BySelector [TEXT='\QGet Started\E'].
10-28 15:14:37.036  2542  2559 D UiDevice: Node not found with selector: BySelector [TEXT='\QGet Started\E'].
10-28 15:14:42.036  2542  2559 D Benchmark: Profile Installer - Save Profile
10-28 15:14:42.070  2633  2633 I Process : Sending signal. PID: 2633 SIG: 10
10-28 15:14:42.070  2633  2633 D ProfileInstaller:
10-28 15:14:42.071  2633  2638 I kaisipan.mobile: Thread[3,tid=2638,WaitingInMainSignalCatcherLoop,Thread*=0x736948fad6f0,peer=0x13882990,"Signal Catcher"]: reacting to signal 10
10-28 15:14:42.071  2633  2638 I kaisipan.mobile:
10-28 15:14:42.071  2633  2638 I kaisipan.mobile: SIGUSR1 forcing GC (no HPROF) and profile save
10-28 15:14:42.124  2633  2638 I kaisipan.mobile: Explicit concurrent copying GC freed 176186(6759KB) AllocSpace objects, 11(292KB) LOS objects, 49% free, 7916KB/15MB, paused 71us,32us total 53.471ms
10-28 15:14:42.129  2633  2644 W System  : A resource failed to call close.
10-28 15:14:42.575  2542  2559 D Benchmark: Killing process org.kaisipan.mobile
10-28 15:14:42.575  2542  2559 D UiDevice: Executing shell command: killall org.kaisipan.mobile
10-28 15:14:42.603  1493  2742 W MediaProvider: isAppCloneUserPair for user 0: false
10-28 15:14:42.605  1493  2742 V MediaProvider: Inserted id:1000000073 less than next row id backup:1000001000.
10-28 15:14:42.652   584  1597 I PackageDexOptimizer: Running dexopt (dexoptNeeded=-3) on: /data/app/~~EFLmwlxs6fLx-EpFxvJ9lg==/org.kaisipan.mobile-TVisp_8JWhaVjfznyxZtdQ==/base.apk pkg=org.kaisipan.mobile isa=x86_64 dexoptFlags=boot_complete,profile_guided,force,enable_hidden_api_checks targetFilter=speed-profile oatDir=/data/app/~~EFLmwlxs6fLx-EpFxvJ9lg==/org.kaisipan.mobile-TVisp_8JWhaVjfznyxZtdQ==/oat classLoaderContext=PCL[]{PCL[/system_ext/framework/androidx.window.extensions.jar]#PCL[/system_ext/framework/androidx.window.sidecar.jar]}
10-28 15:14:42.653   489   515 V installd: DexInv: --- BEGIN '/data/app/~~EFLmwlxs6fLx-EpFxvJ9lg==/org.kaisipan.mobile-TVisp_8JWhaVjfznyxZtdQ==/base.apk' ---
10-28 15:14:42.653   489   515 V installd: Running /apex/com.android.art/bin/dex2oat64 in=base.apk out=/data/app/~~EFLmwlxs6fLx-EpFxvJ9lg==/org.kaisipan.mobile-TVisp_8JWhaVjfznyxZtdQ==/oat/x86_64/base.odex
10-28 15:14:42.668  3688  3688 W dex2oat64: Unexpected CPU variant for x86: x86_64.
10-28 15:14:42.668  3688  3688 W dex2oat64: Known variants: atom, sandybridge, silvermont, kabylake, default
10-28 15:14:42.669  3688  3688 W dex2oat64: Mismatch between dex2oat instruction set features to use (ISA: X86_64 Feature string: -ssse3,-sse4.1,-sse4.2,-avx,-avx2,-popcnt) and those from CPP defines (ISA: X86_64 Feature string: ssse3,sse4.1,sse4.2,-avx,-avx2,popcnt) for the command line:
10-28 15:14:42.669  3688  3688 W dex2oat64: /apex/com.android.art/bin/dex2oat64 --zip-fd=8 --zip-location=base.apk --oat-fd=9 --oat-location=/data/app/~~EFLmwlxs6fLx-EpFxvJ9lg==/org.kaisipan.mobile-TVisp_8JWhaVjfznyxZtdQ==/oat/x86_64/base.odex --input-vdex-fd=11 --output-vdex-fd=10 --app-image-fd=14 --image-format=lz4 --profile-file-fd=13 --swap-fd=12 --classpath-dir=/data/app/~~EFLmwlxs6fLx-EpFxvJ9lg==/org.kaisipan.mobile-TVisp_8JWhaVjfznyxZtdQ== --class-loader-context=PCL[]{PCL[/system_ext/framework/androidx.window.extensions.jar]#PCL[/system_ext/framework/androidx.window.sidecar.jar]} --instruction-set=x86_64 --instruction-set-features=default --instruction-set-variant=x86_64 --compiler-filter=speed-profile --compilation-reason=cmdline --max-image-block-size=524288 --resolve-startup-const-strings=true --generate-mini-debug-info --runtime-arg -Xtarget-sdk-version:34 --runtime-arg -Xhidden-api-policy:enabled --runtime-arg -Xms64m --runtime-arg -Xmx512m
10-28 15:14:42.674  3688  3688 I dex2oat64: /apex/com.android.art/bin/dex2oat64 --input-vdex-fd=11 --output-vdex-fd=10 --profile-file-fd=13 --classpath-dir=/data/app/~~EFLmwlxs6fLx-EpFxvJ9lg==/org.kaisipan.mobile-TVisp_8JWhaVjfznyxZtdQ== --class-loader-context=PCL[]{PCL[/system_ext/framework/androidx.window.extensions.jar]#PCL[/system_ext/framework/androidx.window.sidecar.jar]} --compiler-filter=speed-profile --compilation-reason=cmdline --max-image-block-size=524288 --resolve-startup-const-strings=true --generate-mini-debug-info
10-28 15:14:45.424  2633  2703 D UstadCache: CacheTrimmer:  Trim cache run: max (evictable) size = 100000000 bytes
10-28 15:14:45.425  2633  2703 V UstadCache: CacheTrimmer:  deleting
10-28 15:14:46.520  3688  3691 W dex2oat64: Accessing hidden method Landroid/window/BackEvent;->getProgress()F (blocked, linking, denied)
10-28 15:14:46.521  3688  3691 W dex2oat64: Accessing hidden method Landroid/window/BackEvent;->getSwipeEdge()I (blocked, linking, denied)
10-28 15:14:46.521  3688  3691 W dex2oat64: Accessing hidden method Landroid/window/BackEvent;->getTouchX()F (blocked, linking, denied)
10-28 15:14:46.521  3688  3691 W dex2oat64: Accessing hidden method Landroid/window/BackEvent;->getTouchY()F (blocked, linking, denied)
10-28 15:14:46.752  3688  3690 W dex2oat64: Method java.lang.Object androidx.compose.runtime.snapshots.SnapshotStateMap.mutate(kotlin.jvm.functions.Function1) failed lock verification and will run slower.
10-28 15:14:46.752  3688  3690 W dex2oat64: Common causes for lock verification issues are non-optimized dex code
10-28 15:14:46.752  3688  3690 W dex2oat64: and incorrect proguard optimizations.
10-28 15:14:46.752  3688  3690 W dex2oat64: Method void androidx.compose.runtime.snapshots.SnapshotStateMap.update(kotlin.jvm.functions.Function1) failed lock verification and will run slower.
10-28 15:14:46.752  3688  3690 W dex2oat64: Method boolean androidx.compose.runtime.snapshots.SnapshotStateMap.removeIf$runtime_release(kotlin.jvm.functions.Function1) failed lock verification and will run slower.
10-28 15:14:46.773  3688  3691 W dex2oat64: Method boolean androidx.compose.runtime.snapshots.SnapshotStateList.conditionalUpdate(boolean, kotlin.jvm.functions.Function1) failed lock verification and will run slower.
10-28 15:14:46.774  3688  3691 W dex2oat64: Method boolean androidx.compose.runtime.snapshots.SnapshotStateList.conditionalUpdate$default(androidx.compose.runtime.snapshots.SnapshotStateList, boolean, kotlin.jvm.functions.Function1, int, java.lang.Object) failed lock verification and will run slower.
10-28 15:14:46.774  3688  3691 W dex2oat64: Method java.lang.Object androidx.compose.runtime.snapshots.SnapshotStateList.mutate(kotlin.jvm.functions.Function1) failed lock verification and will run slower.
10-28 15:14:46.775  3688  3691 W dex2oat64: Method void androidx.compose.runtime.snapshots.SnapshotStateList.update(boolean, kotlin.jvm.functions.Function1) failed lock verification and will run slower.
10-28 15:14:46.775  3688  3691 W dex2oat64: Method void androidx.compose.runtime.snapshots.SnapshotStateList.update$default(androidx.compose.runtime.snapshots.SnapshotStateList, boolean, kotlin.jvm.functions.Function1, int, java.lang.Object) failed lock verification and will run slower.
10-28 15:14:48.060  3688  3688 I dex2oat64: Explicit concurrent copying GC freed 197123(31MB) AllocSpace objects, 0(0B) LOS objects, 49% free, 2154KB/4309KB, paused 14us,5us total 10.787ms
10-28 15:14:48.371  3688  3688 I dex2oat64: dex2oat took 5.703s (9.166s cpu) (threads: 4) arena alloc=10MB (11094672B) java alloc=2154KB (2206680B) native alloc=22MB (23474864B) free=145MB (152732640B)
10-28 15:14:48.400   489   515 V installd: DexInv: --- END '/data/app/~~EFLmwlxs6fLx-EpFxvJ9lg==/org.kaisipan.mobile-TVisp_8JWhaVjfznyxZtdQ==/base.apk' (success) ---
10-28 15:14:48.449  1493  1876 W MediaProvider: isAppCloneUserPair for user 0: false
10-28 15:14:48.450  1493  1876 V MediaProvider: Inserted id:1000000074 less than next row id backup:1000001000.
10-28 15:14:48.862  3708  3708 W profman : profman took 383.376ms
10-28 15:14:48.890  1493  3492 W MediaProvider: isAppCloneUserPair for user 0: false
10-28 15:14:48.891  1493  3492 V MediaProvider: Inserted id:1000000075 less than next row id backup:1000001000.
10-28 15:14:49.360  1493  1876 I MediaProvider: Deleted 0 0 0 0 0 0 0 items on external_primary due to com.ustadmobile.app_android_baselineprofile
10-28 15:14:50.175  2542  2559 D Benchmark: Unstable profiles during iteration 9
10-28 15:14:50.175  2542  2559 D Benchmark: Killing package org.kaisipan.mobile
10-28 15:14:50.175  2542  2559 D Benchmark: Killing process org.kaisipan.mobile
10-28 15:14:50.175  2542  2559 D UiDevice: Executing shell command: killall org.kaisipan.mobile
10-28 15:14:50.188  2542  2559 D Benchmark: Compile iteration (10) for org.kaisipan.mobile
10-28 15:14:50.188  2542  2559 D UiDevice: Pressing home button.
10-28 15:14:50.211   862   862 V ShadeControllerImpl: NotificationShadeWindow: com.android.systemui.shade.NotificationShadeWindowView{86d7116 I.E...... ......ID 0,0-320,640} canPanelBeCollapsed(): false
10-28 15:14:50.219  1339  1339 D TaplTarget: Launcher.onNewIntent: Intent { act=android.intent.action.MAIN cat=[android.intent.category.HOME] flg=0x10400100 cmp=com.android.launcher3/.uioverrides.QuickstepLauncher (has extras) }
10-28 15:14:50.223   862   862 V ShadeControllerImpl: NotificationShadeWindow: com.android.systemui.shade.NotificationShadeWindowView{86d7116 I.E...... ......ID 0,0-320,640} canPanelBeCollapsed(): false
10-28 15:14:50.236   424   424 I BpBinder: onLastStrongRef automatically unlinking death recipients: <uncached descriptor>
10-28 15:14:50.255   424   463 W TransactionTracing: Could not find layer handle 0x70693503fc50
10-28 15:14:50.257  1493  3492 W MediaProvider: isAppCloneUserPair for user 0: false
10-28 15:14:50.258  1493  3492 V MediaProvider: Inserted id:1000000076 less than next row id backup:1000001000.
10-28 15:14:50.261   862  1304 D EGL_emulation: app_time_stats: avg=17806.52ms min=17806.52ms max=17806.52ms count=1
10-28 15:14:50.289   424   463 W TransactionTracing: Could not find layer handle 0x706935037610
10-28 15:14:50.302  2542  2559 I System.out: 0 Flags,FrameTimelineVsyncId,IntendedVsync,Vsync,InputEventId,HandleInputStart,AnimationStart,PerformTraversalsStart,DrawStart,FrameDeadline,FrameInterval,FrameStartTime,SyncQueued,SyncStart,IssueDrawCommandsStart,SwapBuffers,FrameCompleted,DequeueBufferDuration,QueueBufferDuration,GpuCompleted,SwapBuffersCompleted,DisplayPresentTime,CommandSubmissionCompleted,
10-28 15:14:50.302  2542  2559 I System.out: 1 1,12092,472650344125,472650344125,0,472657223292,472657223682,472657223852,472677583858,472667010791,472657221372,16666666,472678054158,472678140378,472678217798,472678361988,472683820330,1230,90840,472683820330,472678816678,472687605311,472678361988,
10-28 15:14:50.302  2542  2559 I System.out: 2 0,12135,472667010791,472667010791,0,472681610189,472681610929,472688232801,472688259771,472717010789,472681608509,16666666,472688791541,472688829421,472688865951,472688958671,472700414014,2120,77330,472700414014,472689354991,472701801105,472688958671,
10-28 15:14:50.302  2542  2559 I System.out: 3 0,12206,472700344123,472700344123,0,472701057905,472701058395,472730533053,472730572813,472733677455,472701056025,16666666,472740362755,472740441895,472740498015,472740555535,472750462188,2960,265530,472750462188,472741268806,472752735539,472740555535,
10-28 15:14:50.303  2542  2559 I System.out: 4 0,12250,472717010789,472733677455,0,472742829006,472742829346,472756688620,472756713050,472783677453,472742826746,16666666,472763976482,472764021422,472764064932,472764525152,472767115833,3040,106510,472767115833,472765223592,472769162943,472764525152,
10-28 15:14:50.303  2542  2559 I System.out: 5 0,12322,472750344121,472750344121,0,472764984802,472764985122,472766496173,472766512863,472800344119,472764983822,16666666,472768362583,472768393023,472768448373,472769488714,472779526126,2410,112350,472779526126,472770627494,472785793828,472769488714,
10-28 15:14:50.303  2542  2559 I System.out: 6 0,12358,472767010787,472767010787,0,472772853684,472772854324,472776810136,472776836396,472817010785,472772851644,16666666,472778208206,472778240136,472778281216,472778988396,472787952999,8375453,93190,472783782247,472787952999,472802739653,472778988396,
10-28 15:14:50.303  2542  2559 I System.out: 7 0,12394,472783677453,472783677453,0,472784639958,472784640148,472786691568,472786712088,472833677451,472784638218,16666666,472788896399,472788931989,472788974759,472789956779,472802973273,12286244,81250,472800466342,472802973273,472819924098,472789956779,
10-28 15:14:50.303  2542  2559 I System.out: 8 0,12430,472800344119,472800344119,0,472803149573,472803149923,472806042824,472806065944,472850344117,472803147693,16666666,472807364104,472807401984,472807457664,472808536274,472820113988,10938353,145231,472817124517,472820113988,472835622442,472808536274,
10-28 15:14:50.303  2542  2559 I System.out: 9 0,12466,472817010785,472817010785,0,472818760047,472818760527,472831004831,472831027101,472867010783,472818758037,16666666,472835531992,472835629582,472835676542,472836552072,472842585284,2540,101590,472842585284,472838444213,472852651687,472836552072,
10-28 15:14:50.303  2542  2559 I System.out: 10 0,12502,472833677451,472833677451,0,472836715072,472836715292,472838603093,472838623623,472883677449,472836714182,16666666,472839804233,472839844813,472839883353,472841615104,472852782697,10143343,213320,472850465236,472852782697,472872593502,472841615104,
10-28 15:14:50.303  2542  2559 I System.out: 11 0,12538,472850344117,472850344117,0,472852439027,472852439907,472855693287,472855726047,472900344115,472852436417,16666666,472857804688,472857862538,472857924268,472858749188,472873086202,13476393,138991,472867151691,472873086202,472885611606,472858749188,
10-28 15:14:50.303  2542  2559 I System.out: 12 0,12574,472867010783,472867010783,0,472867329361,472867329641,472870254302,472870280712,472917010781,472867327571,16666666,472872418272,472873115142,472873178232,472874177733,472886040856,10892123,136450,472883801115,472886040856,472903865441,472874177733,
10-28 15:14:50.303  2542  2559 I System.out: 13 0,12603,472883677449,472883677449,0,472884072765,472884072985,472886217536,472886238366,472933677447,472884071345,16666666,472887773146,472887834576,472887912926,472888865517,472903733901,13800844,129520,472900527650,472903733901,472922894026,472888865517,
10-28 15:14:50.303  2542  2559 I System.out: 14 0,12632,472900344115,472900344115,0,472900804260,472900804520,472905114831,472905142011,472950344113,472900803560,16666666,472907728332,472907778472,472907832312,472908611612,472923151226,13644144,91740,472917138815,472923151226,472937521260,472908611612,
10-28 15:14:50.303  2542  2559 I System.out: 15 0,12666,472917010781,472917010781,0,472917595475,472917595665,472920544225,472920576005,472967010779,472917594655,16666666,472922928356,472923169356,472923219716,472923945066,472937819280,12906383,90910,472933810229,472937819280,472952952804,472923945066,
10-28 15:14:50.303  2542  2559 I System.out: 16 0,12697,472933677447,472933677447,0,472935424460,472935424920,472939066621,472939092391,472983677445,472935422790,16666666,472940479341,472940515971,472940566301,472941694831,472955578455,12811753,76380,472950478714,472955578455,472968732779,472941694831,
10-28 15:14:50.303  2542  2559 I System.out: 17 0,12720,472950344113,472950344113,0,472950787694,472950787984,472953111635,472953134535,473000344111,472950786964,16666666,472955051665,472955614865,472955687915,472956928746,472968992169,10966223,121860,472967139918,472968992169,472984930183,472956928746,
10-28 15:14:50.303  2542  2559 I System.out: 18 0,12755,472967010779,472967010779,0,472967199568,472967199908,472970386179,472970405139,473017010777,472967196848,16666666,472971935570,472971992340,472972052980,472973056540,472985551264,11536924,117410,472983814293,472985551264,473002287708,472973056540,
10-28 15:14:50.303  2542  2559 I System.out: 19 0,12791,472983677445,472983677445,0,472984159983,472984160383,472988014654,472988037874,473033677443,472984157843,16666666,472989413305,472989444495,472989499115,472990411035,473001856458,10475983,130140,473000439468,473001856458,473018834083,472990411035,
10-28 15:14:50.303  2542  2559 I System.out: 20 0,12806,473000344111,473000344111,0,473000519478,473000519668,473001150558,473001170698,473050344109,473000518938,16666666,473002172858,473002388078,473002443188,473002707208,473019120283,15482724,86560,473017124192,473019120283,473035869498,473002707208,
10-28 15:14:50.303  2542  2559 I System.out: 21 0,12822,473017010777,473017010777,0,473017200102,473017200552,473017899873,473017924793,473067010775,473017198692,16666666,473019230903,473019266223,473019308553,473019567983,473036089548,15453655,186000,473033775327,473036089548,473051664462,473019567983,
10-28 15:14:50.303  2542  2559 I System.out: 22 0,12836,473033677443,473033677443,0,473033847487,473033848027,473034454007,473034475377,473083677441,473033846137,16666666,473035590737,473036121838,473036179568,473036550208,473051901862,14270244,115280,473050448462,473051901862,473068245337,473036550208,
10-28 15:14:50.303  2542  2559 I System.out: 23 0,12851,473050344109,473050344109,0,473050493002,473050493412,473051087672,473051109632,473100344107,473050491912,16666666,473052062292,473052317842,473052367202,473052634282,473069237017,15517755,183110,473067111286,473069237017,473085903921,473052634282,
10-28 15:14:50.303  2542  2559 I System.out: 24 0,12866,473067010775,473067010775,0,473067246196,473067246696,473069810077,473069834317,473117010773,473067245106,16666666,473071168277,473071261747,473071324527,473071776957,473086097431,13545463,110510,473083770071,473086097431,473102573386,473071776957,
10-28 15:14:50.303  2542  2559 I System.out: 25 0,12888,473083677441,473083677441,0,473083834201,473083834461,473085587991,473085605201,473133677439,473083833191,16666666,473086671812,473086712272,473086761172,473087242852,473102817576,14673674,219400,473100462095,473102817576,473117957220,473087242852,
10-28 15:14:50.303  2542  2559 I System.out: 26 0,12897,473100344107,473100344107,0,473100524735,473100525085,473101399206,473101416776,473150344105,473100523785,16666666,473102493946,473102836926,473102882726,473103183346,473118143220,14247954,80180,473117092020,473118143220,473134975905,473103183346,
10-28 15:14:50.303  2542  2559 I System.out: 27 0,12911,473117010773,473117010773,0,473117222450,473117222870,473118066830,473118091560,473167010771,473117221140,16666666,473119408591,473119451811,473119495101,473119858301,473135543915,14832884,174120,473133763605,473135543915,473152254030,473119858301,
10-28 15:14:50.303  2542  2559 I System.out: 28 0,12926,473133677439,473133677439,0,473133865945,473133866485,473134363115,473134393955,473183677437,473133863115,16666666,473134472365,473135569845,473135613495,473136111215,473152790670,15729784,108140,473150471049,473152790670,0,473136111215,
10-28 15:14:50.303  2542  2559 I System.out: 29 0,12962,473150344105,473150344105,0,473150608149,473150608529,473151349960,473151373280,473200344103,473150606669,16666666,473153416370,473153470660,473153519100,473154017690,473168528144,13631693,92920,473154850701,473168528144,0,473154017690,
10-28 15:14:50.303  2542  2559 I System.out: 30 0,12978,473167010771,473167010771,0,473167180714,473167181174,473171262985,473171369275,473217010769,473167179124,16666666,473173447526,473173497476,473173575476,473174029116,473185232639,10318443,194060,473183786219,473185232639,0,473174029116,
10-28 15:14:50.303  2542  2559 I System.out: 31 0,13006,473183677437,473183677437,0,473183833699,473183834169,473184762019,473185258569,473233677435,473183832759,16666666,473185325989,473185376049,473185421399,473185858369,473201523874,14732815,89320,473200420093,473201523874,0,473185858369,
10-28 15:14:50.304  2542  2559 D Benchmark: Starting activity with command: am start  -W "intent:#Intent;action=android.intent.action.MAIN;category=android.intent.category.LAUNCHER;launchFlags=0x10008000;package=org.kaisipan.mobile;component=org.kaisipan.mobile/com.ustadmobile.port.android.view.AppActivity;end"
10-28 15:14:50.309  1493  1676 W MediaProvider: isAppCloneUserPair for user 0: false
10-28 15:14:50.310  1493  1676 V MediaProvider: Inserted id:1000000077 less than next row id backup:1000001000.
10-28 15:14:50.333   862   919 D SplashScreenView: Build android.window.SplashScreenView{ac6fde0 V.E...... ......ID 0,0-0,0}
10-28 15:14:50.333   862   919 D SplashScreenView: Icon: view: null drawable: null size: 0
10-28 15:14:50.333   862   919 D SplashScreenView: Branding: view: android.view.View{3548899 G.ED..... ......I. 0,0-0,0 #10204db android:id/splashscreen_branding_view} drawable: null size w: 0 h: 0
10-28 15:14:50.340  2633  2633 D AppActivity$onDestroy: AppActivity#onDestroy
10-28 15:14:50.342   584   947 W InputManager-JNI: Input channel object 'b480abe org.kaisipan.mobile/com.ustadmobile.port.android.view.AppActivity (client)' was disposed without first being removed with the input manager!
10-28 15:14:50.350   862  1304 W Parcel  : Expecting binder but got null!
10-28 15:14:50.350  2633  2633 W CustomTabsClient: Unable to find any Custom Tabs packages, you may need to add a <queries> element to your manifest. See the docs for CustomTabsClient#getPackageName.
10-28 15:14:50.350  2633  2633 W AppActivity$bindCustomTabsService: CustomTabs: Service NOT supported
10-28 15:14:50.355  2633  2633 D AutofillManager: Fill dialog is enabled:false, hints=[]
10-28 15:14:50.361  2633  2633 W OnBackInvokedCallback: OnBackInvokedCallback is not enabled for the application.
10-28 15:14:50.361  2633  2633 W OnBackInvokedCallback: Set 'android:enableOnBackInvokedCallback="true"' in the application manifest.
10-28 15:14:50.365   584   942 D ConnectivityService: requestNetwork for uid/pid:10126/2633 activeRequest: null callbackRequest: 62 [NetworkRequest [ REQUEST id=63, [ Capabilities: INTERNET&NOT_RESTRICTED&TRUSTED&NOT_VCN_MANAGED Uid: 10126 RequestorUid: 10126 RequestorPkg: org.kaisipan.mobile UnderlyingNetworks: Null] ]] callback flags: 0 order: 2147483647
10-28 15:14:50.366   584   808 D ConnectivityService: NetReassign [63 : null → 100]
10-28 15:14:50.366   584   801 D WifiNetworkFactory: got request NetworkRequest [ REQUEST id=63, [ Capabilities: INTERNET&NOT_RESTRICTED&TRUSTED&NOT_VCN_MANAGED Uid: 10126 RequestorUid: 10126 RequestorPkg: org.kaisipan.mobile UnderlyingNetworks: Null] ]
10-28 15:14:50.366   584   801 D UntrustedWifiNetworkFactory: got request NetworkRequest [ REQUEST id=63, [ Capabilities: INTERNET&NOT_RESTRICTED&TRUSTED&NOT_VCN_MANAGED Uid: 10126 RequestorUid: 10126 RequestorPkg: org.kaisipan.mobile UnderlyingNetworks: Null] ]
10-28 15:14:50.366   584   801 D OemPaidWifiNetworkFactory: got request NetworkRequest [ REQUEST id=63, [ Capabilities: INTERNET&NOT_RESTRICTED&TRUSTED&NOT_VCN_MANAGED Uid: 10126 RequestorUid: 10126 RequestorPkg: org.kaisipan.mobile UnderlyingNetworks: Null] ]
10-28 15:14:50.366   584   801 D MultiInternetWifiNetworkFactory: got request NetworkRequest [ REQUEST id=63, [ Capabilities: INTERNET&NOT_RESTRICTED&TRUSTED&NOT_VCN_MANAGED Uid: 10126 RequestorUid: 10126 RequestorPkg: org.kaisipan.mobile UnderlyingNetworks: Null] ]
10-28 15:14:50.377  2633  2690 W Parcel  : Expecting binder but got null!
10-28 15:14:50.381   584   604 I ActivityTaskManager: Displayed org.kaisipan.mobile/com.ustadmobile.port.android.view.AppActivity: +48ms
10-28 15:14:50.383  2633  2633 D UstadViewModelFunKt$ustadViewModel$viewModel$invoke: ustadViewModel(): create viewmodel for: com.ustadmobile.core.viewmodel.redirect.RedirectViewModel
10-28 15:14:50.383  2633  2633 I System.out: com.ustadmobile.core.db.UmAppDatabase_DoorWrapper@229d481
10-28 15:14:50.386  2633  2633 D UstadNavControllerPreCompose$onCollectNavCommand: NavCommandEffect: Navigate: Go to Login
10-28 15:14:50.387   424   463 W TransactionTracing: Could not find layer handle 0x70693503f830
10-28 15:14:50.394  2633  2633 D UstadViewModelFunKt$ustadViewModel$viewModel$invoke: ustadViewModel(): create viewmodel for: com.ustadmobile.core.viewmodel.login.LoginViewModel
10-28 15:14:50.401  2542  2559 D Benchmark: Result: Starting: Intent { act=android.intent.action.MAIN cat=[android.intent.category.LAUNCHER] flg=0x10008000 pkg=org.kaisipan.mobile cmp=org.kaisipan.mobile/com.ustadmobile.port.android.view.AppActivity }
10-28 15:14:50.401  2542  2559 D Benchmark: Status: ok
10-28 15:14:50.401  2542  2559 D Benchmark: LaunchState: WARM
10-28 15:14:50.401  2542  2559 D Benchmark: Activity: org.kaisipan.mobile/com.ustadmobile.port.android.view.AppActivity
10-28 15:14:50.401  2542  2559 D Benchmark: TotalTime: 48
10-28 15:14:50.401  2542  2559 D Benchmark: WaitTime: 49
10-28 15:14:50.401  2542  2559 D Benchmark: Complete
10-28 15:14:50.402  2633  2744 V UstadCache: OKHttp-CacheInterceptor:  intercept: GET https://oer.kaisipan.org/v2/Site/verify
10-28 15:14:50.402  2633  2744 I UstadCache: UstadCache(): Retrieve https://oer.kaisipan.org/v2/Site/verify
10-28 15:14:50.402  2633  2744 D UstadCache: UstadCache(): FOUND https://oer.kaisipan.org/v2/Site/verify
10-28 15:14:50.414  2633  2744 D TrafficStats: tagSocket(99) with statsTag=0xffffffff, statsUid=-1
10-28 15:14:50.417  1493  2742 W MediaProvider: isAppCloneUserPair for user 0: false
10-28 15:14:50.418  1493  2742 V MediaProvider: Inserted id:1000000078 less than next row id backup:1000001000.
10-28 15:14:50.483  2542  2559 I System.out: 0 Flags,FrameTimelineVsyncId,IntendedVsync,Vsync,InputEventId,HandleInputStart,AnimationStart,PerformTraversalsStart,DrawStart,FrameDeadline,FrameInterval,FrameStartTime,SyncQueued,SyncStart,IssueDrawCommandsStart,SwapBuffers,FrameCompleted,DequeueBufferDuration,QueueBufferDuration,GpuCompleted,SwapBuffersCompleted,DisplayPresentTime,CommandSubmissionCompleted,
10-28 15:14:50.483  2542  2559 I System.out: 1 1,13289,497200343143,497217009809,0,497217995575,497217995825,497218092765,497239592071,497217009809,497217994025,16666666,497240215671,497240396671,497240503311,497240693081,497249360423,2320,101870,497249360423,497241208011,-2,497240693081,
10-28 15:14:50.483  2542  2559 I System.out: 2 0,13361,497233676475,497233676475,0,497244354122,497244354452,497248347053,497248368193,497267009807,497244352352,16666666,497248782323,497248816823,497248852273,497248969843,497250496424,2910,100410,497250496424,497249404853,448052969448,497248969843,
10-28 15:14:50.483  2542  2559 I System.out: 3 0,13397,497250343141,497250343141,0,497255059565,497255059875,497279507982,497279532552,497283676473,497255057475,16666666,497290379875,497290569025,497290654815,497290750485,497291378135,2850,171980,497291340655,497291378135,448103699052,497290750485,
10-28 15:14:50.483  2542  2559 I System.out: 4 0,13440,497267009807,497283676473,0,497292808635,497292808975,497304851309,497304873479,497317009805,497292807055,16666666,497312949281,497313004671,497313042811,497313415251,497317098082,1620,75150,497317098082,497314001901,448137881242,497313415251,
10-28 15:14:50.483  2542  2559 I System.out: 5 0,13513,497300343139,497300343139,0,497314563741,497314564021,497315831622,497315848432,497317009805,497314562631,16666666,497316735242,497316753002,497316784882,497317454242,448138103772,2651111,64870,448133801371,497320563663,448152529216,497317454242,
10-28 15:14:50.484  2542  2559 D UiDevice: Waiting 10000ms for SearchCondition[hasObject=BySelector [TEXT='\QGet Started\E']].
10-28 15:14:50.484  2542  2559 D UiDevice: Searching for node with selector: BySelector [TEXT='\QGet Started\E'].
10-28 15:14:50.524  2633  2744 D UstadCache: OKHttp-CacheInterceptor:  MISS(invalid) https://oer.kaisipan.org/v2/Site/verify
10-28 15:14:50.524  2633  2744 D UstadCache: OKHttp-CacheInterceptor:  newCacheAndStoreResponse: GET https://oer.kaisipan.org/v2/Site/verify 200 ()
10-28 15:14:50.526  2633  2744 V UstadCache: OKHttp-CacheInterceptor:  https://oer.kaisipan.org/v2/Site/verify MISS(invalid) can store/update 200  (contentType=application/json; charset=UTF-8, content-encoding=null content-length=177)
10-28 15:14:50.529  2633  2754 D UstadCache: UstadCache(): storerequest 1 entries
10-28 15:14:50.530  2633  2754 V UstadCache: UstadCache(): copied request data for https://oer.kaisipan.org/v2/Site/verify to /data/user/0/org.kaisipan.mobile/files/httpfiles/tmpwork/10.tmp (integrity=sha256-+Gj5X+R/uXuHkt8sVDRb99IojGPQMF8H9XLmkpGzlgU=)
10-28 15:14:50.530  2633  2754 V UstadCache: UstadCache(): cacheEntries created 1 entries
10-28 15:14:50.531  2633  2754 D UstadCache: UstadCache(): deleting 1 tmp files
10-28 15:14:50.531  2633  2754 D UstadCache: UstadCache(): db transaction completed
